000
CXUS55 KDVN 011100
CF6CID
PRELIMINARY LOCAL CLIMATOLOGICAL DATA (WS FORM: F-6)
STATION: CEDAR RAPIDS IA
MONTH: NOVEMBER
YEAR: 2021
LATITUDE: 41 52 N
LONGITUDE: 91 42 W
TEMPERATURE IN F: :PCPN: SNOW: WIND :SUNSHINE: SKY :PK WND
================================================================================
1 2 3 4 5 6A 6B 7 8 9 10 11 12 13 14 15 16 17 18
12Z AVG MX 2MIN
DY MAX MIN AVG DEP HDD CDD WTR SNW DPTH SPD SPD DIR MIN PSBL S-S WX SPD DR
================================================================================
1 47 24 36 -8 29 0 0.00 M M 9.1 22 300 M M 1 28 310
2 47 21 34 -9 31 0 0.00 M M 7.6 17 300 M M 2 26 320
3 45 20 33 -10 32 0 0.00 M M 3.8 9 240 M M 3 13 210
4 53 33 43 1 22 0 0.00 M M 8.1 20 230 M M 7 25 230
5 54 32 43 1 22 0 0.00 M M 13.3 24 190 M M 1 34 180
6 62 36 49 8 16 0 0.00 M M 9.5 17 200 M M 0 22 200
7 67 41 54 13 11 0 0.00 M M 11.0 22 190 M M 0 32 190
8 66 41 54 14 11 0 0.00 M M 6.8 16 40 M M 2 8 24 20
9 60 40 50 10 15 0 0.00 M M 9.6 18 30 M M 3 8 24 40
10 55 36 46 7 19 0 0.49 M M 12.2 24 140 M M 5 13 34 170
11 53 34 44 5 21 0 0.27 M M 18.8 37 250 M M 8 1 48 260
12 35 32 34 -4 31 0 T M M 19.7 30 290 M M 10 18 39 290
13 35 31 33 -5 32 0 T M M 13.8 22 290 M M 10 1 29 210
14 40 25 33 -5 32 0 0.00 M M 17.9 36 300 M M 8 50 310
15 39 26 33 -4 32 0 0.00 M M 8.4 16 90 M M 6 21 100
16 53 27 40 3 25 0 0.00 M M 12.2 22 150 M M 0 1 33 130
17 49 27 38 2 27 0 0.00 M M 14.4 26 310 M M 1 1 34 290
18 32 18 25 -11 40 0 T M M 15.0 29 290 M M 4 39 290
19 40 14 27 -8 38 0 0.00 M M 10.3 21 150 M M 0 29 140
20 54 36 45 10 20 0 0.00 M M 8.3 15 230 M M 2 20 240
21 52 21 37 3 28 0 T M M 15.6 36 320 M M 4 1 46 340
22 33 13 23 -11 42 0 0.00 M M 6.1 14 260 M M 0 19 250
23 51 18 35 1 30 0 0.00 M M 13.1 22 170 M M 0 33 170
24 56 35 46 13 19 0 0.00 M M 15.1 25 330 M M 1 35 340
25 35 9 22 -11 43 0 0.00 M M 17.0 26 310 M M 5 35 330
26 37 8 23 -9 42 0 0.00 M M 8.4 17 160 M M 3 23 170
27 56 24 40 8 25 0 0.01 M M 10.6 25 300 M M 2 33 280
28 41 20 31 0 34 0 0.00 M M 9.6 20 320 M M 0 29 320
29 55 25 40 9 25 0 0.00 M M 11.2 23 180 M M 3 29 180
30 54 26 40 9 25 0 0.00 M M 7.0 15 330 M M 1 19 330
================================================================================
SM 1456 793 819 0 0.77 M 343.5 M 92
================================================================================
AV 48.5 26.4 11.5 FASTST M M 3 MAX(MPH)
MISC ----> 37 250 50 310
================================================================================
NOTES:
# LAST OF SEVERAL OCCURRENCES
COLUMN 17 PEAK WIND IN M.P.H.
PRELIMINARY LOCAL CLIMATOLOGICAL DATA (WS FORM: F-6) , PAGE 2
STATION: CEDAR RAPIDS IA
MONTH: NOVEMBER
YEAR: 2021
LATITUDE: 41 52 N
LONGITUDE: 91 42 W
[TEMPERATURE DATA] [PRECIPITATION DATA] SYMBOLS USED IN COLUMN 16
AVERAGE MONTHLY: 37.5 TOTAL FOR MONTH: 0.77 1 = FOG OR MIST
DPTR FM NORMAL: 0.5 DPTR FM NORMAL: -1.23 2 = FOG REDUCING VISIBILITY
HIGHEST: 67 ON 7 GRTST 24HR 0.76 ON 10-11 TO 1/4 MILE OR LESS
LOWEST: 8 ON 26 3 = THUNDER
SNOW, ICE PELLETS, HAIL 4 = ICE PELLETS
TOTAL MONTH: M 5 = HAIL
GRTST 24HR M ON M 6 = FREEZING RAIN OR DRIZZLE
GRTST DEPTH: M ON M 7 = DUSTSTORM OR SANDSTORM:
VSBY 1/2 MILE OR LESS
8 = SMOKE OR HAZE
[NO. OF DAYS WITH] [WEATHER - DAYS WITH] 9 = BLOWING SNOW
X = TORNADO
MAX 32 OR BELOW: 1 0.01 INCH OR MORE: 3
MAX 90 OR ABOVE: 0 0.10 INCH OR MORE: 2
MIN 32 OR BELOW: 21 0.50 INCH OR MORE: 0
MIN 0 OR BELOW: 0 1.00 INCH OR MORE: 0
[HDD (BASE 65) ]
TOTAL THIS MO. 819 CLEAR (SCALE 0-3) 18
DPTR FM NORMAL -23 PTCLDY (SCALE 4-7) 9
TOTAL FM JUL 1 1177 CLOUDY (SCALE 8-10) 3
DPTR FM NORMAL -264
[CDD (BASE 65) ]
TOTAL THIS MO. 0
DPTR FM NORMAL 0 [PRESSURE DATA]
TOTAL FM JAN 1 971 HIGHEST SLP 30.50 ON 19
DPTR FM NORMAL 215 LOWEST SLP 29.50 ON 11
[REMARKS]
#FINAL-11-21#