000
CXUS51 KCLE 021533
CLSCLE
CLIMATE REPORT
NATIONAL WEATHER SERVICE CLEVELAND, OH
1033 AM EST THU MAR 02 2023
...................................
...THE CLEVELAND OH CLIMATE SUMMARY FOR THE SEASON, FROM
12/1/2022 TO 2/28/2023...
CLIMATE NORMAL PERIOD 1991 TO 2020
CLIMATE RECORD PERIOD 1871 TO 2023
WEATHER OBSERVED NORMAL DEPART
VALUE DATE(S) VALUE FROM
NORMAL
................................................
TEMPERATURE (F)
RECORD
HIGH 77 12/03/1982
LOW -20 01/19/1994
HIGHEST 68 02/09
02/15
LOWEST -4 12/23
AVG. MAXIMUM 43.5 38.2 5.3
AVG. MINIMUM 29.5 24.8 4.7
MEAN 36.5 31.5 5.0
DAYS MAX >= 90 0 0.0
DAYS MAX <= 32 12 31.9
DAYS MIN <= 32 58 71.4
DAYS MIN <= 0 2 2.7
PRECIPITATION (INCHES)
RECORD
MAXIMUM 14.95 1950
MINIMUM 3.27 1901
TOTALS 9.57 8.47 1.10
DAYS >= .01 41 47.9
DAYS >= .10 17 22.6
DAYS >= .50 7 4.1
DAYS >= 1.00 3 0.8
SNOWFALL (INCHES)
RECORDS
TOTAL 82.8 2003
TOTALS 16.9 45.7
DAYS >= TRACE 35
DAYS >= 1.0 5 13.9
DEGREE DAYS
HEATING TOTAL 2552 3015 -463
COOLING TOTAL 0 0 0
................................................
WIND (MPH)
HIGHEST GUST SPEED/DIRECTION 55/290 DATE 12/03
SKY COVER
POSSIBLE SUNSHINE (PERCENT) MM
AVERAGE SKY COVER 0.81
NUMBER OF DAYS FAIR 4
NUMBER OF DAYS PC 20
NUMBER OF DAYS CLOUDY 66
WEATHER CONDITIONS. NUMBER OF DAYS WITH
THUNDERSTORM 1 MIXED PRECIP 0
HEAVY RAIN 4 RAIN 10
LIGHT RAIN 39 FREEZING RAIN 1
LT FREEZING RAIN 2 HAIL 0
HEAVY SNOW 2 SNOW 5
LIGHT SNOW 34 SLEET 2
FOG 36 FOG W/VIS <= 1/4 MILE 3
HAZE 14
- INDICATES NEGATIVE NUMBERS.
R INDICATES RECORD WAS SET OR TIED.
MM INDICATES DATA IS MISSING.
T INDICATES TRACE AMOUNT.
$$