000
CXUS56 KLOX 011155
CF6CMA
PRELIMINARY LOCAL CLIMATOLOGICAL DATA (WS FORM: F-6)
STATION: CAMARILLO AIRPORT CA
MONTH: MAY
YEAR: 2022
LATITUDE: 34 12 N
LONGITUDE: 119 6 W
TEMPERATURE IN F: :PCPN: SNOW: WIND :SUNSHINE: SKY :PK WND
================================================================================
1 2 3 4 5 6A 6B 7 8 9 10 11 12 13 14 15 16 17 18
12Z AVG MX 2MIN
DY MAX MIN AVG DEP HDD CDD WTR SNW DPTH SPD SPD DIR MIN PSBL S-S WX SPD DR
================================================================================
1 68 51 60 -1 5 0 0.00 M M 5.6 14 220 M M 1 18 22 240
2 70 50 60 -1 5 0 0.00 M M 4.1 15 240 M M 3 18 22 260
3 70 52 61 0 4 0 0.00 M M 5.3 16 260 M M 3 8 22 250
4 73 50 62 1 3 0 0.00 M M 4.7 14 270 M M 0 18 24 270
5 69 52 61 0 4 0 0.00 M M 4.4 14 240 M M 5 128 20 220
6 73 51 62 0 3 0 0.00 M M 4.8 14 230 M M 0 18 20 230
7 70 52 61 -1 4 0 0.00 M M 5.6 16 240 M M 0 18 25 190
8 68 52 60 -2 5 0 0.00 M M 8.1 21 260 M M 1 18 27 260
9 67 47 57 -5 8 0 0.00 M M 8.7 22 280 M M 0 27 250
10 67 43 55 -7 10 0 0.00 M M 9.0 26 280 M M 0 34 260
11 67 41 54 -8 11 0 0.00 M M 6.6 21 260 M M 0 26 270
12 78 45 62 0 3 0 0.00 M M 8.9 23 270 M M 0 30 280
13 89 51 70 8 0 5 0.00 M M 5.8 18 270 M M 0 24 280
14 83 52 68 6 0 3 0.00 M M 4.8 13 220 M M 0 19 230
15 77 53 65 3 0 0 0.00 M M 5.5 26 240 M M 0 18 37 240
16 69 51 60 -2 5 0 0.00 M M 5.5 14 240 M M 2 18 22 240
17 68 50 59 -3 6 0 0.00 M M 5.7 15 220 M M 1 18 20 230
18 70 49 60 -2 5 0 T M M 4.9 15 220 M M 1 18 20 200
19 65 55 60 -2 5 0 0.00 M M 4.6 12 210 M M 10 18 17 200
20 67 59 63 0 2 0 0.00 M M 4.5 13 220 M M 10 18 18 240
21 71 55 63 0 2 0 0.00 M M 5.3 15 240 M M 4 18 22 240
22 69 50 60 -3 5 0 0.00 M M 4.9 14 270 M M 1 18 21 230
23 68 50 59 -4 6 0 0.00 M M 4.4 14 220 M M 4 18 23 230
24 71 59 65 2 0 0 0.00 M M 4.5 12 260 M M 7 18 17 250
25 70 59 65 2 0 0 0.00 M M 6.0 15 230 M M 7 18 24 230
26 69 59 64 1 1 0 0.00 M M 5.9 14 230 M M 7 18 20 230
27 71 56 64 1 1 0 0.00 M M 5.7 15 260 M M 6 25 190
28 69 52 61 -2 4 0 0.00 M M 6.1 15 220 M M 4 22 260
29 75 52 64 1 1 0 0.00 M M 5.4 14 240 M M 0 8 22 240
30 72 53 63 -1 2 0 0.00 M M 6.3 14 230 M M 0 18 22 240
31 72 49 61 -3 4 0 0.00 M M 5.3 15 220 M M 0 18 21 220
================================================================================
SM 2205 1600 114 8 T M 176.9 M 77
================================================================================
AV 71.1 51.6 5.7 FASTST M M 2 MAX(MPH)
MISC ----> # 26 280 37 240
================================================================================
NOTES:
# LAST OF SEVERAL OCCURRENCES
COLUMN 17 PEAK WIND IN M.P.H.
PRELIMINARY LOCAL CLIMATOLOGICAL DATA (WS FORM: F-6) , PAGE 2
STATION: CAMARILLO AIRPORT CA
MONTH: MAY
YEAR: 2022
LATITUDE: 34 12 N
LONGITUDE: 119 6 W
[TEMPERATURE DATA] [PRECIPITATION DATA] SYMBOLS USED IN COLUMN 16
AVERAGE MONTHLY: 61.4 TOTAL FOR MONTH: T 1 = FOG OR MIST
DPTR FM NORMAL: -0.9 DPTR FM NORMAL: -0.33 2 = FOG REDUCING VISIBILITY
HIGHEST: 89 ON 13 GRTST 24HR T ON 14-14 TO 1/4 MILE OR LESS
LOWEST: 41 ON 11 3 = THUNDER
SNOW, ICE PELLETS, HAIL 4 = ICE PELLETS
TOTAL MONTH: M 5 = HAIL
GRTST 24HR M ON M 6 = FREEZING RAIN OR DRIZZLE
GRTST DEPTH: M ON M 7 = DUSTSTORM OR SANDSTORM:
VSBY 1/2 MILE OR LESS
8 = SMOKE OR HAZE
[NO. OF DAYS WITH] [WEATHER - DAYS WITH] 9 = BLOWING SNOW
X = TORNADO
MAX 32 OR BELOW: 0 0.01 INCH OR MORE: 0
MAX 90 OR ABOVE: 0 0.10 INCH OR MORE: 0
MIN 32 OR BELOW: 0 0.50 INCH OR MORE: 0
MIN 0 OR BELOW: 0 1.00 INCH OR MORE: 0
[HDD (BASE 65) ]
TOTAL THIS MO. 114 CLEAR (SCALE 0-3) 21
DPTR FM NORMAL 11 PTCLDY (SCALE 4-7) 8
TOTAL FM JUL 1 1528 CLOUDY (SCALE 8-10) 2
DPTR FM NORMAL 2
[CDD (BASE 65) ]
TOTAL THIS MO. 8
DPTR FM NORMAL -12 [PRESSURE DATA]
TOTAL FM JAN 1 69 HIGHEST SLP 30.21 ON 12
DPTR FM NORMAL 9 LOWEST SLP 29.78 ON 30
[REMARKS]
#FINAL-05-22#