000
CXUS56 KLOX 011155
CF6CMA
PRELIMINARY LOCAL CLIMATOLOGICAL DATA (WS FORM: F-6)
STATION: CAMARILLO AIRPORT CA
MONTH: MARCH
YEAR: 2022
LATITUDE: 34 12 N
LONGITUDE: 119 6 W
TEMPERATURE IN F: :PCPN: SNOW: WIND :SUNSHINE: SKY :PK WND
================================================================================
1 2 3 4 5 6A 6B 7 8 9 10 11 12 13 14 15 16 17 18
12Z AVG MX 2MIN
DY MAX MIN AVG DEP HDD CDD WTR SNW DPTH SPD SPD DIR MIN PSBL S-S WX SPD DR
================================================================================
1 90 44 67 10 0 2 0.00 M M 5.6 17 260 M M 0 22 300
2 77 43 60 3 5 0 0.00 M M 4.2 13 230 M M 0 16 240
3 67 42 55 -2 10 0 0.00 M M 6.1 23 200 M M 2 18 32 220
4 66 48 57 0 8 0 0.00 M M 8.7 26 270 M M 3 35 260
5 61 42 52 -5 13 0 0.00 M M 15.7 33 280 M M 2 44 260
6 60 35 48 -9 17 0 0.00 M M 4.8 15 200 M M 0 20 220
7 72 36 54 -3 11 0 0.00 M M 8.2 29 70 M M 0 37 60
8 74 40 57 0 8 0 0.00 M M 9.8 25 70 M M 0 8 32 110
9 65 37 51 -6 14 0 0.00 M M 5.1 15 230 M M 0 18 22 210
10 66 41 54 -4 11 0 0.00 M M 5.6 17 80 M M 0 18 23 70
11 77 44 61 3 4 0 0.00 M M 13.6 31 80 M M 0 40 70
12 77 39 58 0 7 0 0.00 M M 4.8 17 270 M M 0 22 270
13 68 40 54 -4 11 0 0.00 M M 4.9 13 210 M M 0 19 210
14 69 43 56 -2 9 0 0.00 M M 5.1 10 260 M M 0 M M
15 72 44 58 0 7 0 0.00 M M 3.1 9 270 M M 0 M M
16 74 43 59 1 6 0 0.00 M M 4.5 12 250 M M 0 8 M M
17 82 46 64 6 1 0 0.00 M M 5.2 17 280 M M 0 8 17 280
18 75 41 58 0 7 0 0.00 M M 5.2 12 230 M M 0 8 M M
19 64 48 56 -2 9 0 0.01 M M 6.9 15 250 M M 4 18 M M
20 72 47 60 2 5 0 T M M 6.9 23 280 M M 1 18 36 280
21 77 43 60 2 5 0 0.00 M M 5.3 17 280 M M 0 22 290
22 90 49 70 12 0 5 0.00 M M 8.6 28 80 M M 0 34 80
23 80 50 65 7 0 0 0.00 M M 4.8 16 240 M M 0 20 240
24 76 47 62 3 3 0 0.00 M M 3.4 12 230 M M 0 18 16 240
25 71 48 60 1 5 0 0.00 M M 4.3 13 270 M M 4 128 17 250
26 65 52 59 0 6 0 0.00 M M 4.4 14 220 M M 7 128 M M
27 68 54 61 2 4 0 0.02 M M 7.0 20 200 M M 7 18 30 200
28 63 52 58 -1 7 0 1.21 M M 7.7 15 20 M M 9 128 27 40
29 65 49 57 -2 8 0 T M M 5.5 16 270 M M 2 22 270
30 66 51 59 0 6 0 0.00 M M 4.7 13 260 M M 4 18 23 250
31 66 52 59 0 6 0 T M M 4.8 14 230 M M 6 18 19 250
================================================================================
SM 2215 1390 213 7 1.24 M 194.5 M 51
================================================================================
AV 71.5 44.8 6.3 FASTST M M 2 MAX(MPH)
MISC ----> 33 280 44 260
================================================================================
NOTES:
# LAST OF SEVERAL OCCURRENCES
COLUMN 17 PEAK WIND IN M.P.H.
PRELIMINARY LOCAL CLIMATOLOGICAL DATA (WS FORM: F-6) , PAGE 2
STATION: CAMARILLO AIRPORT CA
MONTH: MARCH
YEAR: 2022
LATITUDE: 34 12 N
LONGITUDE: 119 6 W
[TEMPERATURE DATA] [PRECIPITATION DATA] SYMBOLS USED IN COLUMN 16
AVERAGE MONTHLY: 58.1 TOTAL FOR MONTH: 1.24 1 = FOG OR MIST
DPTR FM NORMAL: 0.1 DPTR FM NORMAL: -0.76 2 = FOG REDUCING VISIBILITY
HIGHEST: 90 ON 22, 1 GRTST 24HR 1.23 ON 27-28 TO 1/4 MILE OR LESS
LOWEST: 35 ON 6 3 = THUNDER
SNOW, ICE PELLETS, HAIL 4 = ICE PELLETS
TOTAL MONTH: M 5 = HAIL
GRTST 24HR M ON M 6 = FREEZING RAIN OR DRIZZLE
GRTST DEPTH: M ON M 7 = DUSTSTORM OR SANDSTORM:
VSBY 1/2 MILE OR LESS
8 = SMOKE OR HAZE
[NO. OF DAYS WITH] [WEATHER - DAYS WITH] 9 = BLOWING SNOW
X = TORNADO
MAX 32 OR BELOW: 0 0.01 INCH OR MORE: 3
MAX 90 OR ABOVE: 2 0.10 INCH OR MORE: 1
MIN 32 OR BELOW: 0 0.50 INCH OR MORE: 1
MIN 0 OR BELOW: 0 1.00 INCH OR MORE: 1
[HDD (BASE 65) ]
TOTAL THIS MO. 213 CLEAR (SCALE 0-3) 24
DPTR FM NORMAL -13 PTCLDY (SCALE 4-7) 6
TOTAL FM JUL 1 1269 CLOUDY (SCALE 8-10) 1
DPTR FM NORMAL 7
[CDD (BASE 65) ]
TOTAL THIS MO. 7
DPTR FM NORMAL 0 [PRESSURE DATA]
TOTAL FM JAN 1 29 HIGHEST SLP 30.34 ON 11
DPTR FM NORMAL 3 LOWEST SLP 29.76 ON 28
[REMARKS]
#FINAL-03-22#