000
CXUS53 KILX 011000
CF6CMI
PRELIMINARY LOCAL CLIMATOLOGICAL DATA (WS FORM: F-6)
STATION: CHAMPAIGN IL AIRPORT
MONTH: DECEMBER
YEAR: 2021
LATITUDE: 40 1 N
LONGITUDE: 88 17 W
TEMPERATURE IN F: :PCPN: SNOW: WIND :SUNSHINE: SKY :PK WND
================================================================================
1 2 3 4 5 6A 6B 7 8 9 10 11 12 13 14 15 16 17 18
12Z AVG MX 2MIN
DY MAX MIN AVG DEP HDD CDD WTR SNW DPTH SPD SPD DIR MIN PSBL S-S WX SPD DR
================================================================================
1 50 34 42 6 23 0 0.27 M M 8.5 18 140 M M 6 1 26 140
2 61 36 49 13 16 0 0.00 M M 10.5 20 290 M M 1 26 220
3 59 33 46 11 19 0 0.00 M M 8.6 14 110 M M 0 19 120
4 48 31 40 5 25 0 0.00 M M 9.7 17 20 M M 1 18 23 20
5 56 31 44 9 21 0 0.23 M M 14.6 22 330 M M 7 1 30 330
6 45 19 32 -2 33 0 0.00 M M 19.6 31 290 M M 2 41 300
7 26 16 21 -13 44 0 0.00 M M 7.6 13 180 M M 5 17 330
8 40 22 31 -3 34 0 0.00 M M 9.8 21 290 M M 2 27 290
9 54 25 40 7 25 0 0.00 M M 13.5 32 180 M M 1 12 42 160
10 64 35 50 17 15 0 0.62 M M 12.5 37 210 M M 10 123 52 220
11 63 32 48 15 17 0 T M M 21.8 40 250 M M 4 56 260
12 49 30 40 8 25 0 0.00 M M 14.2 23 210 M M 0 30 200
13 52 31 42 10 23 0 0.00 M M 9.3 15 210 M M 0 19 210
14 55 32 44 12 21 0 0.02 M M 12.1 23 160 M M 5 1 32 160
15 63 52 58 27 7 0 T M M 23.3 37 190 M M 10 1 50 170
16 63 27 45 14 20 0 0.07 M M 16.3 37 190 M M 4 1 50 200
17 37 25 31 0 34 0 0.05 M M 8.6 16 80 M M 5 1 21 70
18 38 28 33 2 32 0 0.24 M M 11.4 20 330 M M 9 1 27 340
19 39 23 31 1 34 0 0.00 M M 6.2 13 170 M M 1 16 170
20 42 25 34 4 31 0 0.00 M M 10.1 21 220 M M 0 18 26 210
21 45 24 35 5 30 0 0.00 M M 10.9 25 300 M M 0 12 35 300
22 34 21 28 -2 37 0 0.00 M M 10.3 21 300 M M 1 29 300
23 51 29 40 11 25 0 0.00 M M 14.4 29 200 M M 1 8 36 190
24 61 43 52 23 13 0 T M M 17.9 26 180 M M 6 36 170
25 61 45 53 24 12 0 0.07 M M 9.3 22 210 M M 10 12 30 200
26 49 43 46 17 19 0 0.01 M M 12.0 28 110 M M 7 18 37 110
27 60 36 48 20 17 0 0.00 M M 12.0 25 300 M M 5 1 33 290
28 43 35 39 11 26 0 0.60 M M 9.2 23 100 M M 8 12 30 100
29 43 35 39 11 26 0 0.02 M M 9.4 15 50 M M 10 1 21 30
30 45 34 40 12 25 0 T M M 7.1 14 50 M M 10 12 19 50
31 54 43 49 21 16 0 0.00 M M 8.7 21 340 M M 9 12 26 340
================================================================================
SM 1550 975 745 0 2.20 M 369.4 M 140
================================================================================
AV 50.0 31.5 11.9 FASTST M M 5 MAX(MPH)
MISC ----> 40 250 56 260
================================================================================
NOTES:
# LAST OF SEVERAL OCCURRENCES
COLUMN 17 PEAK WIND IN M.P.H.
PRELIMINARY LOCAL CLIMATOLOGICAL DATA (WS FORM: F-6) , PAGE 2
STATION: CHAMPAIGN IL AIRPORT
MONTH: DECEMBER
YEAR: 2021
LATITUDE: 40 1 N
LONGITUDE: 88 17 W
[TEMPERATURE DATA] [PRECIPITATION DATA] SYMBOLS USED IN COLUMN 16
AVERAGE MONTHLY: 40.7 TOTAL FOR MONTH: 2.20 1 = FOG OR MIST
DPTR FM NORMAL: 9.4 DPTR FM NORMAL: 0.06 2 = FOG REDUCING VISIBILITY
HIGHEST: 64 ON 10 GRTST 24HR 0.62 ON 10-10 TO 1/4 MILE OR LESS
LOWEST: 16 ON 7 3 = THUNDER
SNOW, ICE PELLETS, HAIL 4 = ICE PELLETS
TOTAL MONTH: M 5 = HAIL
GRTST 24HR M ON M 6 = FREEZING RAIN OR DRIZZLE
GRTST DEPTH: M ON M 7 = DUSTSTORM OR SANDSTORM:
VSBY 1/2 MILE OR LESS
8 = SMOKE OR HAZE
[NO. OF DAYS WITH] [WEATHER - DAYS WITH] 9 = BLOWING SNOW
X = TORNADO
MAX 32 OR BELOW: 1 0.01 INCH OR MORE: 11
MAX 90 OR ABOVE: 0 0.10 INCH OR MORE: 5
MIN 32 OR BELOW: 18 0.50 INCH OR MORE: 2
MIN 0 OR BELOW: 0 1.00 INCH OR MORE: 0
[HDD (BASE 65) ]
TOTAL THIS MO. 745 CLEAR (SCALE 0-3) 13
DPTR FM NORMAL -298 PTCLDY (SCALE 4-7) 10
TOTAL FM JUL 1 1729 CLOUDY (SCALE 8-10) 8
DPTR FM NORMAL -418
[CDD (BASE 65) ]
TOTAL THIS MO. 0
DPTR FM NORMAL 0 [PRESSURE DATA]
TOTAL FM JAN 1 1277 HIGHEST SLP 30.41 ON 19
DPTR FM NORMAL 223 LOWEST SLP 29.34 ON 11
[REMARKS]
#FINAL-12-21#