000
CXUS53 KILX 010900
CF6CMI
PRELIMINARY LOCAL CLIMATOLOGICAL DATA (WS FORM: F-6)
STATION: CHAMPAIGN IL AIRPORT
MONTH: SEPTEMBER
YEAR: 2021
LATITUDE: 40 1 N
LONGITUDE: 88 17 W
TEMPERATURE IN F: :PCPN: SNOW: WIND :SUNSHINE: SKY :PK WND
================================================================================
1 2 3 4 5 6A 6B 7 8 9 10 11 12 13 14 15 16 17 18
12Z AVG MX 2MIN
DY MAX MIN AVG DEP HDD CDD WTR SNW DPTH SPD SPD DIR MIN PSBL S-S WX SPD DR
================================================================================
1 80 63 72 1 0 7 T M M 10.4 17 40 M M 3 30 30
2 78 59 69 -2 0 4 0.00 M M 5.8 10 100 M M 1 16 60
3 76 56 66 -4 0 1 0.03 M M 5.9 12 110 M M 3 1 16 150
4 73 64 69 -1 0 4 0.29 M M 6.9 14 190 M M 9 1 19 200
5 82 56 69 -1 0 4 0.00 M M 5.8 12 320 M M 1 1 20 340
6 86 56 71 1 0 6 0.00 M M 8.0 16 250 M M 2 23 270
7 87 63 75 5 0 10 1.01 M M 11.9 28 210 M M 3 123 39 210
8 81 56 69 0 0 4 0.00 M M 7.6 17 310 M M 1 27 290
9 79 51 65 -4 0 0 0.00 M M 3.7 13 320 M M 1 18 320
10 81 51 66 -3 0 1 0.00 M M 4.6 12 190 M M 0 1 17 170
11 85 65 75 6 0 10 0.00 M M 11.2 18 200 M M 2 27 200
12 88 65 77 9 0 12 0.00 M M 11.9 21 210 M M 0 30 210
13 89 64 77 9 0 12 0.00 M M 8.9 18 210 M M 0 18 27 200
14 91 69 80 12 0 15 0.00 M M 10.8 21 220 M M 2 30 220
15 81 58 70 3 0 5 0.00 M M 5.7 12 10 M M 1 19 30
16 85 54 70 3 0 5 0.00 M M 5.5 12 170 M M 0 8 20 110
17 90 62 76 9 0 11 0.00 M M 4.1 9 230 M M 2 18 14 190
18 91 62 77 11 0 12 0.00 M M 4.5 10 30 M M 1 8 15 50
19 92 63 78 12 0 13 T M M 7.8 17 140 M M 1 1 26 130
20 87 70 79 13 0 14 0.23 M M 11.6 20 160 M M 7 1 27 170
21 73 59 66 1 0 1 0.99 M M 8.5 22 260 M M 10 1 34 280
22 64 47 56 -9 9 0 0.36 M M 9.2 17 350 M M 7 1 28 350
23 70 44 57 -8 8 0 0.00 M M 9.8 23 300 M M 0 35 310
24 80 44 62 -2 3 0 0.04 M M 11.0 20 190 M M 1 18 30 200
25 72 46 59 -5 6 0 0.13 M M 6.9 20 250 M M 3 12 26 260
26 84 46 65 1 0 0 0.00 M M 13.9 23 200 M M 0 32 190
27 92 60 76 13 0 11 0.00 M M 14.4 29 240 M M 0 40 220
28 87 56 72 9 0 7 0.00 M M 5.8 9 330 M M 0 1 14 50
29 89 59 74 12 0 9 0.00 M M 4.8 8 110 M M 0 1 13 90
30 89 63 76 14 0 11 0.00 M M 4.5 9 140 M M 1 18 14 70
================================================================================
SM 2482 1731 26 189 3.08 M 241.4 M 62
================================================================================
AV 82.7 57.7 8.0 FASTST M M 2 MAX(MPH)
MISC ----> 29 240 40 220
================================================================================
NOTES:
# LAST OF SEVERAL OCCURRENCES
COLUMN 17 PEAK WIND IN M.P.H.
PRELIMINARY LOCAL CLIMATOLOGICAL DATA (WS FORM: F-6) , PAGE 2
STATION: CHAMPAIGN IL AIRPORT
MONTH: SEPTEMBER
YEAR: 2021
LATITUDE: 40 1 N
LONGITUDE: 88 17 W
[TEMPERATURE DATA] [PRECIPITATION DATA] SYMBOLS USED IN COLUMN 16
AVERAGE MONTHLY: 70.2 TOTAL FOR MONTH: 3.08 1 = FOG OR MIST
DPTR FM NORMAL: 3.2 DPTR FM NORMAL: 0.03 2 = FOG REDUCING VISIBILITY
HIGHEST: 92 ON 27,19 GRTST 24HR 1.01 ON 7- 7 TO 1/4 MILE OR LESS
LOWEST: 44 ON 24,23 3 = THUNDER
SNOW, ICE PELLETS, HAIL 4 = ICE PELLETS
TOTAL MONTH: M 5 = HAIL
GRTST 24HR M ON M 6 = FREEZING RAIN OR DRIZZLE
GRTST DEPTH: M ON M 7 = DUSTSTORM OR SANDSTORM:
VSBY 1/2 MILE OR LESS
8 = SMOKE OR HAZE
[NO. OF DAYS WITH] [WEATHER - DAYS WITH] 9 = BLOWING SNOW
X = TORNADO
MAX 32 OR BELOW: 0 0.01 INCH OR MORE: 8
MAX 90 OR ABOVE: 5 0.10 INCH OR MORE: 6
MIN 32 OR BELOW: 0 0.50 INCH OR MORE: 2
MIN 0 OR BELOW: 0 1.00 INCH OR MORE: 1
[HDD (BASE 65) ]
TOTAL THIS MO. 26 CLEAR (SCALE 0-3) 26
DPTR FM NORMAL -40 PTCLDY (SCALE 4-7) 2
TOTAL FM JUL 1 28 CLOUDY (SCALE 8-10) 2
DPTR FM NORMAL -44
[CDD (BASE 65) ]
TOTAL THIS MO. 189
DPTR FM NORMAL 65 [PRESSURE DATA]
TOTAL FM JAN 1 1209 HIGHEST SLP 30.16 ON 30
DPTR FM NORMAL 182 LOWEST SLP 29.68 ON 7
[REMARKS]
#FINAL-09-21#