727
CXUS53 KILX 011014 RRB
CLACMI
CLIMATE REPORT
NATIONAL WEATHER SERVICE LINCOLN IL
105 AM CST WED JAN 1 2020
...................................
...THE CHAMPAIGN IL AIRPORT CLIMATE SUMMARY FOR THE YEAR OF 2019...
CLIMATE NORMAL PERIOD 1981 TO 2010
CLIMATE RECORD PERIOD 9999 TO 9999
WEATHER OBSERVED NORMAL DEPART LAST YEAR`S
VALUE DATE(S) VALUE FROM VALUE DATE(S)
NORMAL
................................................................
TEMPERATURE (F)
RECORD
HIGH MM MM
LOW MM MM
HIGHEST 95 06/30 MM MM 97
LOWEST -16 01/30 MM MM -15
AVG. MAXIMUM 61.8 62.0 -0.2 62.2
AVG. MINIMUM 41.9 41.3 0.6 42.1
MEAN 51.9 51.6 0.3 52.2
DAYS MAX >= 90 24 15.9 8.1 33
DAYS MAX <= 32 38 34.7 3.3 35
DAYS MIN <= 32 135 123.5 11.5 139
DAYS MIN <= 0 7 6.1 0.9 11
PRECIPITATION (INCHES)
RECORD
MAXIMUM MM MM
MINIMUM MM MM
TOTALS 34.12 39.72 -5.60 45.13
DAILY AVG. 0.09 0.12
DAYS >= .01 121 MM MM 124
DAYS >= .10 77 MM MM 73
DAYS >= .50 25 MM MM 29
DAYS >= 1.00 6 MM MM 14
GREATEST
24 HR. TOTAL 1.92 MM 3.11
SNOWFALL (INCHES)
RECORDS
TOTAL MM MM
24 HR TOTAL MM
TOTALS MM MM MM MM
DAYS >= TRACE 0 MM MM 0
DAYS >= 1.0 0 MM MM 0
GREATEST
SNOW DEPTH 0 MM 0 MM
24 HR TOTAL MM MM
DEGREE_DAYS
HEATING TOTAL 5836 5822 14 5885
COOLING TOTAL 1168 945 223 1408
FREEZE DATES
RECORD
EARLIEST MM
LATEST MM
EARLIEST MM
LATEST MM
.................................................................
SKY COVER
POSSIBLE SUNSHINE (PERCENT) MM
WEATHER CONDITIONS. NUMBER OF DAYS WITH
THUNDERSTORM 51 MIXED PRECIP 1
HEAVY RAIN 47 RAIN 72
LIGHT RAIN 132 FREEZING RAIN 1
LT FREEZING RAIN 6 HAIL 0
HEAVY SNOW 3 SNOW 9
LIGHT SNOW 34 SLEET 0
FOG 220 FOG W/VIS <= 1/4 MILE 37
HAZE 41
- INDICATES NEGATIVE NUMBERS.
R INDICATES RECORD WAS SET OR TIED.
MM INDICATES DATA IS MISSING.
T INDICATES TRACE AMOUNT.
$$