000
CXUS53 KILX 011519
CLSCMI
CLIMATE REPORT
NATIONAL WEATHER SERVICE LINCOLN IL
919 AM CST FRI MAR 01 2024
...................................
...THE CHAMPAIGN IL AIRPORT CLIMATE SUMMARY FOR THE SEASON, FROM
12/1/2023 TO 2/29/2024...
CLIMATE NORMAL PERIOD 1991 TO 2020
CLIMATE RECORD PERIOD 9999 TO 9999
WEATHER OBSERVED NORMAL DEPART LAST YEAR`S
VALUE DATE(S) VALUE FROM VALUE
NORMAL
..............................................................
TEMPERATURE (F)
RECORD
HIGH MM MM
LOW -9 12/23/2022
HIGHEST 76 02/26 MM MM 63
02/27
LOWEST -9R 01/14 MM MM -9
AVG. MAXIMUM 43.1 37.4 5.7 42.7
AVG. MINIMUM 27.5 21.1 6.4 25.8
MEAN 35.3 29.2 6.1 34.2
DAYS MAX >= 90 0 0.0 0.0 0
DAYS MAX <= 32 9 31.6 -22.6 15
DAYS MIN <= 32 56 77.1 -21.1 64
DAYS MIN <= 0 5 6.3 -1.3 3
PRECIPITATION (INCHES)
RECORD
MAXIMUM 6.45 2023
MINIMUM 4.63 2021
TOTALS 8.16 6.01 2.15 6.45
DAILY AVG. 0.09 0.08
DAYS >= .01 28 26.4 1.6 25
DAYS >= .10 18 12.9 5.1 14
DAYS >= .50 6 3.5 2.5 5
DAYS >= 1.00 2 0.9 1.1 1
GREATEST
24 HR. TOTAL 1.21 1.48
DEGREE DAYS
HEATING TOTAL 2603 3223 -620 2733
SINCE 7/1 3551 4386 -835 MM
COOLING TOTAL 0 0 0 0
SINCE 1/1 0 0 0 MM
FREEZE DATES
RECORD
EARLIEST MM
LATEST MM
EARLIEST 10/30
LATEST 04/24
..............................................................
WIND (MPH)
AVERAGE WIND SPEED 11.6
HIGHEST WIND SPEED/DIRECTION 40/240 DATE 01/12
HIGHEST GUST SPEED/DIRECTION 53/240 DATE 01/12
SKY COVER
POSSIBLE SUNSHINE (PERCENT) MM
AVERAGE SKY COVER 0.52
NUMBER OF DAYS FAIR 37
NUMBER OF DAYS PC 16
NUMBER OF DAYS CLOUDY 37
AVERAGE RH (PERCENT) 76
WEATHER CONDITIONS. NUMBER OF DAYS WITH
THUNDERSTORM 4 MIXED PRECIP 3
HEAVY RAIN 5 RAIN 12
LIGHT RAIN 27 FREEZING RAIN 1
LT FREEZING RAIN 3 HAIL 0
HEAVY SNOW 0 SNOW 3
LIGHT SNOW 18 SLEET 0
FOG 47 FOG W/VIS <= 1/4 MILE 12
HAZE 17
- INDICATES NEGATIVE NUMBERS.
R INDICATES RECORD WAS SET OR TIED.
MM INDICATES DATA IS MISSING.
T INDICATES TRACE AMOUNT.
$$