000
CXUS53 KTOP 020858
CLACNK

CLIMATE REPORT
NATIONAL WEATHER SERVICE TOPEKA KS
241 AM CST SAT JAN 2 2016

...................................

...THE CONCORDIA KS CLIMATE SUMMARY FOR THE YEAR OF 2015...

CLIMATE NORMAL PERIOD 1981 TO 2010
CLIMATE RECORD PERIOD 1885 TO 2016

WEATHER         OBSERVED          NORMAL  DEPART  LAST YEAR`S
                 VALUE   DATE(S)  VALUE   FROM    VALUE  DATE(S)
                                          NORMAL
................................................................
TEMPERATURE (F)
RECORD
 HIGH             116   08/12/1936
 LOW              -33   01/08/1886
HIGHEST           101   07/24        MM      MM      103  07/25
LOWEST             -2   02/02        MM      MM       -7  02/06
AVG. MAXIMUM     66.9              65.0     1.9     64.4
AVG. MINIMUM     44.1              42.7     1.4     41.2
MEAN             55.5              53.9     1.6     52.8
DAYS MAX >= 90     42              45.6    -3.6       42
DAYS MAX <= 32     24              28.5    -4.5       40
DAYS MIN <= 32    100             118.8   -18.8      130
DAYS MIN <= 0       2               4.9    -2.9        5

PRECIPITATION (INCHES)
RECORD
 MAXIMUM        44.79   1993
 MINIMUM        12.83   1956
TOTALS          29.35             27.89    1.46    27.20
DAILY AVG.       0.08              0.08    0.00     0.07
DAYS >= .01        89              90.4    -1.4       90
DAYS >= .10        53              50.7     2.3       49
DAYS >= .50        17              18.4    -1.4       20
DAYS >= 1.00        9               6.9     2.1        9
GREATEST
 24 HR. TOTAL    2.62   06/04 TO 06/05

SNOWFALL (INCHES)
RECORDS
 TOTAL           57.4   1960
 24 HR TOTAL     13.2   02/10/1965 TO 02/11/1965
 SNOW DEPTH        25   03/16/1960
TOTALS            6.9              20.2   -13.3     23.6
SINCE 7/1         1.3               6.5    -5.2      6.1
SNOWDEPTH AVG.      0                MM      MM        0
DAYS >= TRACE      20              13.3     6.7       35
DAYS >= 1.0         3               6.3    -3.3        5
GREATEST
 SNOW DEPTH         1   11/30                          8  02/07
                        11/26                             02/05
                        11/27                             02/06
 24 HR TOTAL      1.6   02/28 TO 02/28

DEGREE_DAYS
HEATING TOTAL    4687              5408    -721     5670
 SINCE 7/1       1643              2177    -534     2138
COOLING TOTAL    1375              1350      25     1368
 SINCE 1/1       1375              1349      26     1368
..................................................

WIND (MPH)
AVERAGE WIND SPEED              10.4
RESULTANT WIND SPEED/DIRECTION   2/175
HIGHEST WIND SPEED/DIRECTION    41/140    DATE  05/06
HIGHEST GUST SPEED/DIRECTION   124/150    DATE  02/03

SKY COVER
AVERAGE SKY COVER           0.30

AVERAGE RH (PERCENT)     66

WEATHER CONDITIONS. NUMBER OF DAYS WITH
THUNDERSTORM             86     MIXED PRECIP               0
HEAVY RAIN               34     RAIN                      43
LIGHT RAIN               99     FREEZING RAIN              3
LT FREEZING RAIN          5     HEAVY SNOW                 1
SNOW                      4     LIGHT SNOW                19
FOG                     136     FOG W/VIS <= 1/4 MILE     14
HAZE                     44

-  INDICATES NEGATIVE NUMBERS.
R  INDICATES RECORD WAS SET OR TIED.
MM INDICATES DATA IS MISSING.
T  INDICATES TRACE AMOUNT.

$$
