000
CDUS43 KTOP 302140
CLICNK


CLIMATE REPORT
NATIONAL WEATHER SERVICE TOPEKA KS
438 PM CDT THU OCT 30 2014


...................................

...THE CONCORDIA KS CLIMATE SUMMARY FOR OCTOBER 30 2014...
VALID TODAY AS OF 430 PM LOCAL TIME.

CLIMATE NORMAL PERIOD 1981 TO 2010
CLIMATE RECORD PERIOD 1885 TO 2014


WEATHER ITEM   OBSERVED TIME   RECORD YEAR NORMAL DEPARTURE LAST
                VALUE   (LST)  VALUE       VALUE  FROM      YEAR
                                                  NORMAL
..................................................................
TEMPERATURE (F)
 TODAY
  MAXIMUM         68    235 PM  88    1968  61      7       51
  MINIMUM         43    656 AM  15    1925  39      4       40
  AVERAGE         56                        50      6       46

PRECIPITATION (IN)
  TODAY            0.00          4.07 1979   0.04  -0.04      T
  MONTH TO DATE    2.44                      1.87   0.57     0.80
  SINCE SEP 1      5.69                      4.78   0.91     1.93
  SINCE JAN 1     26.35                     25.88   0.47    25.50

SNOWFALL (IN)
  TODAY           MM             0.1  1991   0.0   MM        0.0
  MONTH TO DATE    0.0                       0.2   -0.2      0.0
  SINCE JAN 1     16.9                      13.9    3.0     20.3
  SINCE JUL 1      0.0                       0.2   -0.2      0.0
  SNOW DEPTH      MM

DEGREE DAYS
 HEATING
  TODAY            9                        15     -6       19
  MONTH TO DATE  219                       303    -84      309
  SINCE SEP 1    301                       373    -72      323
  SINCE JUL 1    303                       376    -73      330

 COOLING
  TODAY            0                         0      0        0
  MONTH TO DATE   24                        20      4       32
  SINCE SEP 1    159                       180    -21      274
  SINCE JAN 1   1368                      1346     22     1359
..................................................................


WIND (MPH)
  HIGHEST WIND SPEED    26   HIGHEST WIND DIRECTION     N (350)
  HIGHEST GUST SPEED    34   HIGHEST GUST DIRECTION    NW (320)
  AVERAGE WIND SPEED    13.3



WEATHER CONDITIONS
 THE FOLLOWING WEATHER WAS RECORDED TODAY.
  NO SIGNIFICANT WEATHER WAS OBSERVED.


RELATIVE HUMIDITY (PERCENT)
 HIGHEST    82           600 AM
 LOWEST     30           100 PM
 AVERAGE    56

..........................................................


THE CONCORDIA KS CLIMATE NORMALS FOR TOMORROW
                         NORMAL    RECORD    YEAR
 MAXIMUM TEMPERATURE (F)   61        82      1944
                                             1938
 MINIMUM TEMPERATURE (F)   38        14      1993


SUNRISE AND SUNSET
OCTOBER 30 2014.......SUNRISE   757 AM CDT   SUNSET   631 PM CDT
OCTOBER 31 2014.......SUNRISE   758 AM CDT   SUNSET   630 PM CDT


-  INDICATES NEGATIVE NUMBERS.
R  INDICATES RECORD WAS SET OR TIED.
MM INDICATES DATA IS MISSING.
T  INDICATES TRACE AMOUNT.




$$
