000
CDUS43 KTOP 170642
CLICNK


CLIMATE REPORT
NATIONAL WEATHER SERVICE TOPEKA KS
1241 AM CST SUN DEC 17 2017


...................................

...THE CONCORDIA KS CLIMATE SUMMARY FOR DECEMBER 16 2017...

CLIMATE NORMAL PERIOD 1981 TO 2010
CLIMATE RECORD PERIOD 1885 TO 2017


WEATHER ITEM   OBSERVED TIME   RECORD YEAR NORMAL DEPARTURE LAST
                VALUE   (LST)  VALUE       VALUE  FROM      YEAR
                                                  NORMAL
..................................................................
TEMPERATURE (F)
 YESTERDAY
  MAXIMUM         55    349 PM  66    1962  39     16       32
  MINIMUM         30    808 AM -10    1989  20     10       24
  AVERAGE         43                        29     14       28

PRECIPITATION (IN)
  YESTERDAY        0.00          0.33 2008   0.03  -0.03      T
  MONTH TO DATE    T                         0.51  -0.51     0.48
  SINCE DEC 1      T                         0.51  -0.51     0.48
  SINCE JAN 1     36.34                     27.55   8.79    29.57

SNOWFALL (IN)
  YESTERDAY        0.0           4.6  2008   0.1   -0.1      0.0
  MONTH TO DATE    T                         1.9   -1.9      0.4
  SINCE JAN 1      2.1                      18.3  -16.2     12.7
  SINCE JUL 1      T                         4.6   -4.6      0.4
  SNOW DEPTH       0

DEGREE DAYS
 HEATING
  YESTERDAY       22                        36    -14       37
  MONTH TO DATE  399                       539   -140      604
  SINCE DEC 1    399                       539   -140      604
  SINCE JUL 1   1336                      1631   -295     1301

 COOLING
  YESTERDAY        0                         0      0        0
  MONTH TO DATE    0                         0      0        0
  SINCE DEC 1      0                         0      0        0
  SINCE JAN 1   1370                      1349     21     1540
..................................................................


WIND (MPH)
  HIGHEST WIND SPEED    18   HIGHEST WIND DIRECTION     S (200)
  HIGHEST GUST SPEED    24   HIGHEST GUST DIRECTION     S (200)
  AVERAGE WIND SPEED     6.0


SKY COVER
  AVERAGE SKY COVER 0.0


WEATHER CONDITIONS
 THE FOLLOWING WEATHER WAS RECORDED YESTERDAY.
  NO SIGNIFICANT WEATHER WAS OBSERVED.


RELATIVE HUMIDITY (PERCENT)
 HIGHEST    69           800 AM
 LOWEST     30           300 PM
 AVERAGE    50

..........................................................


THE CONCORDIA KS CLIMATE NORMALS FOR TODAY
                         NORMAL    RECORD    YEAR
 MAXIMUM TEMPERATURE (F)   39        69      1939
 MINIMUM TEMPERATURE (F)   20        -5      1964


SUNRISE AND SUNSET
DECEMBER 17 2017......SUNRISE   745 AM CST   SUNSET   508 PM CST
DECEMBER 18 2017......SUNRISE   746 AM CST   SUNSET   509 PM CST


-  INDICATES NEGATIVE NUMBERS.
R  INDICATES RECORD WAS SET OR TIED.
MM INDICATES DATA IS MISSING.
T  INDICATES TRACE AMOUNT.




$$
