000
CDUS43 KTOP 310633
CLICNK


CLIMATE REPORT
NATIONAL WEATHER SERVICE TOPEKA KS
133 AM CDT FRI JUL 31 2015


...................................

...THE CONCORDIA KS CLIMATE SUMMARY FOR JULY 30 2015...

CLIMATE NORMAL PERIOD 1981 TO 2010
CLIMATE RECORD PERIOD 1885 TO 2015


WEATHER ITEM   OBSERVED TIME   RECORD YEAR NORMAL DEPARTURE LAST
                VALUE   (LST)  VALUE       VALUE  FROM      YEAR
                                                  NORMAL
..................................................................
TEMPERATURE (F)
 YESTERDAY
  MAXIMUM         87    331 PM 106    1980  90     -3       81
                                      1947
                                      1917
  MINIMUM         59    530 AM  48    1971  68     -9       60
  AVERAGE         73                        79     -6       71

PRECIPITATION (IN)
  YESTERDAY        0.00          0.93 1932   0.11  -0.11     0.17
  MONTH TO DATE    3.57                      3.80  -0.23     1.14
  SINCE JUN 1      9.68                      7.85   1.83     7.84
  SINCE JAN 1     17.76                     17.84  -0.08    13.67

SNOWFALL (IN)
  YESTERDAY        0.0           T    1944   0.0    0.0      0.0
  MONTH TO DATE    0.0                       0.0    0.0      0.0
  SINCE JAN 1      5.6                      13.7   -8.1     16.9
  SINCE JUL 1      0.0                       0.0    0.0      0.0
  SNOW DEPTH       0

DEGREE DAYS
 HEATING
  YESTERDAY        0                         0      0        0
  MONTH TO DATE    0                         0      0        2
  SINCE JUN 1      2                        13    -11        3
  SINCE JUL 1      0                         0      0        2

 COOLING
  YESTERDAY        8                        14     -6        6
  MONTH TO DATE  382                       416    -34      356
  SINCE JUN 1    691                       681     10      643
  SINCE JAN 1    746                       770    -24      818
..................................................................


WIND (MPH)
  HIGHEST WIND SPEED    14   HIGHEST WIND DIRECTION     S (160)
  HIGHEST GUST SPEED    18   HIGHEST GUST DIRECTION     S (180)
  AVERAGE WIND SPEED     5.8


SKY COVER
  AVERAGE SKY COVER 0.1


WEATHER CONDITIONS
 THE FOLLOWING WEATHER WAS RECORDED YESTERDAY.
  FOG


RELATIVE HUMIDITY (PERCENT)
 HIGHEST   100           400 AM
 LOWEST     51          1100 AM
 AVERAGE    76

..........................................................


THE CONCORDIA KS CLIMATE NORMALS FOR TODAY
                         NORMAL    RECORD    YEAR
 MAXIMUM TEMPERATURE (F)   90       109      1934
 MINIMUM TEMPERATURE (F)   67        51      1925


SUNRISE AND SUNSET
JULY 31 2015..........SUNRISE   629 AM CDT   SUNSET   844 PM CDT
AUGUST  1 2015........SUNRISE   630 AM CDT   SUNSET   843 PM CDT


-  INDICATES NEGATIVE NUMBERS.
R  INDICATES RECORD WAS SET OR TIED.
MM INDICATES DATA IS MISSING.
T  INDICATES TRACE AMOUNT.




$$
