000
CDUS43 KTOP 250642
CLICNK


CLIMATE REPORT
NATIONAL WEATHER SERVICE TOPEKA KS
141 AM CDT WED MAY 25 2016


...................................

...THE CONCORDIA KS CLIMATE SUMMARY FOR MAY 24 2016...

CLIMATE NORMAL PERIOD 1981 TO 2010
CLIMATE RECORD PERIOD 1885 TO 2016


WEATHER ITEM   OBSERVED TIME   RECORD YEAR NORMAL DEPARTURE LAST
                VALUE   (LST)  VALUE       VALUE  FROM      YEAR
                                                  NORMAL
..................................................................
TEMPERATURE (F)
 YESTERDAY
  MAXIMUM         81    313 PM  99    1967  77      4       68
  MINIMUM         59    619 AM  36    1924  55      4       59
  AVERAGE         70                        66      4       64

PRECIPITATION (IN)
  YESTERDAY        1.83          4.72 1970   0.14   1.69     0.01
  MONTH TO DATE    6.62                      3.16   3.46     3.14
  SINCE MAR 1      8.97                      7.62   1.35     5.48
  SINCE JAN 1     10.53                      8.99   1.54     7.00

SNOWFALL (IN)
  YESTERDAY        0.0           T    1970   0.0    0.0      0.0
  MONTH TO DATE    0.0                       0.0    0.0      0.0
  SINCE JAN 1     12.3                      13.7   -1.4      5.6
  SINCE JUL 1     13.6                      20.2   -6.6     11.7
  SNOW DEPTH       0

DEGREE DAYS
 HEATING
  YESTERDAY        0                         3     -3        1
  MONTH TO DATE  139                       117     22      127
  SINCE MAR 1    893                      1174   -281      963
  SINCE JUL 1   4364                      5381  -1017     5170

 COOLING
  YESTERDAY        5                         3      2        0
  MONTH TO DATE   23                        43    -20       35
  SINCE MAR 1     34                        60    -26       43
  SINCE JAN 1     34                        60    -26       43
..................................................................


WIND (MPH)
  HIGHEST WIND SPEED    41   HIGHEST WIND DIRECTION    SW (210)
  HIGHEST GUST SPEED    54   HIGHEST GUST DIRECTION    SW (210)
  AVERAGE WIND SPEED    12.8


SKY COVER
  AVERAGE SKY COVER 0.5


WEATHER CONDITIONS
 THE FOLLOWING WEATHER WAS RECORDED YESTERDAY.
  THUNDERSTORM
  HEAVY RAIN
  RAIN
  LIGHT RAIN
  FOG


RELATIVE HUMIDITY (PERCENT)
 HIGHEST    90           400 AM
 LOWEST     51           200 PM
 AVERAGE    71

..........................................................


THE CONCORDIA KS CLIMATE NORMALS FOR TODAY
                         NORMAL    RECORD    YEAR
 MAXIMUM TEMPERATURE (F)   77        97      1967
                                             1953
 MINIMUM TEMPERATURE (F)   55        39      1925


SUNRISE AND SUNSET
MAY 25 2016...........SUNRISE   608 AM CDT   SUNSET   847 PM CDT
MAY 26 2016...........SUNRISE   608 AM CDT   SUNSET   848 PM CDT


-  INDICATES NEGATIVE NUMBERS.
R  INDICATES RECORD WAS SET OR TIED.
MM INDICATES DATA IS MISSING.
T  INDICATES TRACE AMOUNT.




$$
