000
CDUS43 KTOP 242133
CLICNK


CLIMATE REPORT
NATIONAL WEATHER SERVICE TOPEKA KS
432 PM CDT MON APR 24 2017


...................................

...THE CONCORDIA KS CLIMATE SUMMARY FOR APRIL 24 2017...
VALID TODAY AS OF 0400 PM LOCAL TIME.

CLIMATE NORMAL PERIOD 1981 TO 2010
CLIMATE RECORD PERIOD 1885 TO 2017


WEATHER ITEM   OBSERVED TIME   RECORD YEAR NORMAL DEPARTURE LAST
                VALUE   (LST)  VALUE       VALUE  FROM      YEAR
                                                  NORMAL
..................................................................
TEMPERATURE (F)
 TODAY
  MAXIMUM         73    256 PM  98    1989  68      5       77
  MINIMUM         49    625 AM  25    2013  44      5       59
                                      1967
  AVERAGE         61                        56      5       68

PRECIPITATION (IN)
  TODAY            0.00          2.94 1904   0.10  -0.10      T
  MONTH TO DATE    2.95                      1.88   1.07     1.18
  SINCE MAR 1      6.14                      3.89   2.25     1.63
  SINCE JAN 1      7.99                      5.26   2.73     3.19

SNOWFALL (IN)
  TODAY            0.0           T    1950   0.0    0.0      0.0
  MONTH TO DATE    0.0                       0.5   -0.5      0.0
  SINCE JAN 1      2.1                      13.7  -11.6     12.3
  SINCE JUL 1      4.3                      20.2  -15.9     13.6
  SNOW DEPTH       0

DEGREE DAYS
 HEATING
  TODAY            4                        10     -6        0
  MONTH TO DATE  225                       320    -95      200
  SINCE MAR 1    794                      1004   -210      688
  SINCE JUL 1   4295                      5211   -916     4159

 COOLING
  TODAY            0                         1     -1        3
  MONTH TO DATE   15                         9      6        4
  SINCE MAR 1     19                        10      9        7
  SINCE JAN 1     19                        10      9        7
..................................................................


WIND (MPH)
  HIGHEST WIND SPEED    39   HIGHEST WIND DIRECTION     S (180)
  HIGHEST GUST SPEED    48   HIGHEST GUST DIRECTION     S (170)
  AVERAGE WIND SPEED    22.4



WEATHER CONDITIONS
 THE FOLLOWING WEATHER WAS RECORDED TODAY.
  NO SIGNIFICANT WEATHER WAS OBSERVED.


RELATIVE HUMIDITY (PERCENT)
 HIGHEST    66           500 AM
 LOWEST     41           200 PM
 AVERAGE    54

..........................................................


THE CONCORDIA KS CLIMATE NORMALS FOR TOMORROW
                         NORMAL    RECORD    YEAR
 MAXIMUM TEMPERATURE (F)   68        94      2012
 MINIMUM TEMPERATURE (F)   45        32      2002
                                             1972
                                             1910


SUNRISE AND SUNSET
APRIL 24 2017.........SUNRISE   640 AM CDT   SUNSET   818 PM CDT
APRIL 25 2017.........SUNRISE   639 AM CDT   SUNSET   819 PM CDT


-  INDICATES NEGATIVE NUMBERS.
R  INDICATES RECORD WAS SET OR TIED.
MM INDICATES DATA IS MISSING.
T  INDICATES TRACE AMOUNT.




$$
