000
CDUS43 KTOP 030640
CLICNK


CLIMATE REPORT
NATIONAL WEATHER SERVICE TOPEKA KS
1239 AM CST SAT DEC 3 2016


...................................

...THE CONCORDIA KS CLIMATE SUMMARY FOR DECEMBER 2 2016...

CLIMATE NORMAL PERIOD 1981 TO 2010
CLIMATE RECORD PERIOD 1885 TO 2016


WEATHER ITEM   OBSERVED TIME   RECORD YEAR NORMAL DEPARTURE LAST
                VALUE   (LST)  VALUE       VALUE  FROM      YEAR
                                                  NORMAL
..................................................................
TEMPERATURE (F)
 YESTERDAY
  MAXIMUM         46    342 PM  72    1889  43      3       47
  MINIMUM         18    737 AM   0    1985  24     -6       27
                                      1919
  AVERAGE         32                        33     -1       37

PRECIPITATION (IN)
  YESTERDAY        0.00          0.94 1953   0.04  -0.04     0.00
  MONTH TO DATE    0.00                      0.07  -0.07      T
  SINCE DEC 1      0.00                      0.07  -0.07      T
  SINCE JAN 1     29.09                     27.11   1.98    26.71

SNOWFALL (IN)
  YESTERDAY        0.0           1.1  1990   0.1   -0.1      0.0
  MONTH TO DATE    0.0                       0.2   -0.2       T
  SINCE JAN 1     12.3                      16.6   -4.3      6.9
  SINCE JUL 1      0.0                       2.9   -2.9      1.3
  SNOW DEPTH       0

DEGREE DAYS
 HEATING
  YESTERDAY       33                        32      1       28
  MONTH TO DATE   65                        63      2       60
  SINCE DEC 1     65                        63      2       60
  SINCE JUL 1    762                      1155   -393      828

 COOLING
  YESTERDAY        0                         0      0        0
  MONTH TO DATE    0                         0      0        0
  SINCE DEC 1      0                         0      0        0
  SINCE JAN 1   1540                      1349    191     1375
..................................................................


WIND (MPH)
  HIGHEST WIND SPEED     9   HIGHEST WIND DIRECTION    NE (50)
  HIGHEST GUST SPEED    11   HIGHEST GUST DIRECTION     E (110)
  AVERAGE WIND SPEED     2.8


SKY COVER
  AVERAGE SKY COVER 0.0


WEATHER CONDITIONS
 THE FOLLOWING WEATHER WAS RECORDED YESTERDAY.
  NO SIGNIFICANT WEATHER WAS OBSERVED.


RELATIVE HUMIDITY (PERCENT)
 HIGHEST    91           800 AM
 LOWEST     49           200 PM
 AVERAGE    70

..........................................................


THE CONCORDIA KS CLIMATE NORMALS FOR TODAY
                         NORMAL    RECORD    YEAR
 MAXIMUM TEMPERATURE (F)   43        67      1998
                                             1959
                                             1956
 MINIMUM TEMPERATURE (F)   23        -4      1919


SUNRISE AND SUNSET
DECEMBER  3 2016......SUNRISE   734 AM CST   SUNSET   507 PM CST
DECEMBER  4 2016......SUNRISE   735 AM CST   SUNSET   507 PM CST


-  INDICATES NEGATIVE NUMBERS.
R  INDICATES RECORD WAS SET OR TIED.
MM INDICATES DATA IS MISSING.
T  INDICATES TRACE AMOUNT.




$$
