576
CDUS43 KTOP 270633
CLICNK


CLIMATE REPORT
NATIONAL WEATHER SERVICE TOPEKA KS
132 AM CDT MON MAR 27 2017


...................................

...THE CONCORDIA KS CLIMATE SUMMARY FOR MARCH 26 2017...

CLIMATE NORMAL PERIOD 1981 TO 2010
CLIMATE RECORD PERIOD 1885 TO 2017


WEATHER ITEM   OBSERVED TIME   RECORD YEAR NORMAL DEPARTURE LAST
                VALUE   (LST)  VALUE       VALUE  FROM      YEAR
                                                  NORMAL
..................................................................
TEMPERATURE (F)
 YESTERDAY
  MAXIMUM         51    357 PM  86    1907  59     -8       49
  MINIMUM         40    747 AM   6    1955  35      5       33
  AVERAGE         46                        46      0       41

PRECIPITATION (IN)
  YESTERDAY        0.26          0.55 1983   0.07   0.19     0.25
  MONTH TO DATE    0.70                      1.59  -0.89     0.45
  SINCE MAR 1      0.70                      1.59  -0.89     0.45
  SINCE JAN 1      2.55                      2.96  -0.41     2.01

SNOWFALL (IN)
  YESTERDAY        0.0           2.9  1983   0.1   -0.1      0.0
  MONTH TO DATE    0.8                       2.3   -1.5       T
  SINCE JAN 1      2.1                      12.7  -10.6     12.3
  SINCE JUL 1      4.3                      19.2  -14.9     13.6
  SNOW DEPTH       0

DEGREE DAYS
 HEATING
  YESTERDAY       19                        19      0       24
  MONTH TO DATE  474                       596   -122      419
  SINCE MAR 1    474                       596   -122      419
  SINCE JUL 1   3975                      4803   -828     3890

 COOLING
  YESTERDAY        0                         0      0        0
  MONTH TO DATE    4                         0      4        3
  SINCE MAR 1      4                         0      4        3
  SINCE JAN 1      4                         0      4        3
..................................................................


WIND (MPH)
  HIGHEST WIND SPEED    16   HIGHEST WIND DIRECTION    NE (30)
  HIGHEST GUST SPEED    20   HIGHEST GUST DIRECTION     N (20)
  AVERAGE WIND SPEED     4.0


SKY COVER
  AVERAGE SKY COVER 1.0


WEATHER CONDITIONS
 THE FOLLOWING WEATHER WAS RECORDED YESTERDAY.
  RAIN
  LIGHT RAIN
  FOG


RELATIVE HUMIDITY (PERCENT)
 HIGHEST   100          1200 AM
 LOWEST     77           400 PM
 AVERAGE    89

..........................................................


THE CONCORDIA KS CLIMATE NORMALS FOR TODAY
                         NORMAL    RECORD    YEAR
 MAXIMUM TEMPERATURE (F)   59        89      1895
 MINIMUM TEMPERATURE (F)   35        12      1913


SUNRISE AND SUNSET
MARCH 27 2017.........SUNRISE   722 AM CDT   SUNSET   750 PM CDT
MARCH 28 2017.........SUNRISE   721 AM CDT   SUNSET   751 PM CDT


-  INDICATES NEGATIVE NUMBERS.
R  INDICATES RECORD WAS SET OR TIED.
MM INDICATES DATA IS MISSING.
T  INDICATES TRACE AMOUNT.




$$
