000
CDUS43 KTOP 260635
CLICNK


CLIMATE REPORT
NATIONAL WEATHER SERVICE TOPEKA KS
1233 AM CST THU FEB 26 2015


...................................

...THE CONCORDIA KS CLIMATE SUMMARY FOR FEBRUARY 25 2015...

CLIMATE NORMAL PERIOD 1981 TO 2010
CLIMATE RECORD PERIOD 1885 TO 2015


WEATHER ITEM   OBSERVED TIME   RECORD YEAR NORMAL DEPARTURE LAST
                VALUE   (LST)  VALUE       VALUE  FROM      YEAR
                                                  NORMAL
..................................................................
TEMPERATURE (F)
 YESTERDAY
  MAXIMUM         54   1206 PM  77    1995  47      7       27
  MINIMUM         17   1159 PM  -2    2003  25     -8       12
  AVERAGE         36                        36      0       20

PRECIPITATION (IN)
  YESTERDAY        T             1.00 1912   0.03  -0.03     0.04
  MONTH TO DATE    0.27                      0.69  -0.42     0.76
  SINCE DEC 1      2.18                      2.12   0.06     1.73
  SINCE JAN 1      1.44                      1.27   0.17     1.19

SNOWFALL (IN)
  YESTERDAY       MM             3.5  1993   0.1   MM        1.0
  MONTH TO DATE    1.7                       4.5   -2.8      9.1
  SINCE JAN 1      4.0                      10.2   -6.2     14.7
  SINCE JUL 1     10.1                      16.7   -6.6     21.0
  SNOW DEPTH       0

DEGREE DAYS
 HEATING
  YESTERDAY       29                        29      0       45
  MONTH TO DATE  885                       816     69      962
  SINCE DEC 1   2887                      3028   -141     3311
  SINCE JUL 1   4050                      4120    -70     4367

 COOLING
  YESTERDAY        0                         0      0        0
  MONTH TO DATE    0                         0      0        0
  SINCE DEC 1      0                         0      0        0
  SINCE JAN 1      0                         0      0        0
..................................................................


WIND (MPH)
  HIGHEST WIND SPEED    32   HIGHEST WIND DIRECTION     N (360)
  HIGHEST GUST SPEED    40   HIGHEST GUST DIRECTION     N (10)
  AVERAGE WIND SPEED    16.5


SKY COVER
  AVERAGE SKY COVER 0.4


WEATHER CONDITIONS
 THE FOLLOWING WEATHER WAS RECORDED YESTERDAY.
  LIGHT RAIN


RELATIVE HUMIDITY (PERCENT)
 HIGHEST    82           400 PM
 LOWEST     38          1200 PM
 AVERAGE    60

..........................................................


THE CONCORDIA KS CLIMATE NORMALS FOR TODAY
                         NORMAL    RECORD    YEAR
 MAXIMUM TEMPERATURE (F)   47        79      1896
 MINIMUM TEMPERATURE (F)   26        -8      1934


SUNRISE AND SUNSET
FEBRUARY 26 2015......SUNRISE   708 AM CST   SUNSET   619 PM CST
FEBRUARY 27 2015......SUNRISE   707 AM CST   SUNSET   620 PM CST


-  INDICATES NEGATIVE NUMBERS.
R  INDICATES RECORD WAS SET OR TIED.
MM INDICATES DATA IS MISSING.
T  INDICATES TRACE AMOUNT.




$$
