000
CDUS43 KTOP 172135
CLICNK


CLIMATE REPORT
NATIONAL WEATHER SERVICE TOPEKA KS
435 PM CDT SUN SEP 17 2017


...................................

...THE CONCORDIA KS CLIMATE SUMMARY FOR SEPTEMBER 17 2017...
VALID TODAY AS OF 0400 PM LOCAL TIME.

CLIMATE NORMAL PERIOD 1981 TO 2010
CLIMATE RECORD PERIOD 1885 TO 2017


WEATHER ITEM   OBSERVED TIME   RECORD YEAR NORMAL DEPARTURE LAST
                VALUE   (LST)  VALUE       VALUE  FROM      YEAR
                                                  NORMAL
..................................................................
TEMPERATURE (F)
 TODAY
  MAXIMUM         69    226 PM 102    1953  80    -11       83
  MINIMUM         52    711 AM  37    1981  55     -3       58
  AVERAGE         61                        68     -7       71

PRECIPITATION (IN)
  TODAY            0.00          2.18 1978   0.10  -0.10     0.00
  MONTH TO DATE    1.04                      1.66  -0.62     1.72
  SINCE SEP 1      1.04                      1.66  -0.62     1.72
  SINCE JAN 1     28.49                     22.76   5.73    27.24

SNOWFALL (IN)
  TODAY            0.0           0.0    MM   0.0    0.0      0.0
  MONTH TO DATE    0.0                       0.0    0.0      0.0
  SINCE JAN 1      2.1                      13.7  -11.6     12.3
  SINCE JUL 1      0.0                       0.0    0.0      0.0
  SNOW DEPTH       0

DEGREE DAYS
 HEATING
  TODAY            4                         2      2        0
  MONTH TO DATE   11                        20     -9       13
  SINCE SEP 1     11                        20     -9       13
  SINCE JUL 1     11                        23    -12       14

 COOLING
  TODAY            0                         5     -5        6
  MONTH TO DATE  113                       119     -6      124
  SINCE SEP 1    113                       119     -6      124
  SINCE JAN 1   1251                      1285    -34     1406
..................................................................


WIND (MPH)
  HIGHEST WIND SPEED    18   HIGHEST WIND DIRECTION    NE (50)
  HIGHEST GUST SPEED    23   HIGHEST GUST DIRECTION     E (80)
  AVERAGE WIND SPEED    10.3



WEATHER CONDITIONS
 THE FOLLOWING WEATHER WAS RECORDED TODAY.
  THUNDERSTORM


RELATIVE HUMIDITY (PERCENT)
 HIGHEST   100           200 AM
 LOWEST     60          1100 AM
 AVERAGE    80

..........................................................


THE CONCORDIA KS CLIMATE NORMALS FOR TOMORROW
                         NORMAL    RECORD    YEAR
 MAXIMUM TEMPERATURE (F)   79       100      1931
                                             1895
 MINIMUM TEMPERATURE (F)   55        36      1901


SUNRISE AND SUNSET
SEPTEMBER 17 2017.....SUNRISE   714 AM CDT   SUNSET   735 PM CDT
SEPTEMBER 18 2017.....SUNRISE   715 AM CDT   SUNSET   734 PM CDT


-  INDICATES NEGATIVE NUMBERS.
R  INDICATES RECORD WAS SET OR TIED.
MM INDICATES DATA IS MISSING.
T  INDICATES TRACE AMOUNT.




$$
