000
CDUS43 KTOP 100635
CLICNK


CLIMATE REPORT
NATIONAL WEATHER SERVICE TOPEKA KS
1233 AM CST SUN DEC 10 2017


...................................

...THE CONCORDIA KS CLIMATE SUMMARY FOR DECEMBER 9 2017...

CLIMATE NORMAL PERIOD 1981 TO 2010
CLIMATE RECORD PERIOD 1885 TO 2017


WEATHER ITEM   OBSERVED TIME   RECORD YEAR NORMAL DEPARTURE LAST
                VALUE   (LST)  VALUE       VALUE  FROM      YEAR
                                                  NORMAL
..................................................................
TEMPERATURE (F)
 YESTERDAY
  MAXIMUM         48    400 PM  69    1939  40      8       25
  MINIMUM         28    758 AM -11    1919  21      7        8
  AVERAGE         38                        31      7       17

PRECIPITATION (IN)
  YESTERDAY        0.00          0.86 1911   0.03  -0.03     0.00
  MONTH TO DATE    T                         0.30  -0.30     0.48
  SINCE DEC 1      T                         0.30  -0.30     0.48
  SINCE JAN 1     36.34                     27.34   9.00    29.57

SNOWFALL (IN)
  YESTERDAY        0.0           2.4  1961   0.1   -0.1      0.0
  MONTH TO DATE    T                         1.1   -1.1      0.4
  SINCE JAN 1      2.1                      17.5  -15.4     12.7
  SINCE JUL 1      T                         3.8   -3.8      0.4
  SNOW DEPTH       0

DEGREE DAYS
 HEATING
  YESTERDAY       27                        34     -7       48
  MONTH TO DATE  241                       294    -53      318
  SINCE DEC 1    241                       294    -53      318
  SINCE JUL 1   1178                      1386   -208     1015

 COOLING
  YESTERDAY        0                         0      0        0
  MONTH TO DATE    0                         0      0        0
  SINCE DEC 1      0                         0      0        0
  SINCE JAN 1   1370                      1349     21     1540
..................................................................


WIND (MPH)
  HIGHEST WIND SPEED    20   HIGHEST WIND DIRECTION     N (340)
  HIGHEST GUST SPEED    26   HIGHEST GUST DIRECTION    NW (320)
  AVERAGE WIND SPEED    11.5


SKY COVER
  AVERAGE SKY COVER 0.0


WEATHER CONDITIONS
 THE FOLLOWING WEATHER WAS RECORDED YESTERDAY.
  NO SIGNIFICANT WEATHER WAS OBSERVED.


RELATIVE HUMIDITY (PERCENT)
 HIGHEST    75           800 AM
 LOWEST     34           300 PM
 AVERAGE    55

..........................................................


THE CONCORDIA KS CLIMATE NORMALS FOR TODAY
                         NORMAL    RECORD    YEAR
 MAXIMUM TEMPERATURE (F)   40        71      1890
 MINIMUM TEMPERATURE (F)   21       -14      1919


SUNRISE AND SUNSET
DECEMBER 10 2017......SUNRISE   740 AM CST   SUNSET   507 PM CST
DECEMBER 11 2017......SUNRISE   741 AM CST   SUNSET   507 PM CST


-  INDICATES NEGATIVE NUMBERS.
R  INDICATES RECORD WAS SET OR TIED.
MM INDICATES DATA IS MISSING.
T  INDICATES TRACE AMOUNT.




$$
