000
CDUS43 KTOP 120632
CLICNK


CLIMATE REPORT
NATIONAL WEATHER SERVICE TOPEKA KS
131 AM CDT SAT AUG 12 2017


...................................

...THE CONCORDIA KS CLIMATE SUMMARY FOR AUGUST 11 2017...

CLIMATE NORMAL PERIOD 1981 TO 2010
CLIMATE RECORD PERIOD 1885 TO 2017


WEATHER ITEM   OBSERVED TIME   RECORD YEAR NORMAL DEPARTURE LAST
                VALUE   (LST)  VALUE       VALUE  FROM      YEAR
                                                  NORMAL
..................................................................
TEMPERATURE (F)
 YESTERDAY
  MAXIMUM         82    428 PM 109    1936  89     -7       98
  MINIMUM         60   1156 PM  47    1902  67     -7       73
  AVERAGE         71                        78     -7       86

PRECIPITATION (IN)
  YESTERDAY        0.00          1.51 1952   0.11  -0.11     0.17
  MONTH TO DATE    1.52                      1.18   0.34     1.82
  SINCE JUN 1      7.20                      9.15  -1.95     9.16
  SINCE JAN 1     25.58                     19.14   6.44    21.33

SNOWFALL (IN)
  YESTERDAY        0.0           T    1920   0.0    0.0      0.0
  MONTH TO DATE    0.0                       0.0    0.0      0.0
  SINCE JAN 1      2.1                      13.7  -11.6     12.3
  SINCE JUL 1      0.0                       0.0    0.0      0.0
  SNOW DEPTH       0

DEGREE DAYS
 HEATING
  YESTERDAY        0                         0      0        0
  MONTH TO DATE    0                         0      0        0
  SINCE JUN 1      2                        13    -11        1
  SINCE JUL 1      0                         0      0        1

 COOLING
  YESTERDAY        6                        13     -7       21
  MONTH TO DATE   55                       148    -93      156
  SINCE JUN 1    885                       849     36     1023
  SINCE JAN 1    963                       938     25     1083
..................................................................


WIND (MPH)
  HIGHEST WIND SPEED    13   HIGHEST WIND DIRECTION     N (10)
  HIGHEST GUST SPEED    15   HIGHEST GUST DIRECTION     N (20)
  AVERAGE WIND SPEED     5.2


SKY COVER
  AVERAGE SKY COVER 0.4


WEATHER CONDITIONS
 THE FOLLOWING WEATHER WAS RECORDED YESTERDAY.
  NO SIGNIFICANT WEATHER WAS OBSERVED.


RELATIVE HUMIDITY (PERCENT)
 HIGHEST    93           400 AM
 LOWEST     45           300 PM
 AVERAGE    69

..........................................................


THE CONCORDIA KS CLIMATE NORMALS FOR TODAY
                         NORMAL    RECORD    YEAR
 MAXIMUM TEMPERATURE (F)   89       116      1936
 MINIMUM TEMPERATURE (F)   66        45      1964


SUNRISE AND SUNSET
AUGUST 12 2017........SUNRISE   641 AM CDT   SUNSET   830 PM CDT
AUGUST 13 2017........SUNRISE   641 AM CDT   SUNSET   829 PM CDT


-  INDICATES NEGATIVE NUMBERS.
R  INDICATES RECORD WAS SET OR TIED.
MM INDICATES DATA IS MISSING.
T  INDICATES TRACE AMOUNT.




$$
