000
CDUS43 KTOP 122231
CLICNK


CLIMATE REPORT
NATIONAL WEATHER SERVICE TOPEKA KS
430 PM CST SUN NOV 12 2017


...................................

...THE CONCORDIA KS CLIMATE SUMMARY FOR NOVEMBER 12 2017...
VALID TODAY AS OF 0400 PM LOCAL TIME.

CLIMATE NORMAL PERIOD 1981 TO 2010
CLIMATE RECORD PERIOD 1885 TO 2017


WEATHER ITEM   OBSERVED TIME   RECORD YEAR NORMAL DEPARTURE LAST
                VALUE   (LST)  VALUE       VALUE  FROM      YEAR
                                                  NORMAL
..................................................................
TEMPERATURE (F)
 TODAY
  MAXIMUM         53    305 PM  79    1894  54     -1       55
  MINIMUM         42    843 AM   4    1911  33      9       25
  AVERAGE         48                        44      4       40

PRECIPITATION (IN)
  TODAY            0.00          1.47 2010   0.04  -0.04     0.00
  MONTH TO DATE    0.07                      0.52  -0.45     0.35
  SINCE SEP 1      8.82                      5.35   3.47     3.35
  SINCE JAN 1     36.27                     26.45   9.82    28.87

SNOWFALL (IN)
  TODAY            0.0           3.0  2000   0.0    0.0      0.0
  MONTH TO DATE    0.0                       0.5   -0.5      0.0
  SINCE JAN 1      2.1                      14.4  -12.3     12.3
  SINCE JUL 1      T                         0.7   -0.7      0.0
  SNOW DEPTH       0

DEGREE DAYS
 HEATING
  TODAY           17                        21     -4       25
  MONTH TO DATE  294                       222     72      125
  SINCE SEP 1    620                       610     10      337
  SINCE JUL 1    620                       613      7      338

 COOLING
  TODAY            0                         0      0        0
  MONTH TO DATE    0                         0      0        0
  SINCE SEP 1    232                       182     50      258
  SINCE JAN 1   1370                      1348     22     1540
..................................................................


WIND (MPH)
  HIGHEST WIND SPEED    14   HIGHEST WIND DIRECTION     N (10)
  HIGHEST GUST SPEED    16   HIGHEST GUST DIRECTION     N (360)
  AVERAGE WIND SPEED     7.1



WEATHER CONDITIONS
 THE FOLLOWING WEATHER WAS RECORDED TODAY.
  NO SIGNIFICANT WEATHER WAS OBSERVED.


RELATIVE HUMIDITY (PERCENT)
 HIGHEST   100          1200 AM
 LOWEST     59           400 PM
 AVERAGE    80

..........................................................


THE CONCORDIA KS CLIMATE NORMALS FOR TOMORROW
                         NORMAL    RECORD    YEAR
 MAXIMUM TEMPERATURE (F)   54        83      1999
 MINIMUM TEMPERATURE (F)   32         2      1986


SUNRISE AND SUNSET
NOVEMBER 12 2017......SUNRISE   712 AM CST   SUNSET   518 PM CST
NOVEMBER 13 2017......SUNRISE   713 AM CST   SUNSET   517 PM CST


-  INDICATES NEGATIVE NUMBERS.
R  INDICATES RECORD WAS SET OR TIED.
MM INDICATES DATA IS MISSING.
T  INDICATES TRACE AMOUNT.




$$
