000
CDUS43 KTOP 190644
CLICNK


CLIMATE REPORT
NATIONAL WEATHER SERVICE TOPEKA KS
144 AM CDT FRI MAY 19 2017


...................................

...THE CONCORDIA KS CLIMATE SUMMARY FOR MAY 18 2017...

CLIMATE NORMAL PERIOD 1981 TO 2010
CLIMATE RECORD PERIOD 1885 TO 2017


WEATHER ITEM   OBSERVED TIME   RECORD YEAR NORMAL DEPARTURE LAST
                VALUE   (LST)  VALUE       VALUE  FROM      YEAR
                                                  NORMAL
..................................................................
TEMPERATURE (F)
 YESTERDAY
  MAXIMUM         66    218 PM  94    1988  75     -9       69
                                      1967
  MINIMUM         50    458 AM  38    1915  53     -3       43
  AVERAGE         58                        64     -6       56

PRECIPITATION (IN)
  YESTERDAY        0.76          1.69 1981   0.14   0.62     0.00
  MONTH TO DATE    4.41                      2.29   2.12     4.68
  SINCE MAR 1     12.94                      6.75   6.19     7.03
  SINCE JAN 1     14.79                      8.12   6.67     8.59

SNOWFALL (IN)
  YESTERDAY        0.0           T    1949   0.0    0.0      0.0
  MONTH TO DATE    T                         0.0    0.0      0.0
  SINCE JAN 1      2.1                      13.7  -11.6     12.3
  SINCE JUL 1      4.3                      20.2  -15.9     13.6
  SNOW DEPTH       0

DEGREE DAYS
 HEATING
  YESTERDAY        7                         4      3        9
  MONTH TO DATE   81                        99    -18      118
  SINCE MAR 1    998                      1156   -158      872
  SINCE JUL 1   4499                      5363   -864     4343

 COOLING
  YESTERDAY        0                         2     -2        0
  MONTH TO DATE   50                        26     24        8
  SINCE MAR 1     69                        43     26       19
  SINCE JAN 1     69                        43     26       19
..................................................................


WIND (MPH)
  HIGHEST WIND SPEED    22   HIGHEST WIND DIRECTION    NE (60)
  HIGHEST GUST SPEED    30   HIGHEST GUST DIRECTION    NE (60)
  AVERAGE WIND SPEED    12.6


SKY COVER
  AVERAGE SKY COVER 0.8


WEATHER CONDITIONS
 THE FOLLOWING WEATHER WAS RECORDED YESTERDAY.
  THUNDERSTORM
  HEAVY RAIN
  RAIN
  LIGHT RAIN
  FOG


RELATIVE HUMIDITY (PERCENT)
 HIGHEST   100           900 PM
 LOWEST     72          1200 PM
 AVERAGE    86

..........................................................


THE CONCORDIA KS CLIMATE NORMALS FOR TODAY
                         NORMAL    RECORD    YEAR
 MAXIMUM TEMPERATURE (F)   75        99      1933
 MINIMUM TEMPERATURE (F)   53        34      1894


SUNRISE AND SUNSET
MAY 19 2017...........SUNRISE   613 AM CDT   SUNSET   842 PM CDT
MAY 20 2017...........SUNRISE   612 AM CDT   SUNSET   843 PM CDT


-  INDICATES NEGATIVE NUMBERS.
R  INDICATES RECORD WAS SET OR TIED.
MM INDICATES DATA IS MISSING.
T  INDICATES TRACE AMOUNT.




$$
