000
CDUS43 KTOP 150631
CLICNK


CLIMATE REPORT
NATIONAL WEATHER SERVICE TOPEKA KS
131 AM CDT TUE AUG 15 2017


...................................

...THE CONCORDIA KS CLIMATE SUMMARY FOR AUGUST 14 2017...

CLIMATE NORMAL PERIOD 1981 TO 2010
CLIMATE RECORD PERIOD 1885 TO 2017


WEATHER ITEM   OBSERVED TIME   RECORD YEAR NORMAL DEPARTURE LAST
                VALUE   (LST)  VALUE       VALUE  FROM      YEAR
                                                  NORMAL
..................................................................
TEMPERATURE (F)
 YESTERDAY
  MAXIMUM         90    436 PM 107    1936  89      1       87
  MINIMUM         68    651 AM  50    2004  66      2       66
  AVERAGE         79                        78      1       77

PRECIPITATION (IN)
  YESTERDAY        0.00          3.24 1995   0.11  -0.11     0.00
  MONTH TO DATE    1.52                      1.50   0.02     1.82
  SINCE JUN 1      7.20                      9.47  -2.27     9.16
  SINCE JAN 1     25.58                     19.46   6.12    21.33

SNOWFALL (IN)
  YESTERDAY        0.0           0.0    MM   0.0    0.0      0.0
  MONTH TO DATE    0.0                       0.0    0.0      0.0
  SINCE JAN 1      2.1                      13.7  -11.6     12.3
  SINCE JUL 1      0.0                       0.0    0.0      0.0
  SNOW DEPTH       0

DEGREE DAYS
 HEATING
  YESTERDAY        0                         0      0        0
  MONTH TO DATE    0                         0      0        0
  SINCE JUN 1      2                        13    -11        1
  SINCE JUL 1      0                         0      0        1

 COOLING
  YESTERDAY       14                        13      1       12
  MONTH TO DATE   81                       187   -106      192
  SINCE JUN 1    911                       888     23     1059
  SINCE JAN 1    989                       977     12     1119
..................................................................


WIND (MPH)
  HIGHEST WIND SPEED    16   HIGHEST WIND DIRECTION     S (180)
  HIGHEST GUST SPEED    21   HIGHEST GUST DIRECTION     S (180)
  AVERAGE WIND SPEED     8.8


SKY COVER
  AVERAGE SKY COVER 0.2


WEATHER CONDITIONS
 THE FOLLOWING WEATHER WAS RECORDED YESTERDAY.
  HAZE


RELATIVE HUMIDITY (PERCENT)
 HIGHEST   100           600 AM
 LOWEST     52           300 PM
 AVERAGE    76

..........................................................


THE CONCORDIA KS CLIMATE NORMALS FOR TODAY
                         NORMAL    RECORD    YEAR
 MAXIMUM TEMPERATURE (F)   89       107      1983
                                             1936
 MINIMUM TEMPERATURE (F)   66        50      1992


SUNRISE AND SUNSET
AUGUST 15 2017........SUNRISE   643 AM CDT   SUNSET   826 PM CDT
AUGUST 16 2017........SUNRISE   644 AM CDT   SUNSET   825 PM CDT


-  INDICATES NEGATIVE NUMBERS.
R  INDICATES RECORD WAS SET OR TIED.
MM INDICATES DATA IS MISSING.
T  INDICATES TRACE AMOUNT.




$$
