000
CDUS43 KTOP 300632
CLICNK


CLIMATE REPORT
NATIONAL WEATHER SERVICE TOPEKA KS
1232 AM CST WED NOV 30 2016


...................................

...THE CONCORDIA KS CLIMATE SUMMARY FOR NOVEMBER 29 2016...

CLIMATE NORMAL PERIOD 1981 TO 2010
CLIMATE RECORD PERIOD 1885 TO 2016


WEATHER ITEM   OBSERVED TIME   RECORD YEAR NORMAL DEPARTURE LAST
                VALUE   (LST)  VALUE       VALUE  FROM      YEAR
                                                  NORMAL
..................................................................
TEMPERATURE (F)
 YESTERDAY
  MAXIMUM         46    131 PM  72    1892  45      1       32
  MINIMUM         29    734 AM   0    1976  25      4       28
  AVERAGE         38                        35      3       30

PRECIPITATION (IN)
  YESTERDAY        0.00          0.50 1909   0.04  -0.04     0.06
  MONTH TO DATE    0.57                      1.08  -0.51     1.98
  SINCE SEP 1      3.57                      5.91  -2.34     4.56
  SINCE JAN 1     29.09                     27.01   2.08    26.52

SNOWFALL (IN)
  YESTERDAY        0.0           2.6  1985   0.2   -0.2      0.0
  MONTH TO DATE    0.0                       2.4   -2.4      0.7
  SINCE JAN 1     12.3                      16.3   -4.0      6.3
  SINCE JUL 1      0.0                       2.6   -2.6      0.7
  SNOW DEPTH       0

DEGREE DAYS
 HEATING
  YESTERDAY       27                        30     -3       35
  MONTH TO DATE  452                       668   -216      503
  SINCE SEP 1    664                      1056   -392      733
  SINCE JUL 1    665                      1059   -394      735

 COOLING
  YESTERDAY        0                         0      0        0
  MONTH TO DATE    0                         0      0        1
  SINCE SEP 1    258                       182     76      336
  SINCE JAN 1   1540                      1348    192     1375
..................................................................


WIND (MPH)
  HIGHEST WIND SPEED    25   HIGHEST WIND DIRECTION    NW (310)
  HIGHEST GUST SPEED    31   HIGHEST GUST DIRECTION     W (290)
  AVERAGE WIND SPEED    12.2


SKY COVER
  AVERAGE SKY COVER 0.5


WEATHER CONDITIONS
 THE FOLLOWING WEATHER WAS RECORDED YESTERDAY.
  NO SIGNIFICANT WEATHER WAS OBSERVED.


RELATIVE HUMIDITY (PERCENT)
 HIGHEST    78           700 AM
 LOWEST     49           100 PM
 AVERAGE    64

..........................................................


THE CONCORDIA KS CLIMATE NORMALS FOR TODAY
                         NORMAL    RECORD    YEAR
 MAXIMUM TEMPERATURE (F)   44        72      1995
 MINIMUM TEMPERATURE (F)   24         4      1964
                                             1896


SUNRISE AND SUNSET
NOVEMBER 30 2016......SUNRISE   731 AM CST   SUNSET   507 PM CST
DECEMBER  1 2016......SUNRISE   732 AM CST   SUNSET   507 PM CST


-  INDICATES NEGATIVE NUMBERS.
R  INDICATES RECORD WAS SET OR TIED.
MM INDICATES DATA IS MISSING.
T  INDICATES TRACE AMOUNT.




$$
