000
CDUS43 KTOP 150637
CLICNK


CLIMATE REPORT
NATIONAL WEATHER SERVICE TOPEKA KS
136 AM CDT SUN OCT 15 2017


...................................

...THE CONCORDIA KS CLIMATE SUMMARY FOR OCTOBER 14 2017...

CLIMATE NORMAL PERIOD 1981 TO 2010
CLIMATE RECORD PERIOD 1885 TO 2017


WEATHER ITEM   OBSERVED TIME   RECORD YEAR NORMAL DEPARTURE LAST
                VALUE   (LST)  VALUE       VALUE  FROM      YEAR
                                                  NORMAL
..................................................................
TEMPERATURE (F)
 YESTERDAY
  MAXIMUM         71    230 PM  90    1897  68      3       71
  MINIMUM         49   1155 PM  28    1885  45      4       40
  AVERAGE         60                        56      4       56

PRECIPITATION (IN)
  YESTERDAY        T             1.44 2008   0.06  -0.06     0.00
  MONTH TO DATE    3.45                      0.96   2.49     0.94
  SINCE SEP 1      8.70                      3.87   4.83     2.94
  SINCE JAN 1     36.15                     24.97  11.18    28.46

SNOWFALL (IN)
  YESTERDAY       MM             0.0    MM   0.0   MM        0.0
  MONTH TO DATE    0.0                       0.0    0.0      0.0
  SINCE JAN 1      2.1                      13.7  -11.6     12.3
  SINCE JUL 1      0.0                       0.0    0.0      0.0
  SNOW DEPTH       0

DEGREE DAYS
 HEATING
  YESTERDAY        5                         9     -4        9
  MONTH TO DATE   75                       106    -31       92
  SINCE SEP 1    102                       176    -74      133
  SINCE JUL 1    102                       179    -77      134

 COOLING
  YESTERDAY        0                         1     -1        0
  MONTH TO DATE   22                        18      4        4
  SINCE SEP 1    230                       178     52      224
  SINCE JAN 1   1368                      1344     24     1506
..................................................................


WIND (MPH)
  HIGHEST WIND SPEED    30   HIGHEST WIND DIRECTION    NW (320)
  HIGHEST GUST SPEED    40   HIGHEST GUST DIRECTION    NW (310)
  AVERAGE WIND SPEED    11.4


SKY COVER
  AVERAGE SKY COVER 0.9


WEATHER CONDITIONS
 THE FOLLOWING WEATHER WAS RECORDED YESTERDAY.
  LIGHT RAIN
  FOG


RELATIVE HUMIDITY (PERCENT)
 HIGHEST   100           500 AM
 LOWEST     71           900 PM
 AVERAGE    86

..........................................................


THE CONCORDIA KS CLIMATE NORMALS FOR TODAY
                         NORMAL    RECORD    YEAR
 MAXIMUM TEMPERATURE (F)   68        91      1938
 MINIMUM TEMPERATURE (F)   44        28      1943


SUNRISE AND SUNSET
OCTOBER 15 2017.......SUNRISE   741 AM CDT   SUNSET   651 PM CDT
OCTOBER 16 2017.......SUNRISE   742 AM CDT   SUNSET   650 PM CDT


-  INDICATES NEGATIVE NUMBERS.
R  INDICATES RECORD WAS SET OR TIED.
MM INDICATES DATA IS MISSING.
T  INDICATES TRACE AMOUNT.




$$
