000
CDUS43 KTOP 300635
CLICNK


CLIMATE REPORT
NATIONAL WEATHER SERVICE TOPEKA KS
1232 AM CST FRI JAN 30 2015


...................................

...THE CONCORDIA KS CLIMATE SUMMARY FOR JANUARY 29 2015...

CLIMATE NORMAL PERIOD 1981 TO 2010
CLIMATE RECORD PERIOD 1885 TO 2015


WEATHER ITEM   OBSERVED TIME   RECORD YEAR NORMAL DEPARTURE LAST
                VALUE   (LST)  VALUE       VALUE  FROM      YEAR
                                                  NORMAL
..................................................................
TEMPERATURE (F)
 YESTERDAY
  MAXIMUM         50   1216 AM  70    1911  40     10       49
  MINIMUM         24    937 PM -11    1966  19      5        8
  AVERAGE         37                        29      8       29

PRECIPITATION (IN)
  YESTERDAY        0.00          0.54 1983   0.03  -0.03     0.00
  MONTH TO DATE    0.11                      0.53  -0.42     0.21
  SINCE DEC 1      0.85                      1.38  -0.53     0.75
  SINCE JAN 1      0.11                      0.53  -0.42     0.21

SNOWFALL (IN)
  YESTERDAY        0.0           3.0  2013   0.2   -0.2      0.0
                                      1981
  MONTH TO DATE    1.3                       5.3   -4.0      2.0
  SINCE JAN 1      1.3                       5.3   -4.0      2.0
  SINCE JUL 1      7.4                      11.8   -4.4      8.3
  SNOW DEPTH       0

DEGREE DAYS
 HEATING
  YESTERDAY       28                        36     -8       36
  MONTH TO DATE  962                      1058    -96     1104
  SINCE DEC 1   1937                      2143   -206     2275
  SINCE JUL 1   3100                      3235   -135     3331

 COOLING
  YESTERDAY        0                         0      0        0
  MONTH TO DATE    0                         0      0        0
  SINCE DEC 1      0                         0      0        0
  SINCE JAN 1      0                         0      0        0
..................................................................


WIND (MPH)
  HIGHEST WIND SPEED    33   HIGHEST WIND DIRECTION    NW (330)
  HIGHEST GUST SPEED    45   HIGHEST GUST DIRECTION     N (340)
  AVERAGE WIND SPEED    15.2


SKY COVER
  AVERAGE SKY COVER 0.5


WEATHER CONDITIONS
 THE FOLLOWING WEATHER WAS RECORDED YESTERDAY.
  NO SIGNIFICANT WEATHER WAS OBSERVED.


RELATIVE HUMIDITY (PERCENT)
 HIGHEST    76           300 AM
 LOWEST     42           400 PM
 AVERAGE    59

..........................................................


THE CONCORDIA KS CLIMATE NORMALS FOR TODAY
                         NORMAL    RECORD    YEAR
 MAXIMUM TEMPERATURE (F)   40        70      2012
 MINIMUM TEMPERATURE (F)   19       -11      1918


SUNRISE AND SUNSET
JANUARY 30 2015.......SUNRISE   740 AM CST   SUNSET   548 PM CST
JANUARY 31 2015.......SUNRISE   739 AM CST   SUNSET   549 PM CST


-  INDICATES NEGATIVE NUMBERS.
R  INDICATES RECORD WAS SET OR TIED.
MM INDICATES DATA IS MISSING.
T  INDICATES TRACE AMOUNT.




$$
