000
CDUS43 KTOP 202135
CLICNK


CLIMATE REPORT
NATIONAL WEATHER SERVICE TOPEKA KS
434 PM CDT SUN AUG 20 2017


...................................

...THE CONCORDIA KS CLIMATE SUMMARY FOR AUGUST 20 2017...
VALID TODAY AS OF 0400 PM LOCAL TIME.

CLIMATE NORMAL PERIOD 1981 TO 2010
CLIMATE RECORD PERIOD 1885 TO 2017


WEATHER ITEM   OBSERVED TIME   RECORD YEAR NORMAL DEPARTURE LAST
                VALUE   (LST)  VALUE       VALUE  FROM      YEAR
                                                  NORMAL
..................................................................
TEMPERATURE (F)
 TODAY
  MAXIMUM         94    231 PM 103    1900  88      6       76
                                      1898
  MINIMUM         66    633 AM  48    1950  65      1       58
  AVERAGE         80                        77      3       67

PRECIPITATION (IN)
  TODAY            0.02          2.38 1920   0.10  -0.08     0.00
  MONTH TO DATE    2.77                      2.10   0.67     2.45
  SINCE JUN 1      8.45                     10.07  -1.62     9.79
  SINCE JAN 1     26.83                     20.06   6.77    21.96

SNOWFALL (IN)
  TODAY            0.0           0.0    MM   0.0    0.0      0.0
  MONTH TO DATE    0.0                       0.0    0.0      0.0
  SINCE JAN 1      2.1                      13.7  -11.6     12.3
  SINCE JUL 1      0.0                       0.0    0.0      0.0
  SNOW DEPTH       0

DEGREE DAYS
 HEATING
  TODAY            0                         0      0        0
  MONTH TO DATE    0                         0      0        0
  SINCE JUN 1      2                        13    -11        1
  SINCE JUL 1      0                         0      0        1

 COOLING
  TODAY           15                        12      3        2
  MONTH TO DATE  152                       260   -108      260
  SINCE JUN 1    982                       961     21     1127
  SINCE JAN 1   1060                      1050     10     1187
..................................................................


WIND (MPH)
  HIGHEST WIND SPEED    23   HIGHEST WIND DIRECTION    NE (50)
  HIGHEST GUST SPEED    29   HIGHEST GUST DIRECTION    NE (50)
  AVERAGE WIND SPEED    12.2



WEATHER CONDITIONS
 THE FOLLOWING WEATHER WAS RECORDED TODAY.
  LIGHT RAIN


RELATIVE HUMIDITY (PERCENT)
 HIGHEST    93           500 AM
 LOWEST     49           200 PM
 AVERAGE    71

..........................................................


THE CONCORDIA KS CLIMATE NORMALS FOR TOMORROW
                         NORMAL    RECORD    YEAR
 MAXIMUM TEMPERATURE (F)   88       104      2001
 MINIMUM TEMPERATURE (F)   65        51      2004
                                             1890


SUNRISE AND SUNSET
AUGUST 20 2017........SUNRISE   648 AM CDT   SUNSET   819 PM CDT
AUGUST 21 2017........SUNRISE   649 AM CDT   SUNSET   818 PM CDT


-  INDICATES NEGATIVE NUMBERS.
R  INDICATES RECORD WAS SET OR TIED.
MM INDICATES DATA IS MISSING.
T  INDICATES TRACE AMOUNT.




$$
