142
CDUS43 KTOP 230646
CLICNK


CLIMATE REPORT
NATIONAL WEATHER SERVICE TOPEKA KS
1245 AM CST FRI FEB 23 2018


...................................

...THE CONCORDIA KS CLIMATE SUMMARY FOR FEBRUARY 22 2018...

CLIMATE NORMAL PERIOD 1981 TO 2010
CLIMATE RECORD PERIOD 1885 TO 2018


WEATHER ITEM   OBSERVED TIME   RECORD YEAR NORMAL DEPARTURE LAST
                VALUE   (LST)  VALUE       VALUE  FROM      YEAR
                                                  NORMAL
..................................................................
TEMPERATURE (F)
 YESTERDAY
  MAXIMUM         30   1145 PM  77    2017  46    -16       77
  MINIMUM         22    109 AM  -3    1889  24     -2       50
  AVERAGE         26                        35     -9       64

PRECIPITATION (IN)
  YESTERDAY        0.22          0.88 1922   0.04   0.18     0.00
  MONTH TO DATE    0.53                      0.60  -0.07     0.02
  SINCE DEC 1      1.08                      2.03  -0.95     2.70
  SINCE JAN 1      0.95                      1.18  -0.23     1.77

SNOWFALL (IN)
  YESTERDAY        1.0           4.8  1971   0.2    0.8      0.0
  MONTH TO DATE    5.6                       4.2    1.4       T
  SINCE JAN 1      9.2                       9.9   -0.7      1.0
  SINCE JUL 1     11.0                      16.4   -5.4      3.2
  SNOW DEPTH       T

DEGREE DAYS
 HEATING
  YESTERDAY       39                        30      9        1
  MONTH TO DATE  838                       728    110      493
  SINCE DEC 1   2993                      2940     53     2639
  SINCE JUL 1   3930                      4032   -102     3336

 COOLING
  YESTERDAY        0                         0      0        0
  MONTH TO DATE    0                         0      0        0
  SINCE DEC 1      0                         0      0        0
  SINCE JAN 1      0                         0      0        0
..................................................................


WIND (MPH)
  HIGHEST WIND SPEED    13   HIGHEST WIND DIRECTION    SE (120)
  HIGHEST GUST SPEED    16   HIGHEST GUST DIRECTION    SE (130)
  AVERAGE WIND SPEED     6.2


SKY COVER
  AVERAGE SKY COVER 0.9


WEATHER CONDITIONS
 THE FOLLOWING WEATHER WAS RECORDED YESTERDAY.
  LT FREEZING RAIN
  LIGHT SNOW
  FOG


RELATIVE HUMIDITY (PERCENT)
 HIGHEST   100           900 AM
 LOWEST     92           800 AM
 AVERAGE    96

..........................................................


THE CONCORDIA KS CLIMATE NORMALS FOR TODAY
                         NORMAL    RECORD    YEAR
 MAXIMUM TEMPERATURE (F)   46        80      1918
 MINIMUM TEMPERATURE (F)   25        -7      1889


SUNRISE AND SUNSET
FEBRUARY 23 2018......SUNRISE   712 AM CST   SUNSET   616 PM CST
FEBRUARY 24 2018......SUNRISE   711 AM CST   SUNSET   617 PM CST


-  INDICATES NEGATIVE NUMBERS.
R  INDICATES RECORD WAS SET OR TIED.
MM INDICATES DATA IS MISSING.
T  INDICATES TRACE AMOUNT.




$$
