000
CDUS43 KTOP 010631
CLICNK


CLIMATE REPORT
NATIONAL WEATHER SERVICE TOPEKA KS
131 AM CDT TUE SEP 1 2015


...................................

...THE CONCORDIA KS CLIMATE SUMMARY FOR AUGUST 31 2015...

CLIMATE NORMAL PERIOD 1981 TO 2010
CLIMATE RECORD PERIOD 1885 TO 2015


WEATHER ITEM   OBSERVED TIME   RECORD YEAR NORMAL DEPARTURE LAST
                VALUE   (LST)  VALUE       VALUE  FROM      YEAR
                                                  NORMAL
..................................................................
TEMPERATURE (F)
 YESTERDAY
  MAXIMUM         91    414 PM 105    1990  86      5       92
  MINIMUM         61    439 AM  44    2009  62     -1       68
                                      1893
  AVERAGE         76                        74      2       80

PRECIPITATION (IN)
  YESTERDAY        0.00          2.75 1932   0.10  -0.10     1.23
  MONTH TO DATE    4.20                      3.14   1.06     6.99
  SINCE JUN 1     13.88                     11.11   2.77    14.83
  SINCE JAN 1     21.96                     21.10   0.86    20.66

SNOWFALL (IN)
  YESTERDAY        0.0           T    1931   0.0    0.0      0.0
  MONTH TO DATE    0.0                       0.0    0.0      0.0
  SINCE JAN 1      5.6                      13.7   -8.1     16.9
  SINCE JUL 1      0.0                       0.0    0.0      0.0
  SNOW DEPTH       0

DEGREE DAYS
 HEATING
  YESTERDAY        0                         0      0        0
  MONTH TO DATE    2                         0      2        0
  SINCE JUN 1      4                        16    -12        3
  SINCE JUL 1      2                         3     -1        2

 COOLING
  YESTERDAY       11                        10      1       15
  MONTH TO DATE  279                       376    -97      385
  SINCE JUN 1    984                      1077    -93     1034
  SINCE JAN 1   1039                      1166   -127     1209
..................................................................


WIND (MPH)
  HIGHEST WIND SPEED    20   HIGHEST WIND DIRECTION     S (180)
  HIGHEST GUST SPEED    27   HIGHEST GUST DIRECTION     S (190)
  AVERAGE WIND SPEED    11.1


SKY COVER
  AVERAGE SKY COVER 0.0


WEATHER CONDITIONS
 THE FOLLOWING WEATHER WAS RECORDED YESTERDAY.
  FOG
  HAZE


RELATIVE HUMIDITY (PERCENT)
 HIGHEST   100           700 AM
 LOWEST     38           400 PM
 AVERAGE    69

..........................................................


THE CONCORDIA KS CLIMATE NORMALS FOR TODAY
                         NORMAL    RECORD    YEAR
 MAXIMUM TEMPERATURE (F)   86       106      1990
                                             1922
 MINIMUM TEMPERATURE (F)   62        48      1956


SUNRISE AND SUNSET
SEPTEMBER  1 2015.....SUNRISE   659 AM CDT   SUNSET   802 PM CDT
SEPTEMBER  2 2015.....SUNRISE   700 AM CDT   SUNSET   800 PM CDT


-  INDICATES NEGATIVE NUMBERS.
R  INDICATES RECORD WAS SET OR TIED.
MM INDICATES DATA IS MISSING.
T  INDICATES TRACE AMOUNT.




$$
