000
CDUS43 KTOP 270640
CLICNK


CLIMATE REPORT
NATIONAL WEATHER SERVICE TOPEKA KS
139 AM CDT TUE JUN 27 2017


...................................

...THE CONCORDIA KS CLIMATE SUMMARY FOR JUNE 26 2017...

CLIMATE NORMAL PERIOD 1981 TO 2010
CLIMATE RECORD PERIOD 1885 TO 2017


WEATHER ITEM   OBSERVED TIME   RECORD YEAR NORMAL DEPARTURE LAST
                VALUE   (LST)  VALUE       VALUE  FROM      YEAR
                                                  NORMAL
..................................................................
TEMPERATURE (F)
 YESTERDAY
  MAXIMUM         83    327 PM 109    1936  89     -6       85
  MINIMUM         55    402 AM  48    1958  65    -10       70
  AVERAGE         69                        77     -8       78

PRECIPITATION (IN)
  YESTERDAY        0.00          1.82 1886   0.14  -0.14      T
  MONTH TO DATE    0.72                      3.50  -2.78     0.22
  SINCE JUN 1      0.72                      3.50  -2.78     0.22
  SINCE JAN 1     19.10                     13.49   5.61    12.39

SNOWFALL (IN)
  YESTERDAY        0.0           T    1953   0.0    0.0      0.0
  MONTH TO DATE    0.0                       0.0    0.0      0.0
  SINCE JAN 1      2.1                      13.7  -11.6     12.3
  SINCE JUL 1      4.3                      20.2  -15.9     13.6
  SNOW DEPTH       0

DEGREE DAYS
 HEATING
  YESTERDAY        0                         0      0        0
  MONTH TO DATE    2                        11     -9        0
  SINCE JUN 1      2                        11     -9        0
  SINCE JUL 1   4566                      5406   -840     4364

 COOLING
  YESTERDAY        4                        12     -8       13
  MONTH TO DATE  294                       217     77      364
  SINCE JUN 1    294                       217     77      364
  SINCE JAN 1    372                       306     66      424
..................................................................


WIND (MPH)
  HIGHEST WIND SPEED    17   HIGHEST WIND DIRECTION    NE (60)
  HIGHEST GUST SPEED    22   HIGHEST GUST DIRECTION    NE (60)
  AVERAGE WIND SPEED     6.2


SKY COVER
  AVERAGE SKY COVER 0.4


WEATHER CONDITIONS
 THE FOLLOWING WEATHER WAS RECORDED YESTERDAY.
  THUNDERSTORM


RELATIVE HUMIDITY (PERCENT)
 HIGHEST   100          1100 PM
 LOWEST     45          1200 PM
 AVERAGE    73

..........................................................


THE CONCORDIA KS CLIMATE NORMALS FOR TODAY
                         NORMAL    RECORD    YEAR
 MAXIMUM TEMPERATURE (F)   89       107      2012
 MINIMUM TEMPERATURE (F)   65        47      1968


SUNRISE AND SUNSET
JUNE 27 2017..........SUNRISE   605 AM CDT   SUNSET   902 PM CDT
JUNE 28 2017..........SUNRISE   606 AM CDT   SUNSET   902 PM CDT


-  INDICATES NEGATIVE NUMBERS.
R  INDICATES RECORD WAS SET OR TIED.
MM INDICATES DATA IS MISSING.
T  INDICATES TRACE AMOUNT.




$$
