000
CDUS43 KTOP 100631
CLICNK


CLIMATE REPORT
NATIONAL WEATHER SERVICE TOPEKA KS
131 AM CDT THU JUL 10 2014


...................................

...THE CONCORDIA KS CLIMATE SUMMARY FOR JULY 9 2014...

CLIMATE NORMAL PERIOD 1981 TO 2010
CLIMATE RECORD PERIOD 1885 TO 2014


WEATHER ITEM   OBSERVED TIME   RECORD YEAR NORMAL DEPARTURE LAST
                VALUE   (LST)  VALUE       VALUE  FROM      YEAR
                                                  NORMAL
..................................................................
TEMPERATURE (F)
 YESTERDAY
  MAXIMUM         87    511 PM 107    1980  91     -4      102
  MINIMUM         60    532 AM  46    1895  67     -7       75
  AVERAGE         74                        79     -5       89

PRECIPITATION (IN)
  YESTERDAY        0.36          3.50 1950   0.13   0.23     0.09
  MONTH TO DATE    0.84                      1.26  -0.42     0.15
  SINCE JUN 1      7.54                      5.31   2.23     1.43
  SINCE JAN 1     13.37                     15.30  -1.93    12.82

SNOWFALL (IN)
  YESTERDAY        0.0           T    1948   0.0    0.0      0.0
  MONTH TO DATE    0.0                       0.0    0.0      0.0
  SINCE JAN 1     16.9                      13.7    3.2     20.3
  SINCE JUL 1      0.0                       0.0    0.0      0.0
  SNOW DEPTH       0

DEGREE DAYS
 HEATING
  YESTERDAY        0                         0      0        0
  MONTH TO DATE    0                         0      0        0
  SINCE JUN 1      1                        13    -12       15
  SINCE JUL 1      0                         0      0        0

 COOLING
  YESTERDAY        9                        14     -5       24
  MONTH TO DATE  106                       122    -16      125
  SINCE JUN 1    393                       387      6      421
  SINCE JAN 1    568                       476     92      524
..................................................................


WIND (MPH)
  HIGHEST WIND SPEED    24   HIGHEST WIND DIRECTION    SE (130)
  HIGHEST GUST SPEED    33   HIGHEST GUST DIRECTION    SE (130)
  AVERAGE WIND SPEED     7.3


SKY COVER
  AVERAGE SKY COVER 0.1


WEATHER CONDITIONS
 THE FOLLOWING WEATHER WAS RECORDED YESTERDAY.
  THUNDERSTORM
  HEAVY RAIN
  RAIN
  LIGHT RAIN
  FOG
  HAZE


RELATIVE HUMIDITY (PERCENT)
 HIGHEST    97           400 AM
 LOWEST     40           100 PM
 AVERAGE    69

..........................................................


THE CONCORDIA KS CLIMATE NORMALS FOR TODAY
                         NORMAL    RECORD    YEAR
 MAXIMUM TEMPERATURE (F)   91       108      1980
 MINIMUM TEMPERATURE (F)   67        51      1905


SUNRISE AND SUNSET
JULY 10 2014..........SUNRISE   612 AM CDT   SUNSET   859 PM CDT
JULY 11 2014..........SUNRISE   613 AM CDT   SUNSET   859 PM CDT


-  INDICATES NEGATIVE NUMBERS.
R  INDICATES RECORD WAS SET OR TIED.
MM INDICATES DATA IS MISSING.
T  INDICATES TRACE AMOUNT.




$$
