000
CDUS43 KTOP 200631
CLICNK


CLIMATE REPORT
NATIONAL WEATHER SERVICE TOPEKA KS
131 AM CDT TUE SEP 20 2016


...................................

...THE CONCORDIA KS CLIMATE SUMMARY FOR SEPTEMBER 19 2016...

CLIMATE NORMAL PERIOD 1981 TO 2010
CLIMATE RECORD PERIOD 1885 TO 2016


WEATHER ITEM   OBSERVED TIME   RECORD YEAR NORMAL DEPARTURE LAST
                VALUE   (LST)  VALUE       VALUE  FROM      YEAR
                                                  NORMAL
..................................................................
TEMPERATURE (F)
 YESTERDAY
  MAXIMUM         90    407 PM  98    1931  79     11       72
  MINIMUM         66   1031 PM  33    1991  55     11       48
  AVERAGE         78                        67     11       60

PRECIPITATION (IN)
  YESTERDAY        0.00          1.52 1967   0.11  -0.11     0.00
  MONTH TO DATE    1.73                      1.87  -0.14     0.98
  SINCE SEP 1      1.73                      1.87  -0.14     0.98
  SINCE JAN 1     27.25                     22.97   4.28    22.94

SNOWFALL (IN)
  YESTERDAY        0.0           0.0    MM   0.0    0.0      0.0
  MONTH TO DATE    0.0                       0.0    0.0      0.0
  SINCE JAN 1     12.3                      13.7   -1.4      5.6
  SINCE JUL 1      0.0                       0.0    0.0      0.0
  SNOW DEPTH       0

DEGREE DAYS
 HEATING
  YESTERDAY        0                         3     -3        5
  MONTH TO DATE   13                        25    -12        8
  SINCE SEP 1     13                        25    -12        8
  SINCE JUL 1     14                        28    -14       10

 COOLING
  YESTERDAY       13                         4      9        0
  MONTH TO DATE  143                       127     16      228
  SINCE SEP 1    143                       127     16      228
  SINCE JAN 1   1425                      1293    132     1267
..................................................................


WIND (MPH)
  HIGHEST WIND SPEED    15   HIGHEST WIND DIRECTION    SW (220)
  HIGHEST GUST SPEED    20   HIGHEST GUST DIRECTION     S (200)
  AVERAGE WIND SPEED     7.6


SKY COVER
  AVERAGE SKY COVER 0.0


WEATHER CONDITIONS
 THE FOLLOWING WEATHER WAS RECORDED YESTERDAY.
  HAZE


RELATIVE HUMIDITY (PERCENT)
 HIGHEST    93          1000 PM
 LOWEST     37           400 PM
 AVERAGE    65

..........................................................


THE CONCORDIA KS CLIMATE NORMALS FOR TODAY
                         NORMAL    RECORD    YEAR
 MAXIMUM TEMPERATURE (F)   78        96      1893
 MINIMUM TEMPERATURE (F)   54        33      1918


SUNRISE AND SUNSET
SEPTEMBER 20 2016.....SUNRISE   717 AM CDT   SUNSET   730 PM CDT
SEPTEMBER 21 2016.....SUNRISE   718 AM CDT   SUNSET   728 PM CDT


-  INDICATES NEGATIVE NUMBERS.
R  INDICATES RECORD WAS SET OR TIED.
MM INDICATES DATA IS MISSING.
T  INDICATES TRACE AMOUNT.




$$
