000
CDUS43 KTOP 120632
CLICNK


CLIMATE REPORT
NATIONAL WEATHER SERVICE TOPEKA KS
132 AM CDT THU OCT 12 2017


...................................

...THE CONCORDIA KS CLIMATE SUMMARY FOR OCTOBER 11 2017...

CLIMATE NORMAL PERIOD 1981 TO 2010
CLIMATE RECORD PERIOD 1885 TO 2017


WEATHER ITEM   OBSERVED TIME   RECORD YEAR NORMAL DEPARTURE LAST
                VALUE   (LST)  VALUE       VALUE  FROM      YEAR
                                                  NORMAL
..................................................................
TEMPERATURE (F)
 YESTERDAY
  MAXIMUM         66    301 PM  94    1975  69     -3       77
  MINIMUM         32    508 AM  28    1919  46    -14       49
  AVERAGE         49                        57     -8       63

PRECIPITATION (IN)
  YESTERDAY        0.00          1.57 1973   0.06  -0.06     0.00
  MONTH TO DATE    3.45                      0.77   2.68     0.94
  SINCE SEP 1      8.70                      3.68   5.02     2.94
  SINCE JAN 1     36.15                     24.78  11.37    28.46

SNOWFALL (IN)
  YESTERDAY        0.0           T    1929   0.0    0.0      0.0
  MONTH TO DATE    0.0                       0.0    0.0      0.0
  SINCE JAN 1      2.1                      13.7  -11.6     12.3
  SINCE JUL 1      0.0                       0.0    0.0      0.0
  SNOW DEPTH       0

DEGREE DAYS
 HEATING
  YESTERDAY       16                         9      7        2
  MONTH TO DATE   62                        79    -17       43
  SINCE SEP 1     89                       149    -60       84
  SINCE JUL 1     89                       152    -63       85

 COOLING
  YESTERDAY        0                         1     -1        0
  MONTH TO DATE   22                        15      7        4
  SINCE SEP 1    230                       175     55      224
  SINCE JAN 1   1368                      1341     27     1506
..................................................................


WIND (MPH)
  HIGHEST WIND SPEED    16   HIGHEST WIND DIRECTION    SE (150)
  HIGHEST GUST SPEED    20   HIGHEST GUST DIRECTION    SE (150)
  AVERAGE WIND SPEED     7.0


SKY COVER
  AVERAGE SKY COVER 0.0


WEATHER CONDITIONS
 THE FOLLOWING WEATHER WAS RECORDED YESTERDAY.
  FOG


RELATIVE HUMIDITY (PERCENT)
 HIGHEST   100           100 AM
 LOWEST     37           200 PM
 AVERAGE    69

..........................................................


THE CONCORDIA KS CLIMATE NORMALS FOR TODAY
                         NORMAL    RECORD    YEAR
 MAXIMUM TEMPERATURE (F)   69        93      1899
 MINIMUM TEMPERATURE (F)   45        25      1917
                                             1909


SUNRISE AND SUNSET
OCTOBER 12 2017.......SUNRISE   738 AM CDT   SUNSET   655 PM CDT
OCTOBER 13 2017.......SUNRISE   739 AM CDT   SUNSET   654 PM CDT


-  INDICATES NEGATIVE NUMBERS.
R  INDICATES RECORD WAS SET OR TIED.
MM INDICATES DATA IS MISSING.
T  INDICATES TRACE AMOUNT.




$$
