000
CDUS43 KTOP 060631
CLICNK


CLIMATE REPORT
NATIONAL WEATHER SERVICE TOPEKA KS
1230 AM CST WED DEC 6 2017


...................................

...THE CONCORDIA KS CLIMATE SUMMARY FOR DECEMBER 5 2017...

CLIMATE NORMAL PERIOD 1981 TO 2010
CLIMATE RECORD PERIOD 1885 TO 2017


WEATHER ITEM   OBSERVED TIME   RECORD YEAR NORMAL DEPARTURE LAST
                VALUE   (LST)  VALUE       VALUE  FROM      YEAR
                                                  NORMAL
..................................................................
TEMPERATURE (F)
 YESTERDAY
  MAXIMUM         48    323 PM  69    1989  42      6       53
                                      1939
  MINIMUM         19    510 AM   1    1950  23     -4       34
                                      1886
  AVERAGE         34                        32      2       44

PRECIPITATION (IN)
  YESTERDAY        0.00          1.71 1913   0.04  -0.04     0.00
  MONTH TO DATE    0.00                      0.17  -0.17     0.45
  SINCE DEC 1      0.00                      0.17  -0.17     0.45
  SINCE JAN 1     36.34                     27.21   9.13    29.54

SNOWFALL (IN)
  YESTERDAY        0.0           1.5  1992   0.2   -0.2      0.0
  MONTH TO DATE    0.0                       0.6   -0.6       T
  SINCE JAN 1      2.1                      17.0  -14.9     12.3
  SINCE JUL 1      T                         3.3   -3.3       T
  SNOW DEPTH       0

DEGREE DAYS
 HEATING
  YESTERDAY       31                        33     -2       21
  MONTH TO DATE  105                       160    -55      145
  SINCE DEC 1    105                       160    -55      145
  SINCE JUL 1   1042                      1252   -210      842

 COOLING
  YESTERDAY        0                         0      0        0
  MONTH TO DATE    0                         0      0        0
  SINCE DEC 1      0                         0      0        0
  SINCE JAN 1   1370                      1349     21     1540
..................................................................


WIND (MPH)
  HIGHEST WIND SPEED    26   HIGHEST WIND DIRECTION     W (290)
  HIGHEST GUST SPEED    33   HIGHEST GUST DIRECTION     W (270)
  AVERAGE WIND SPEED    13.8


SKY COVER
  AVERAGE SKY COVER 0.0


WEATHER CONDITIONS
 THE FOLLOWING WEATHER WAS RECORDED YESTERDAY.
  NO SIGNIFICANT WEATHER WAS OBSERVED.


RELATIVE HUMIDITY (PERCENT)
 HIGHEST    62           700 AM
 LOWEST     19           200 PM
 AVERAGE    41

..........................................................


THE CONCORDIA KS CLIMATE NORMALS FOR TODAY
                         NORMAL    RECORD    YEAR
 MAXIMUM TEMPERATURE (F)   42        76      1939
 MINIMUM TEMPERATURE (F)   22        -4      1950


SUNRISE AND SUNSET
DECEMBER  6 2017......SUNRISE   737 AM CST   SUNSET   506 PM CST
DECEMBER  7 2017......SUNRISE   738 AM CST   SUNSET   506 PM CST


-  INDICATES NEGATIVE NUMBERS.
R  INDICATES RECORD WAS SET OR TIED.
MM INDICATES DATA IS MISSING.
T  INDICATES TRACE AMOUNT.




$$
