000
CDUS43 KTOP 210633
CLICNK


CLIMATE REPORT
NATIONAL WEATHER SERVICE TOPEKA KS
132 AM CDT WED JUN 21 2017


...................................

...THE CONCORDIA KS CLIMATE SUMMARY FOR JUNE 20 2017...

CLIMATE NORMAL PERIOD 1981 TO 2010
CLIMATE RECORD PERIOD 1885 TO 2017


WEATHER ITEM   OBSERVED TIME   RECORD YEAR NORMAL DEPARTURE LAST
                VALUE   (LST)  VALUE       VALUE  FROM      YEAR
                                                  NORMAL
..................................................................
TEMPERATURE (F)
 YESTERDAY
  MAXIMUM         98    415 PM 106    1988  87     11       98
  MINIMUM         67    546 AM  48    1946  63      4       72
  AVERAGE         83                        75      8       85

PRECIPITATION (IN)
  YESTERDAY        T             2.81 1951   0.14  -0.14     0.00
  MONTH TO DATE    0.68                      2.66  -1.98     0.06
  SINCE JUN 1      0.68                      2.66  -1.98     0.06
  SINCE JAN 1     19.06                     12.65   6.41    12.23

SNOWFALL (IN)
  YESTERDAY        0.0           T    1929   0.0    0.0      0.0
  MONTH TO DATE    0.0                       0.0    0.0      0.0
  SINCE JAN 1      2.1                      13.7  -11.6     12.3
  SINCE JUL 1      4.3                      20.2  -15.9     13.6
  SNOW DEPTH       0

DEGREE DAYS
 HEATING
  YESTERDAY        0                         0      0        0
  MONTH TO DATE    0                        11    -11        0
  SINCE JUN 1      0                        11    -11        0
  SINCE JUL 1   4564                      5406   -842     4364

 COOLING
  YESTERDAY       18                        10      8       20
  MONTH TO DATE  241                       149     92      264
  SINCE JUN 1    241                       149     92      264
  SINCE JAN 1    319                       238     81      324
..................................................................


WIND (MPH)
  HIGHEST WIND SPEED    18   HIGHEST WIND DIRECTION    SW (230)
  HIGHEST GUST SPEED    25   HIGHEST GUST DIRECTION    SW (210)
  AVERAGE WIND SPEED     9.2


SKY COVER
  AVERAGE SKY COVER 0.1


WEATHER CONDITIONS
 THE FOLLOWING WEATHER WAS RECORDED YESTERDAY.
  NO SIGNIFICANT WEATHER WAS OBSERVED.


RELATIVE HUMIDITY (PERCENT)
 HIGHEST    66          1200 AM
 LOWEST     24           400 PM
 AVERAGE    45

..........................................................


THE CONCORDIA KS CLIMATE NORMALS FOR TODAY
                         NORMAL    RECORD    YEAR
 MAXIMUM TEMPERATURE (F)   87       107      1988
 MINIMUM TEMPERATURE (F)   64        45      1902


SUNRISE AND SUNSET
JUNE 21 2017..........SUNRISE   603 AM CDT   SUNSET   901 PM CDT
JUNE 22 2017..........SUNRISE   604 AM CDT   SUNSET   902 PM CDT


-  INDICATES NEGATIVE NUMBERS.
R  INDICATES RECORD WAS SET OR TIED.
MM INDICATES DATA IS MISSING.
T  INDICATES TRACE AMOUNT.




$$
