150
CDUS43 KTOP 290643
CLICNK


CLIMATE REPORT
NATIONAL WEATHER SERVICE TOPEKA KS
143 AM CDT FRI APR 29 2016


...................................

...THE CONCORDIA KS CLIMATE SUMMARY FOR APRIL 28 2016...

CLIMATE NORMAL PERIOD 1981 TO 2010
CLIMATE RECORD PERIOD 1885 TO 2016


WEATHER ITEM   OBSERVED TIME   RECORD YEAR NORMAL DEPARTURE LAST
                VALUE   (LST)  VALUE       VALUE  FROM      YEAR
                                                  NORMAL
..................................................................
TEMPERATURE (F)
 YESTERDAY
  MAXIMUM         58    355 PM  94    1910  69    -11       73
  MINIMUM         37    612 AM  29    1965  46     -9       39
  AVERAGE         48                        57     -9       56

PRECIPITATION (IN)
  YESTERDAY        0.00          0.85 1917   0.09  -0.09     0.00
  MONTH TO DATE    1.29                      2.25  -0.96     2.23
  SINCE MAR 1      1.74                      4.26  -2.52     2.34
  SINCE JAN 1      3.30                      5.63  -2.33     3.86

SNOWFALL (IN)
  YESTERDAY        0.0           T    1994   0.0    0.0      0.0
  MONTH TO DATE    0.0                       0.5   -0.5      0.0
  SINCE JAN 1     12.3                      13.7   -1.4      5.6
  SINCE JUL 1     13.6                      20.2   -6.6     11.7
  SNOW DEPTH       0

DEGREE DAYS
 HEATING
  YESTERDAY       17                         9      8        9
  MONTH TO DATE  234                       357   -123      275
  SINCE MAR 1    722                      1041   -319      822
  SINCE JUL 1   4193                      5248  -1055     5029

 COOLING
  YESTERDAY        0                         1     -1        0
  MONTH TO DATE    8                        13     -5        4
  SINCE MAR 1     11                        14     -3        8
  SINCE JAN 1     11                        14     -3        8
..................................................................


WIND (MPH)
  HIGHEST WIND SPEED    20   HIGHEST WIND DIRECTION     W (280)
  HIGHEST GUST SPEED    27   HIGHEST GUST DIRECTION    NW (330)
  AVERAGE WIND SPEED    10.7


SKY COVER
  AVERAGE SKY COVER 0.6


WEATHER CONDITIONS
 THE FOLLOWING WEATHER WAS RECORDED YESTERDAY.
  NO SIGNIFICANT WEATHER WAS OBSERVED.


RELATIVE HUMIDITY (PERCENT)
 HIGHEST    85           500 AM
 LOWEST     61           300 PM
 AVERAGE    73

..........................................................


THE CONCORDIA KS CLIMATE NORMALS FOR TODAY
                         NORMAL    RECORD    YEAR
 MAXIMUM TEMPERATURE (F)   69        96      1891
 MINIMUM TEMPERATURE (F)   46        28      1903


SUNRISE AND SUNSET
APRIL 29 2016.........SUNRISE   633 AM CDT   SUNSET   823 PM CDT
APRIL 30 2016.........SUNRISE   632 AM CDT   SUNSET   824 PM CDT


-  INDICATES NEGATIVE NUMBERS.
R  INDICATES RECORD WAS SET OR TIED.
MM INDICATES DATA IS MISSING.
T  INDICATES TRACE AMOUNT.




$$
