000
CDUS43 KTOP 140632
CLICNK


CLIMATE REPORT
NATIONAL WEATHER SERVICE TOPEKA KS
132 AM CDT FRI APR 14 2017


...................................

...THE CONCORDIA KS CLIMATE SUMMARY FOR APRIL 13 2017...

CLIMATE NORMAL PERIOD 1981 TO 2010
CLIMATE RECORD PERIOD 1885 TO 2017


WEATHER ITEM   OBSERVED TIME   RECORD YEAR NORMAL DEPARTURE LAST
                VALUE   (LST)  VALUE       VALUE  FROM      YEAR
                                                  NORMAL
..................................................................
TEMPERATURE (F)
 YESTERDAY
  MAXIMUM         75    258 PM  89    1936  64     11       74
  MINIMUM         57    640 AM  19    1950  40     17       44
  AVERAGE         66                        52     14       59

PRECIPITATION (IN)
  YESTERDAY        T             1.99 1987   0.08  -0.08     0.00
  MONTH TO DATE    1.79                      0.98   0.81     0.03
  SINCE MAR 1      4.98                      2.99   1.99     0.48
  SINCE JAN 1      6.83                      4.36   2.47     2.04

SNOWFALL (IN)
  YESTERDAY        0.0           2.4  1983   0.0    0.0      0.0
  MONTH TO DATE    0.0                       0.4   -0.4      0.0
  SINCE JAN 1      2.1                      13.6  -11.5     12.3
  SINCE JUL 1      4.3                      20.1  -15.8     13.6
  SNOW DEPTH       0

DEGREE DAYS
 HEATING
  YESTERDAY        0                        13    -13        6
  MONTH TO DATE  158                       194    -36      149
  SINCE MAR 1    727                       878   -151      637
  SINCE JUL 1   4228                      5085   -857     4108

 COOLING
  YESTERDAY        1                         0      1        0
  MONTH TO DATE    2                         0      2        0
  SINCE MAR 1      6                         1      5        3
  SINCE JAN 1      6                         1      5        3
..................................................................


WIND (MPH)
  HIGHEST WIND SPEED    21   HIGHEST WIND DIRECTION     S (190)
  HIGHEST GUST SPEED    25   HIGHEST GUST DIRECTION     S (190)
  AVERAGE WIND SPEED     9.4


SKY COVER
  AVERAGE SKY COVER 0.1


WEATHER CONDITIONS
 THE FOLLOWING WEATHER WAS RECORDED YESTERDAY.
  NO SIGNIFICANT WEATHER WAS OBSERVED.


RELATIVE HUMIDITY (PERCENT)
 HIGHEST    93           400 AM
 LOWEST     58           300 PM
 AVERAGE    76

..........................................................


THE CONCORDIA KS CLIMATE NORMALS FOR TODAY
                         NORMAL    RECORD    YEAR
 MAXIMUM TEMPERATURE (F)   65        90      2002
 MINIMUM TEMPERATURE (F)   41        22      1928


SUNRISE AND SUNSET
APRIL 14 2017.........SUNRISE   654 AM CDT   SUNSET   808 PM CDT
APRIL 15 2017.........SUNRISE   653 AM CDT   SUNSET   809 PM CDT


-  INDICATES NEGATIVE NUMBERS.
R  INDICATES RECORD WAS SET OR TIED.
MM INDICATES DATA IS MISSING.
T  INDICATES TRACE AMOUNT.




$$
