513
CDUS43 KTOP 090634
CLICNK


CLIMATE REPORT
NATIONAL WEATHER SERVICE TOPEKA KS
1232 AM CST SAT DEC 9 2017


...................................

...THE CONCORDIA KS CLIMATE SUMMARY FOR DECEMBER 8 2017...

CLIMATE NORMAL PERIOD 1981 TO 2010
CLIMATE RECORD PERIOD 1885 TO 2017


WEATHER ITEM   OBSERVED TIME   RECORD YEAR NORMAL DEPARTURE LAST
                VALUE   (LST)  VALUE       VALUE  FROM      YEAR
                                                  NORMAL
..................................................................
TEMPERATURE (F)
 YESTERDAY
  MAXIMUM         42    342 PM  67    1918  41      1       26
  MINIMUM         21    239 AM  -6    1927  22     -1        7
                                      1909
  AVERAGE         32                        31      1       17

PRECIPITATION (IN)
  YESTERDAY        T             0.62 2009   0.04  -0.04     0.00
  MONTH TO DATE    T                         0.27  -0.27     0.48
  SINCE DEC 1      T                         0.27  -0.27     0.48
  SINCE JAN 1     36.34                     27.31   9.03    29.57

SNOWFALL (IN)
  YESTERDAY        T            12.0  2009   0.2   -0.2      0.0
  MONTH TO DATE    T                         1.0   -1.0      0.4
  SINCE JAN 1      2.1                      17.4  -15.3     12.7
  SINCE JUL 1      T                         3.7   -3.7      0.4
  SNOW DEPTH       0

DEGREE DAYS
 HEATING
  YESTERDAY       33                        34     -1       48
  MONTH TO DATE  214                       260    -46      270
  SINCE DEC 1    214                       260    -46      270
  SINCE JUL 1   1151                      1352   -201      967

 COOLING
  YESTERDAY        0                         0      0        0
  MONTH TO DATE    0                         0      0        0
  SINCE DEC 1      0                         0      0        0
  SINCE JAN 1   1370                      1349     21     1540
..................................................................


WIND (MPH)
  HIGHEST WIND SPEED    25   HIGHEST WIND DIRECTION     N (340)
  HIGHEST GUST SPEED    32   HIGHEST GUST DIRECTION    NW (330)
  AVERAGE WIND SPEED    11.4


SKY COVER
  AVERAGE SKY COVER 0.3


WEATHER CONDITIONS
 THE FOLLOWING WEATHER WAS RECORDED YESTERDAY.
  LIGHT SNOW


RELATIVE HUMIDITY (PERCENT)
 HIGHEST    78           900 PM
 LOWEST     51           400 PM
 AVERAGE    65

..........................................................


THE CONCORDIA KS CLIMATE NORMALS FOR TODAY
                         NORMAL    RECORD    YEAR
 MAXIMUM TEMPERATURE (F)   40        69      1939
 MINIMUM TEMPERATURE (F)   21       -11      1919


SUNRISE AND SUNSET
DECEMBER  9 2017......SUNRISE   740 AM CST   SUNSET   507 PM CST
DECEMBER 10 2017......SUNRISE   740 AM CST   SUNSET   507 PM CST


-  INDICATES NEGATIVE NUMBERS.
R  INDICATES RECORD WAS SET OR TIED.
MM INDICATES DATA IS MISSING.
T  INDICATES TRACE AMOUNT.




$$
