000
CDUS43 KTOP 280635
CLICNK


CLIMATE REPORT
NATIONAL WEATHER SERVICE TOPEKA KS
1234 AM CST MON NOV 28 2016


...................................

...THE CONCORDIA KS CLIMATE SUMMARY FOR NOVEMBER 27 2016...

CLIMATE NORMAL PERIOD 1981 TO 2010
CLIMATE RECORD PERIOD 1885 TO 2016


WEATHER ITEM   OBSERVED TIME   RECORD YEAR NORMAL DEPARTURE LAST
                VALUE   (LST)  VALUE       VALUE  FROM      YEAR
                                                  NORMAL
..................................................................
TEMPERATURE (F)
 YESTERDAY
  MAXIMUM         58    657 PM  69    1933  46     12       26
  MINIMUM         43   1157 PM -15    1887  26     17       22
  AVERAGE         51                        36     15       24

PRECIPITATION (IN)
  YESTERDAY        0.10          0.91 1983   0.03   0.07     0.07
  MONTH TO DATE    0.57                      1.01  -0.44     1.91
  SINCE SEP 1      3.57                      5.84  -2.27     4.49
  SINCE JAN 1     29.09                     26.94   2.15    26.45

SNOWFALL (IN)
  YESTERDAY       MM             7.3  1983   0.1   MM         T
  MONTH TO DATE    0.0                       2.1   -2.1      0.7
  SINCE JAN 1     12.3                      16.0   -3.7      6.3
  SINCE JUL 1      0.0                       2.3   -2.3      0.7
  SNOW DEPTH       0

DEGREE DAYS
 HEATING
  YESTERDAY       14                        29    -15       41
  MONTH TO DATE  407                       608   -201      430
  SINCE SEP 1    619                       996   -377      660
  SINCE JUL 1    620                       999   -379      662

 COOLING
  YESTERDAY        0                         0      0        0
  MONTH TO DATE    0                         0      0        1
  SINCE SEP 1    258                       182     76      336
  SINCE JAN 1   1540                      1348    192     1375
..................................................................


WIND (MPH)
  HIGHEST WIND SPEED    33   HIGHEST WIND DIRECTION     S (180)
  HIGHEST GUST SPEED    44   HIGHEST GUST DIRECTION     S (180)
  AVERAGE WIND SPEED    19.9


SKY COVER
  AVERAGE SKY COVER 0.5


WEATHER CONDITIONS
 THE FOLLOWING WEATHER WAS RECORDED YESTERDAY.
  RAIN
  LIGHT RAIN
  FOG


RELATIVE HUMIDITY (PERCENT)
 HIGHEST    93           200 PM
 LOWEST     66           800 PM
 AVERAGE    80

..........................................................


THE CONCORDIA KS CLIMATE NORMALS FOR TODAY
                         NORMAL    RECORD    YEAR
 MAXIMUM TEMPERATURE (F)   45        69      1904
 MINIMUM TEMPERATURE (F)   25        -4      1976


SUNRISE AND SUNSET
NOVEMBER 28 2016......SUNRISE   729 AM CST   SUNSET   508 PM CST
NOVEMBER 29 2016......SUNRISE   730 AM CST   SUNSET   508 PM CST


-  INDICATES NEGATIVE NUMBERS.
R  INDICATES RECORD WAS SET OR TIED.
MM INDICATES DATA IS MISSING.
T  INDICATES TRACE AMOUNT.




$$
