000
CDUS43 KTOP 230634
CLICNK


CLIMATE REPORT
NATIONAL WEATHER SERVICE TOPEKA KS
1232 AM CST FRI JAN 23 2015


...................................

...THE CONCORDIA KS CLIMATE SUMMARY FOR JANUARY 22 2015...

CLIMATE NORMAL PERIOD 1981 TO 2010
CLIMATE RECORD PERIOD 1885 TO 2015


WEATHER ITEM   OBSERVED TIME   RECORD YEAR NORMAL DEPARTURE LAST
                VALUE   (LST)  VALUE       VALUE  FROM      YEAR
                                                  NORMAL
..................................................................
TEMPERATURE (F)
 YESTERDAY
  MAXIMUM         42    400 PM  64    2002  39      3       39
  MINIMUM         23    316 AM -12    1888  19      4        4
                                      1886
  AVERAGE         33                        29      4       22

PRECIPITATION (IN)
  YESTERDAY        0.00          0.60 1982   0.03  -0.03     0.00
  MONTH TO DATE    0.11                      0.37  -0.26     0.21
  SINCE DEC 1      0.85                      1.22  -0.37     0.75
  SINCE JAN 1      0.11                      0.37  -0.26     0.21

SNOWFALL (IN)
  YESTERDAY        0.0           2.0  2012   0.2   -0.2      0.0
  MONTH TO DATE    1.3                       3.9   -2.6      2.0
  SINCE JAN 1      1.3                       3.9   -2.6      2.0
  SINCE JUL 1      7.4                      10.4   -3.0      8.3
  SNOW DEPTH       0

DEGREE DAYS
 HEATING
  YESTERDAY       32                        36     -4       43
  MONTH TO DATE  813                       806      7      826
  SINCE DEC 1   1788                      1891   -103     1997
  SINCE JUL 1   2951                      2983    -32     3053

 COOLING
  YESTERDAY        0                         0      0        0
  MONTH TO DATE    0                         0      0        0
  SINCE DEC 1      0                         0      0        0
  SINCE JAN 1      0                         0      0        0
..................................................................


WIND (MPH)
  HIGHEST WIND SPEED    15   HIGHEST WIND DIRECTION     S (170)
  HIGHEST GUST SPEED    22   HIGHEST GUST DIRECTION    NW (300)
  AVERAGE WIND SPEED     6.0


SKY COVER
  AVERAGE SKY COVER 0.3


WEATHER CONDITIONS
 THE FOLLOWING WEATHER WAS RECORDED YESTERDAY.
  NO SIGNIFICANT WEATHER WAS OBSERVED.


RELATIVE HUMIDITY (PERCENT)
 HIGHEST    88           300 AM
 LOWEST     41           400 PM
 AVERAGE    65

..........................................................


THE CONCORDIA KS CLIMATE NORMALS FOR TODAY
                         NORMAL    RECORD    YEAR
 MAXIMUM TEMPERATURE (F)   39        67      1934
 MINIMUM TEMPERATURE (F)   19       -11      1963
                                             1886


SUNRISE AND SUNSET
JANUARY 23 2015.......SUNRISE   745 AM CST   SUNSET   540 PM CST
JANUARY 24 2015.......SUNRISE   745 AM CST   SUNSET   541 PM CST


-  INDICATES NEGATIVE NUMBERS.
R  INDICATES RECORD WAS SET OR TIED.
MM INDICATES DATA IS MISSING.
T  INDICATES TRACE AMOUNT.




$$
