000
CDUS43 KTOP 220643
CLICNK


CLIMATE REPORT
NATIONAL WEATHER SERVICE TOPEKA KS
1241 AM CST MON DEC 22 2014


...................................

...THE CONCORDIA KS CLIMATE SUMMARY FOR DECEMBER 21 2014...

CLIMATE NORMAL PERIOD 1981 TO 2010
CLIMATE RECORD PERIOD 1885 TO 2014


WEATHER ITEM   OBSERVED TIME   RECORD YEAR NORMAL DEPARTURE LAST
                VALUE   (LST)  VALUE       VALUE  FROM      YEAR
                                                  NORMAL
..................................................................
TEMPERATURE (F)
 YESTERDAY
  MAXIMUM         43   1159 PM  65    1941  38      5       26
                                      1933
  MINIMUM         35    603 AM -18    1989  19     16       17
  AVERAGE         39                        29     10       22

PRECIPITATION (IN)
  YESTERDAY        0.01          0.41 1952   0.03  -0.02     0.31
                                      1949
  MONTH TO DATE    0.60                      0.64  -0.04     0.50
  SINCE DEC 1      0.60                      0.64  -0.04     0.50
  SINCE JAN 1     27.06                     27.68  -0.62    27.15

SNOWFALL (IN)
  YESTERDAY        0.0           6.3  1949   0.2   -0.2      3.0
  MONTH TO DATE    5.0                       2.5    2.5      5.6
  SINCE JAN 1     23.0                      18.9    4.1     25.9
  SINCE JUL 1      6.1                       5.2    0.9      5.6
  SNOW DEPTH       T

DEGREE DAYS
 HEATING
  YESTERDAY       26                        36    -10       43
  MONTH TO DATE  609                       719   -110      802
  SINCE DEC 1    609                       719   -110      802
  SINCE JUL 1   1772                      1811    -39     1858

 COOLING
  YESTERDAY        0                         0      0        0
  MONTH TO DATE    0                         0      0        0
  SINCE DEC 1      0                         0      0        0
  SINCE JAN 1   1368                      1349     19     1359
..................................................................


WIND (MPH)
  HIGHEST WIND SPEED    20   HIGHEST WIND DIRECTION     S (190)
  HIGHEST GUST SPEED    26   HIGHEST GUST DIRECTION     S (200)
  AVERAGE WIND SPEED    13.3


SKY COVER
  AVERAGE SKY COVER 0.8


WEATHER CONDITIONS
 THE FOLLOWING WEATHER WAS RECORDED YESTERDAY.
  LIGHT RAIN
  FOG


RELATIVE HUMIDITY (PERCENT)
 HIGHEST   100          1200 AM
 LOWEST     93          1200 PM
 AVERAGE    97

..........................................................


THE CONCORDIA KS CLIMATE NORMALS FOR TODAY
                         NORMAL    RECORD    YEAR
 MAXIMUM TEMPERATURE (F)   38        69      1933
 MINIMUM TEMPERATURE (F)   19       -26      1989


SUNRISE AND SUNSET
DECEMBER 22 2014......SUNRISE   748 AM CST   SUNSET   511 PM CST
DECEMBER 23 2014......SUNRISE   748 AM CST   SUNSET   511 PM CST


-  INDICATES NEGATIVE NUMBERS.
R  INDICATES RECORD WAS SET OR TIED.
MM INDICATES DATA IS MISSING.
T  INDICATES TRACE AMOUNT.




$$
