737
CDUS43 KTOP 230634
CLICNK


CLIMATE REPORT
NATIONAL WEATHER SERVICE TOPEKA KS
134 AM CDT TUE MAY 23 2017


...................................

...THE CONCORDIA KS CLIMATE SUMMARY FOR MAY 22 2017...

CLIMATE NORMAL PERIOD 1981 TO 2010
CLIMATE RECORD PERIOD 1885 TO 2017


WEATHER ITEM   OBSERVED TIME   RECORD YEAR NORMAL DEPARTURE LAST
                VALUE   (LST)  VALUE       VALUE  FROM      YEAR
                                                  NORMAL
..................................................................
TEMPERATURE (F)
 YESTERDAY
  MAXIMUM         67    519 PM  94    1966  76     -9       81
  MINIMUM         53    339 AM  35    1963  54     -1       59
  AVERAGE         60                        65     -5       70

PRECIPITATION (IN)
  YESTERDAY        0.35          1.99 1978   0.14   0.21     0.00
  MONTH TO DATE    6.94                      2.87   4.07     4.77
  SINCE MAR 1     15.47                      7.33   8.14     7.12
  SINCE JAN 1     17.32                      8.70   8.62     8.68

SNOWFALL (IN)
  YESTERDAY        0.0           T    1942   0.0    0.0      0.0
  MONTH TO DATE    T                         0.0    0.0      0.0
  SINCE JAN 1      2.1                      13.7  -11.6     12.3
  SINCE JUL 1      4.3                      20.2  -15.9     13.6
  SNOW DEPTH       0

DEGREE DAYS
 HEATING
  YESTERDAY        5                         3      2        0
  MONTH TO DATE  125                       111     14      139
  SINCE MAR 1   1042                      1168   -126      893
  SINCE JUL 1   4543                      5375   -832     4364

 COOLING
  YESTERDAY        0                         3     -3        5
  MONTH TO DATE   50                        37     13       13
  SINCE MAR 1     69                        54     15       24
  SINCE JAN 1     69                        54     15       24
..................................................................


WIND (MPH)
  HIGHEST WIND SPEED    24   HIGHEST WIND DIRECTION     N (340)
  HIGHEST GUST SPEED    31   HIGHEST GUST DIRECTION    NW (330)
  AVERAGE WIND SPEED     7.5


SKY COVER
  AVERAGE SKY COVER 0.7


WEATHER CONDITIONS
 THE FOLLOWING WEATHER WAS RECORDED YESTERDAY.
  THUNDERSTORM
  HEAVY RAIN
  RAIN
  LIGHT RAIN
  FOG


RELATIVE HUMIDITY (PERCENT)
 HIGHEST   100          1000 AM
 LOWEST     73           500 PM
 AVERAGE    87

..........................................................


THE CONCORDIA KS CLIMATE NORMALS FOR TODAY
                         NORMAL    RECORD    YEAR
 MAXIMUM TEMPERATURE (F)   76        96      2012
 MINIMUM TEMPERATURE (F)   54        38      1893


SUNRISE AND SUNSET
MAY 23 2017...........SUNRISE   610 AM CDT   SUNSET   845 PM CDT
MAY 24 2017...........SUNRISE   609 AM CDT   SUNSET   846 PM CDT


-  INDICATES NEGATIVE NUMBERS.
R  INDICATES RECORD WAS SET OR TIED.
MM INDICATES DATA IS MISSING.
T  INDICATES TRACE AMOUNT.




$$
