000
CDUS43 KTOP 092234
CLICNK


CLIMATE REPORT
NATIONAL WEATHER SERVICE TOPEKA KS
432 PM CST TUE JAN 9 2018


...................................

...THE CONCORDIA KS CLIMATE SUMMARY FOR JANUARY 9 2018...
VALID TODAY AS OF 0400 PM LOCAL TIME.

CLIMATE NORMAL PERIOD 1981 TO 2010
CLIMATE RECORD PERIOD 1885 TO 2018


WEATHER ITEM   OBSERVED TIME   RECORD YEAR NORMAL DEPARTURE LAST
                VALUE   (LST)  VALUE       VALUE  FROM      YEAR
                                                  NORMAL
..................................................................
TEMPERATURE (F)
 TODAY
  MAXIMUM         57    328 PM  64    1902  38     19       47
  MINIMUM         37    400 AM -21    1886  19     18       19
  AVERAGE         47                        28     19       33

PRECIPITATION (IN)
  TODAY            0.00          0.80 1985   0.02  -0.02     0.00
  MONTH TO DATE    0.00                      0.14  -0.14     0.10
  SINCE DEC 1      0.13                      0.99  -0.86     1.03
  SINCE JAN 1      0.00                      0.14  -0.14     0.10

SNOWFALL (IN)
  TODAY            0.0           9.0  1985   0.2   -0.2      0.0
  MONTH TO DATE    0.0                       1.5   -1.5      1.0
  SINCE JAN 1      0.0                       1.5   -1.5      1.0
  SINCE JUL 1      1.8                       8.0   -6.2      3.2
  SNOW DEPTH       0

DEGREE DAYS
 HEATING
  TODAY           18                        37    -19       32
  MONTH TO DATE  365                       333     32      397
  SINCE DEC 1   1401                      1418    -17     1501
  SINCE JUL 1   2338                      2510   -172     2198

 COOLING
  TODAY            0                         0      0        0
  MONTH TO DATE    0                         0      0        0
  SINCE DEC 1      0                         0      0        0
  SINCE JAN 1      0                         0      0        0
..................................................................


WIND (MPH)
  HIGHEST WIND SPEED    25   HIGHEST WIND DIRECTION     S (200)
  HIGHEST GUST SPEED    31   HIGHEST GUST DIRECTION     S (190)
  AVERAGE WIND SPEED    18.1



WEATHER CONDITIONS
 THE FOLLOWING WEATHER WAS RECORDED TODAY.
  NO SIGNIFICANT WEATHER WAS OBSERVED.


RELATIVE HUMIDITY (PERCENT)
 HIGHEST    64           500 AM
 LOWEST     39           300 PM
 AVERAGE    52

..........................................................


THE CONCORDIA KS CLIMATE NORMALS FOR TOMORROW
                         NORMAL    RECORD    YEAR
 MAXIMUM TEMPERATURE (F)   38        78      1911
 MINIMUM TEMPERATURE (F)   19       -16      1982


SUNRISE AND SUNSET
JANUARY  9 2018.......SUNRISE   751 AM CST   SUNSET   525 PM CST
JANUARY 10 2018.......SUNRISE   751 AM CST   SUNSET   526 PM CST


-  INDICATES NEGATIVE NUMBERS.
R  INDICATES RECORD WAS SET OR TIED.
MM INDICATES DATA IS MISSING.
T  INDICATES TRACE AMOUNT.




$$
