000
CDUS43 KTOP 120636
CLICNK


CLIMATE REPORT
NATIONAL WEATHER SERVICE TOPEKA KS
1233 AM CST THU JAN 12 2017


...................................

...THE CONCORDIA KS CLIMATE SUMMARY FOR JANUARY 11 2017...

CLIMATE NORMAL PERIOD 1981 TO 2010
CLIMATE RECORD PERIOD 1885 TO 2017


WEATHER ITEM   OBSERVED TIME   RECORD YEAR NORMAL DEPARTURE LAST
                VALUE   (LST)  VALUE       VALUE  FROM      YEAR
                                                  NORMAL
..................................................................
TEMPERATURE (F)
 YESTERDAY
  MAXIMUM         48    647 AM  63    1986  38     10       42
  MINIMUM         15   1159 PM -20    1918  19     -4       25
  AVERAGE         32                        28      4       34

PRECIPITATION (IN)
  YESTERDAY        0.00          0.44 1890   0.01  -0.01     0.00
  MONTH TO DATE    0.11                      0.16  -0.05     0.42
  SINCE DEC 1      1.04                      1.01   0.03     3.06
  SINCE JAN 1      0.11                      0.16  -0.05     0.42

SNOWFALL (IN)
  YESTERDAY        0.0           2.0  1963   0.1   -0.1      0.0
  MONTH TO DATE    1.0                       1.8   -0.8       T
  SINCE JAN 1      1.0                       1.8   -0.8       T
  SINCE JUL 1      3.2                       8.3   -5.1      1.3
  SNOW DEPTH       0

DEGREE DAYS
 HEATING
  YESTERDAY       33                        37     -4       31
  MONTH TO DATE  453                       407     46      405
  SINCE DEC 1   1557                      1492     65     1280
  SINCE JUL 1   2254                      2584   -330     2048

 COOLING
  YESTERDAY        0                         0      0        0
  MONTH TO DATE    0                         0      0        0
  SINCE DEC 1      0                         0      0        0
  SINCE JAN 1      0                         0      0        0
..................................................................


WIND (MPH)
  HIGHEST WIND SPEED    28   HIGHEST WIND DIRECTION     S (180)
  HIGHEST GUST SPEED    37   HIGHEST GUST DIRECTION     N (360)
  AVERAGE WIND SPEED    17.0


SKY COVER
  AVERAGE SKY COVER 0.0


WEATHER CONDITIONS
 THE FOLLOWING WEATHER WAS RECORDED YESTERDAY.
  NO SIGNIFICANT WEATHER WAS OBSERVED.


RELATIVE HUMIDITY (PERCENT)
 HIGHEST    74          1100 AM
 LOWEST     45           700 AM
 AVERAGE    60

..........................................................


THE CONCORDIA KS CLIMATE NORMALS FOR TODAY
                         NORMAL    RECORD    YEAR
 MAXIMUM TEMPERATURE (F)   38        61      1987
                                             1928
 MINIMUM TEMPERATURE (F)   19       -21      1912


SUNRISE AND SUNSET
JANUARY 12 2017.......SUNRISE   750 AM CST   SUNSET   528 PM CST
JANUARY 13 2017.......SUNRISE   750 AM CST   SUNSET   529 PM CST


-  INDICATES NEGATIVE NUMBERS.
R  INDICATES RECORD WAS SET OR TIED.
MM INDICATES DATA IS MISSING.
T  INDICATES TRACE AMOUNT.

$$
