000
CDUS43 KTOP 232236
CLICNK


CLIMATE REPORT
NATIONAL WEATHER SERVICE TOPEKA KS
435 PM CST WED NOV 23 2016


...................................

...THE CONCORDIA KS CLIMATE SUMMARY FOR NOVEMBER 23 2016...
VALID TODAY AS OF 430 PM LOCAL TIME.

CLIMATE NORMAL PERIOD 1981 TO 2010
CLIMATE RECORD PERIOD 1885 TO 2016


WEATHER ITEM   OBSERVED TIME   RECORD YEAR NORMAL DEPARTURE LAST
                VALUE   (LST)  VALUE       VALUE  FROM      YEAR
                                                  NORMAL
..................................................................
TEMPERATURE (F)
 TODAY
  MAXIMUM         44    213 PM  71    1914  48     -4       66
  MINIMUM         39    818 AM  -5    1898  27     12       32
  AVERAGE         42                        38      4       49

PRECIPITATION (IN)
  TODAY            0.00          1.39 1905   0.03  -0.03     0.00
  MONTH TO DATE    0.47                      0.88  -0.41     1.40
  SINCE SEP 1      3.47                      5.71  -2.24     3.98
  SINCE JAN 1     28.99                     26.81   2.18    25.94

SNOWFALL (IN)
  TODAY           MM             1.1  2007   0.1   MM        0.0
  MONTH TO DATE    0.0                       1.6   -1.6       T
  SINCE JAN 1     12.3                      15.5   -3.2      5.6
  SINCE JUL 1      0.0                       1.8   -1.8       T
  SNOW DEPTH      MM

DEGREE DAYS
 HEATING
  TODAY           23                        27     -4       16
  MONTH TO DATE  321                       494   -173      327
  SINCE SEP 1    533                       882   -349      557
  SINCE JUL 1    534                       885   -351      559

 COOLING
  TODAY            0                         0      0        0
  MONTH TO DATE    0                         0      0        1
  SINCE SEP 1    258                       182     76      336
  SINCE JAN 1   1540                      1348    192     1375
..................................................................


WIND (MPH)
  HIGHEST WIND SPEED    22   HIGHEST WIND DIRECTION     N (340)
  HIGHEST GUST SPEED    27   HIGHEST GUST DIRECTION     N (340)
  AVERAGE WIND SPEED    13.7



WEATHER CONDITIONS
 THE FOLLOWING WEATHER WAS RECORDED TODAY.
  FOG


RELATIVE HUMIDITY (PERCENT)
 HIGHEST    93          1200 AM
 LOWEST     76           100 PM
 AVERAGE    85

..........................................................


THE CONCORDIA KS CLIMATE NORMALS FOR TOMORROW
                         NORMAL    RECORD    YEAR
 MAXIMUM TEMPERATURE (F)   47        73      2011
                                             1990
 MINIMUM TEMPERATURE (F)   27         5      1898


SUNRISE AND SUNSET
NOVEMBER 23 2016......SUNRISE   724 AM CST   SUNSET   510 PM CST
NOVEMBER 24 2016......SUNRISE   725 AM CST   SUNSET   509 PM CST


-  INDICATES NEGATIVE NUMBERS.
R  INDICATES RECORD WAS SET OR TIED.
MM INDICATES DATA IS MISSING.
T  INDICATES TRACE AMOUNT.




$$
