000
CDUS43 KTOP 200632
CLICNK


CLIMATE REPORT
NATIONAL WEATHER SERVICE TOPEKA KS
131 AM CDT MON OCT 20 2014


...................................

...THE CONCORDIA KS CLIMATE SUMMARY FOR OCTOBER 19 2014...

CLIMATE NORMAL PERIOD 1981 TO 2010
CLIMATE RECORD PERIOD 1885 TO 2014


WEATHER ITEM   OBSERVED TIME   RECORD YEAR NORMAL DEPARTURE LAST
                VALUE   (LST)  VALUE       VALUE  FROM      YEAR
                                                  NORMAL
..................................................................
TEMPERATURE (F)
 YESTERDAY
  MAXIMUM         72    328 PM  87    1903  66      6       67
  MINIMUM         42   1237 AM  17    1972  43     -1       34
  AVERAGE         57                        54      3       51

PRECIPITATION (IN)
  YESTERDAY        0.00          1.25 1929   0.07  -0.07     0.00
  MONTH TO DATE    2.25                      1.27   0.98     0.75
  SINCE SEP 1      5.50                      4.18   1.32     1.88
  SINCE JAN 1     26.16                     25.28   0.88    25.45

SNOWFALL (IN)
  YESTERDAY        0.0           T    1976   0.0    0.0      0.0
  MONTH TO DATE    0.0                       0.0    0.0      0.0
  SINCE JAN 1     16.9                      13.7    3.2     20.3
  SINCE JUL 1      0.0                       0.0    0.0      0.0
  SNOW DEPTH       0

DEGREE DAYS
 HEATING
  YESTERDAY        8                        11     -3       14
  MONTH TO DATE  167                       158      9      139
  SINCE SEP 1    249                       228     21      153
  SINCE JUL 1    251                       231     20      160

 COOLING
  YESTERDAY        0                         0      0        0
  MONTH TO DATE    8                        20    -12       32
  SINCE SEP 1    143                       180    -37      274
  SINCE JAN 1   1352                      1346      6     1359
..................................................................


WIND (MPH)
  HIGHEST WIND SPEED    23   HIGHEST WIND DIRECTION     S (200)
  HIGHEST GUST SPEED    28   HIGHEST GUST DIRECTION    SW (210)
  AVERAGE WIND SPEED    11.5


SKY COVER
  AVERAGE SKY COVER 0.0


WEATHER CONDITIONS
 THE FOLLOWING WEATHER WAS RECORDED YESTERDAY.
  NO SIGNIFICANT WEATHER WAS OBSERVED.


RELATIVE HUMIDITY (PERCENT)
 HIGHEST    89           200 AM
 LOWEST     47           100 PM
 AVERAGE    68

..........................................................


THE CONCORDIA KS CLIMATE NORMALS FOR TODAY
                         NORMAL    RECORD    YEAR
 MAXIMUM TEMPERATURE (F)   66        93      1947
 MINIMUM TEMPERATURE (F)   42        21      1916


SUNRISE AND SUNSET
OCTOBER 20 2014.......SUNRISE   746 AM CDT   SUNSET   644 PM CDT
OCTOBER 21 2014.......SUNRISE   747 AM CDT   SUNSET   643 PM CDT


-  INDICATES NEGATIVE NUMBERS.
R  INDICATES RECORD WAS SET OR TIED.
MM INDICATES DATA IS MISSING.
T  INDICATES TRACE AMOUNT.




$$
