000
CDUS43 KTOP 142135
CLICNK


CLIMATE REPORT
NATIONAL WEATHER SERVICE TOPEKA KS
435 PM CDT SUN MAY 14 2017


...................................

...THE CONCORDIA KS CLIMATE SUMMARY FOR MAY 14 2017...
VALID TODAY AS OF 0400 PM LOCAL TIME.

CLIMATE NORMAL PERIOD 1981 TO 2010
CLIMATE RECORD PERIOD 1885 TO 2017


WEATHER ITEM   OBSERVED TIME   RECORD YEAR NORMAL DEPARTURE LAST
                VALUE   (LST)  VALUE       VALUE  FROM      YEAR
                                                  NORMAL
..................................................................
TEMPERATURE (F)
 TODAY
  MAXIMUM         86    251 PM  95    1899  74     12       61
  MINIMUM         59    302 AM  31    1953  51      8       41
  AVERAGE         73                        62     11       51

PRECIPITATION (IN)
  TODAY            0.00          2.18 1902   0.14  -0.14     0.00
  MONTH TO DATE    1.17                      1.74  -0.57     2.51
  SINCE MAR 1      9.70                      6.20   3.50     4.86
  SINCE JAN 1     11.55                      7.57   3.98     6.42

SNOWFALL (IN)
  TODAY            0.0           T    1970   0.0    0.0      0.0
  MONTH TO DATE    T                         0.0    0.0      0.0
  SINCE JAN 1      2.1                      13.7  -11.6     12.3
  SINCE JUL 1      4.3                      20.2  -15.9     13.6
  SNOW DEPTH       0

DEGREE DAYS
 HEATING
  TODAY            0                         4     -4       14
  MONTH TO DATE   72                        83    -11       72
  SINCE MAR 1    989                      1140   -151      826
  SINCE JUL 1   4490                      5347   -857     4297

 COOLING
  TODAY            8                         2      6        0
  MONTH TO DATE   33                        18     15        8
  SINCE MAR 1     52                        35     17       19
  SINCE JAN 1     52                        35     17       19
..................................................................


WIND (MPH)
  HIGHEST WIND SPEED    35   HIGHEST WIND DIRECTION     S (190)
  HIGHEST GUST SPEED    45   HIGHEST GUST DIRECTION     S (190)
  AVERAGE WIND SPEED    17.6



WEATHER CONDITIONS
 THE FOLLOWING WEATHER WAS RECORDED TODAY.
  NO SIGNIFICANT WEATHER WAS OBSERVED.


RELATIVE HUMIDITY (PERCENT)
 HIGHEST    80           300 AM
 LOWEST     40           200 PM
 AVERAGE    60

..........................................................


THE CONCORDIA KS CLIMATE NORMALS FOR TOMORROW
                         NORMAL    RECORD    YEAR
 MAXIMUM TEMPERATURE (F)   74        91      2012
                                             1944
 MINIMUM TEMPERATURE (F)   52        26      1907


SUNRISE AND SUNSET
MAY 14 2017...........SUNRISE   617 AM CDT   SUNSET   837 PM CDT
MAY 15 2017...........SUNRISE   616 AM CDT   SUNSET   838 PM CDT


-  INDICATES NEGATIVE NUMBERS.
R  INDICATES RECORD WAS SET OR TIED.
MM INDICATES DATA IS MISSING.
T  INDICATES TRACE AMOUNT.




$$
