000
CDUS43 KTOP 160631
CLICNK


CLIMATE REPORT
NATIONAL WEATHER SERVICE TOPEKA KS
130 AM CDT WED AUG 16 2017


...................................

...THE CONCORDIA KS CLIMATE SUMMARY FOR AUGUST 15 2017...

CLIMATE NORMAL PERIOD 1981 TO 2010
CLIMATE RECORD PERIOD 1885 TO 2017


WEATHER ITEM   OBSERVED TIME   RECORD YEAR NORMAL DEPARTURE LAST
                VALUE   (LST)  VALUE       VALUE  FROM      YEAR
                                                  NORMAL
..................................................................
TEMPERATURE (F)
 YESTERDAY
  MAXIMUM         92    321 PM 107    1983  89      3       86
                                      1936
  MINIMUM         71    619 AM  50    1992  66      5       64
  AVERAGE         82                        78      4       75

PRECIPITATION (IN)
  YESTERDAY        0.00          1.32 1903   0.10  -0.10     0.00
  MONTH TO DATE    1.52                      1.60  -0.08     1.82
  SINCE JUN 1      7.20                      9.57  -2.37     9.16
  SINCE JAN 1     25.58                     19.56   6.02    21.33

SNOWFALL (IN)
  YESTERDAY        0.0           T    1973   0.0    0.0      0.0
  MONTH TO DATE    0.0                       0.0    0.0      0.0
  SINCE JAN 1      2.1                      13.7  -11.6     12.3
  SINCE JUL 1      0.0                       0.0    0.0      0.0
  SNOW DEPTH       0

DEGREE DAYS
 HEATING
  YESTERDAY        0                         0      0        0
  MONTH TO DATE    0                         0      0        0
  SINCE JUN 1      2                        13    -11        1
  SINCE JUL 1      0                         0      0        1

 COOLING
  YESTERDAY       17                        13      4       10
  MONTH TO DATE   98                       200   -102      202
  SINCE JUN 1    928                       901     27     1069
  SINCE JAN 1   1006                       990     16     1129
..................................................................


WIND (MPH)
  HIGHEST WIND SPEED    21   HIGHEST WIND DIRECTION    SE (140)
  HIGHEST GUST SPEED    24   HIGHEST GUST DIRECTION     S (160)
  AVERAGE WIND SPEED    11.5


SKY COVER
  AVERAGE SKY COVER 0.1


WEATHER CONDITIONS
 THE FOLLOWING WEATHER WAS RECORDED YESTERDAY.
  NO SIGNIFICANT WEATHER WAS OBSERVED.


RELATIVE HUMIDITY (PERCENT)
 HIGHEST   100           400 AM
 LOWEST     47           200 PM
 AVERAGE    74

..........................................................


THE CONCORDIA KS CLIMATE NORMALS FOR TODAY
                         NORMAL    RECORD    YEAR
 MAXIMUM TEMPERATURE (F)   89       108      1983
                                             1956
 MINIMUM TEMPERATURE (F)   66        51      1897


SUNRISE AND SUNSET
AUGUST 16 2017........SUNRISE   644 AM CDT   SUNSET   825 PM CDT
AUGUST 17 2017........SUNRISE   645 AM CDT   SUNSET   823 PM CDT


-  INDICATES NEGATIVE NUMBERS.
R  INDICATES RECORD WAS SET OR TIED.
MM INDICATES DATA IS MISSING.
T  INDICATES TRACE AMOUNT.




$$
