000
CDUS43 KTOP 200633
CLICNK


CLIMATE REPORT
NATIONAL WEATHER SERVICE TOPEKA KS
131 AM CDT THU APR 20 2017


...................................

...THE CONCORDIA KS CLIMATE SUMMARY FOR APRIL 19 2017...

CLIMATE NORMAL PERIOD 1981 TO 2010
CLIMATE RECORD PERIOD 1885 TO 2017


WEATHER ITEM   OBSERVED TIME   RECORD YEAR NORMAL DEPARTURE LAST
                VALUE   (LST)  VALUE       VALUE  FROM      YEAR
                                                  NORMAL
..................................................................
TEMPERATURE (F)
 YESTERDAY
  MAXIMUM         81    359 PM  89    1955  66     15       64
  MINIMUM         54   1159 PM  27    2013  42     12       47
  AVERAGE         68                        54     14       56

PRECIPITATION (IN)
  YESTERDAY        0.97          2.25 1929   0.08   0.89     0.22
  MONTH TO DATE    2.93                      1.44   1.49     1.03
  SINCE MAR 1      6.12                      3.45   2.67     1.48
  SINCE JAN 1      7.97                      4.82   3.15     3.04

SNOWFALL (IN)
  YESTERDAY        0.0           T    1950   0.0    0.0      0.0
  MONTH TO DATE    0.0                       0.5   -0.5      0.0
  SINCE JAN 1      2.1                      13.7  -11.6     12.3
  SINCE JUL 1      4.3                      20.2  -15.9     13.6
  SNOW DEPTH       0

DEGREE DAYS
 HEATING
  YESTERDAY        0                        11    -11        9
  MONTH TO DATE  177                       267    -90      179
  SINCE MAR 1    746                       951   -205      667
  SINCE JUL 1   4247                      5158   -911     4138

 COOLING
  YESTERDAY        3                         1      2        0
  MONTH TO DATE   15                         4     11        1
  SINCE MAR 1     19                         5     14        4
  SINCE JAN 1     19                         5     14        4
..................................................................


WIND (MPH)
  HIGHEST WIND SPEED    30   HIGHEST WIND DIRECTION     S (190)
  HIGHEST GUST SPEED    41   HIGHEST GUST DIRECTION     S (190)
  AVERAGE WIND SPEED    13.6


SKY COVER
  AVERAGE SKY COVER 0.3


WEATHER CONDITIONS
 THE FOLLOWING WEATHER WAS RECORDED YESTERDAY.
  THUNDERSTORM
  HEAVY RAIN
  RAIN
  LIGHT RAIN
  FOG


RELATIVE HUMIDITY (PERCENT)
 HIGHEST   100           500 AM
 LOWEST     58           100 PM
 AVERAGE    79

..........................................................


THE CONCORDIA KS CLIMATE NORMALS FOR TODAY
                         NORMAL    RECORD    YEAR
 MAXIMUM TEMPERATURE (F)   66       100      1902
 MINIMUM TEMPERATURE (F)   43        25      1953


SUNRISE AND SUNSET
APRIL 20 2017.........SUNRISE   646 AM CDT   SUNSET   814 PM CDT
APRIL 21 2017.........SUNRISE   644 AM CDT   SUNSET   815 PM CDT


-  INDICATES NEGATIVE NUMBERS.
R  INDICATES RECORD WAS SET OR TIED.
MM INDICATES DATA IS MISSING.
T  INDICATES TRACE AMOUNT.




$$
