000
CDUS43 KTOP 302232
CLICNK


CLIMATE REPORT
NATIONAL WEATHER SERVICE TOPEKA KS
432 PM CST THU NOV 30 2017


...................................

...THE CONCORDIA KS CLIMATE SUMMARY FOR NOVEMBER 30 2017...
VALID TODAY AS OF 0400 PM LOCAL TIME.

CLIMATE NORMAL PERIOD 1981 TO 2010
CLIMATE RECORD PERIOD 1885 TO 2017


WEATHER ITEM   OBSERVED TIME   RECORD YEAR NORMAL DEPARTURE LAST
                VALUE   (LST)  VALUE       VALUE  FROM      YEAR
                                                  NORMAL
..................................................................
TEMPERATURE (F)
 TODAY
  MAXIMUM         56    301 PM  72    1995  44     12       40
  MINIMUM         30    759 AM   4    1964  24      6       25
                                      1896
  AVERAGE         43                        34      9       33

PRECIPITATION (IN)
  TODAY            0.00          1.28 1981   0.03  -0.03     0.00
  MONTH TO DATE    0.14                      1.11  -0.97     0.57
  SINCE SEP 1      8.89                      5.94   2.95     3.57
  SINCE JAN 1     36.34                     27.04   9.30    29.09

SNOWFALL (IN)
  TODAY            0.0           3.2  1985   0.1   -0.1      0.0
  MONTH TO DATE    0.0                       2.5   -2.5      0.0
  SINCE JAN 1      2.1                      16.4  -14.3     12.3
  SINCE JUL 1      T                         2.7   -2.7      0.0
  SNOW DEPTH       0

DEGREE DAYS
 HEATING
  TODAY           22                        31     -9       32
  MONTH TO DATE  611                       699    -88      484
  SINCE SEP 1    937                      1089   -152      696
  SINCE JUL 1    937                      1092   -155      697

 COOLING
  TODAY            0                         0      0        0
  MONTH TO DATE    0                         1     -1        0
  SINCE SEP 1    232                       183     49      258
  SINCE JAN 1   1370                      1349     21     1540
..................................................................


WIND (MPH)
  HIGHEST WIND SPEED    12   HIGHEST WIND DIRECTION     W (290)
  HIGHEST GUST SPEED    16   HIGHEST GUST DIRECTION     N (340)
  AVERAGE WIND SPEED     7.4



WEATHER CONDITIONS
 THE FOLLOWING WEATHER WAS RECORDED TODAY.
  NO SIGNIFICANT WEATHER WAS OBSERVED.


RELATIVE HUMIDITY (PERCENT)
 HIGHEST    78           600 AM
 LOWEST     24           400 PM
 AVERAGE    51

..........................................................


THE CONCORDIA KS CLIMATE NORMALS FOR TOMORROW
                         NORMAL    RECORD    YEAR
 MAXIMUM TEMPERATURE (F)   44        73      1917
 MINIMUM TEMPERATURE (F)   24         0      1985


SUNRISE AND SUNSET
NOVEMBER 30 2017......SUNRISE   731 AM CST   SUNSET   507 PM CST
DECEMBER  1 2017......SUNRISE   732 AM CST   SUNSET   507 PM CST


-  INDICATES NEGATIVE NUMBERS.
R  INDICATES RECORD WAS SET OR TIED.
MM INDICATES DATA IS MISSING.
T  INDICATES TRACE AMOUNT.




$$
