694
CDUS43 KTOP 100636
CLICNK


CLIMATE REPORT
NATIONAL WEATHER SERVICE TOPEKA KS
1235 AM CST SAT DEC 10 2016


...................................

...THE CONCORDIA KS CLIMATE SUMMARY FOR DECEMBER 9 2016...

CLIMATE NORMAL PERIOD 1981 TO 2010
CLIMATE RECORD PERIOD 1885 TO 2016


WEATHER ITEM   OBSERVED TIME   RECORD YEAR NORMAL DEPARTURE LAST
                VALUE   (LST)  VALUE       VALUE  FROM      YEAR
                                                  NORMAL
..................................................................
TEMPERATURE (F)
 YESTERDAY
  MAXIMUM         25    921 PM  69    1939  40    -15       66
  MINIMUM          8    405 AM -11    1919  21    -13       35
  AVERAGE         17                        31    -14       51

PRECIPITATION (IN)
  YESTERDAY        0.00          0.86 1911   0.03  -0.03     0.00
  MONTH TO DATE    0.48                      0.30   0.18      T
  SINCE DEC 1      0.48                      0.30   0.18      T
  SINCE JAN 1     29.57                     27.34   2.23    26.71

SNOWFALL (IN)
  YESTERDAY        0.0           2.4  1961   0.1   -0.1      0.0
  MONTH TO DATE    0.4                       1.1   -0.7       T
  SINCE JAN 1     12.7                      17.5   -4.8      6.9
  SINCE JUL 1      0.4                       3.8   -3.4      1.3
  SNOW DEPTH       0

DEGREE DAYS
 HEATING
  YESTERDAY       48                        34     14       14
  MONTH TO DATE  318                       294     24      199
  SINCE DEC 1    318                       294     24      199
  SINCE JUL 1   1015                      1386   -371      967

 COOLING
  YESTERDAY        0                         0      0        0
  MONTH TO DATE    0                         0      0        0
  SINCE DEC 1      0                         0      0        0
  SINCE JAN 1   1540                      1349    191     1375
..................................................................


WIND (MPH)
  HIGHEST WIND SPEED    18   HIGHEST WIND DIRECTION     S (160)
  HIGHEST GUST SPEED    23   HIGHEST GUST DIRECTION     S (170)
  AVERAGE WIND SPEED     6.5


SKY COVER
  AVERAGE SKY COVER 0.7


WEATHER CONDITIONS
 THE FOLLOWING WEATHER WAS RECORDED YESTERDAY.
  NO SIGNIFICANT WEATHER WAS OBSERVED.


RELATIVE HUMIDITY (PERCENT)
 HIGHEST    88           600 AM
 LOWEST     60           200 PM
 AVERAGE    74

..........................................................


THE CONCORDIA KS CLIMATE NORMALS FOR TODAY
                         NORMAL    RECORD    YEAR
 MAXIMUM TEMPERATURE (F)   40        71      1890
 MINIMUM TEMPERATURE (F)   21       -14      1919


SUNRISE AND SUNSET
DECEMBER 10 2016......SUNRISE   741 AM CST   SUNSET   507 PM CST
DECEMBER 11 2016......SUNRISE   741 AM CST   SUNSET   507 PM CST


-  INDICATES NEGATIVE NUMBERS.
R  INDICATES RECORD WAS SET OR TIED.
MM INDICATES DATA IS MISSING.
T  INDICATES TRACE AMOUNT.




$$
