000
CDUS43 KTOP 070633
CLICNK


CLIMATE REPORT
NATIONAL WEATHER SERVICE TOPEKA KS
132 AM CDT SAT OCT 7 2017


...................................

...THE CONCORDIA KS CLIMATE SUMMARY FOR OCTOBER 6 2017...

CLIMATE NORMAL PERIOD 1981 TO 2010
CLIMATE RECORD PERIOD 1885 TO 2017


WEATHER ITEM   OBSERVED TIME   RECORD YEAR NORMAL DEPARTURE LAST
                VALUE   (LST)  VALUE       VALUE  FROM      YEAR
                                                  NORMAL
..................................................................
TEMPERATURE (F)
 YESTERDAY
  MAXIMUM         80    226 PM  94    1963  71      9       79
  MINIMUM         56   1159 PM  26    1952  47      9       41
  AVERAGE         68                        59      9       60

PRECIPITATION (IN)
  YESTERDAY        1.67R         0.97 1941   0.07   1.60     0.22
  MONTH TO DATE    3.22                      0.46   2.76     0.84
  SINCE SEP 1      8.47                      3.37   5.10     2.84
  SINCE JAN 1     35.92                     24.47  11.45    28.36

SNOWFALL (IN)
  YESTERDAY        0.0           T    1941   0.0    0.0      0.0
  MONTH TO DATE    0.0                       0.0    0.0      0.0
  SINCE JAN 1      2.1                      13.7  -11.6     12.3
  SINCE JUL 1      0.0                       0.0    0.0      0.0
  SNOW DEPTH       0

DEGREE DAYS
 HEATING
  YESTERDAY        0                         7     -7        5
  MONTH TO DATE    8                        39    -31       13
  SINCE SEP 1     35                       109    -74       54
  SINCE JUL 1     35                       112    -77       55

 COOLING
  YESTERDAY        3                         1      2        0
  MONTH TO DATE   20                        10     10        4
  SINCE SEP 1    228                       170     58      224
  SINCE JAN 1   1366                      1336     30     1506
..................................................................


WIND (MPH)
  HIGHEST WIND SPEED    37   HIGHEST WIND DIRECTION     W (250)
  HIGHEST GUST SPEED    50   HIGHEST GUST DIRECTION     W (250)
  AVERAGE WIND SPEED    10.2


SKY COVER
  AVERAGE SKY COVER 0.8


WEATHER CONDITIONS
 THE FOLLOWING WEATHER WAS RECORDED YESTERDAY.
  THUNDERSTORM
  HEAVY RAIN
  RAIN
  LIGHT RAIN
  FOG


RELATIVE HUMIDITY (PERCENT)
 HIGHEST   100           100 AM
 LOWEST     74           400 PM
 AVERAGE    87

..........................................................


THE CONCORDIA KS CLIMATE NORMALS FOR TODAY
                         NORMAL    RECORD    YEAR
 MAXIMUM TEMPERATURE (F)   71        91      1949
 MINIMUM TEMPERATURE (F)   47        24      2000


SUNRISE AND SUNSET
OCTOBER  7 2017.......SUNRISE   733 AM CDT   SUNSET   703 PM CDT
OCTOBER  8 2017.......SUNRISE   734 AM CDT   SUNSET   702 PM CDT


-  INDICATES NEGATIVE NUMBERS.
R  INDICATES RECORD WAS SET OR TIED.
MM INDICATES DATA IS MISSING.
T  INDICATES TRACE AMOUNT.




$$
