000
CDUS43 KTOP 130632
CLICNK


CLIMATE REPORT
NATIONAL WEATHER SERVICE TOPEKA KS
131 AM CDT WED AUG 13 2014


...................................

...THE CONCORDIA KS CLIMATE SUMMARY FOR AUGUST 12 2014...

CLIMATE NORMAL PERIOD 1981 TO 2010
CLIMATE RECORD PERIOD 1885 TO 2014


WEATHER ITEM   OBSERVED TIME   RECORD YEAR NORMAL DEPARTURE LAST
                VALUE   (LST)  VALUE       VALUE  FROM      YEAR
                                                  NORMAL
..................................................................
TEMPERATURE (F)
 YESTERDAY
  MAXIMUM         82    422 PM 116    1936  89     -7       83
  MINIMUM         56    604 AM  45    1964  66    -10       63
  AVERAGE         69                        78     -9       73

PRECIPITATION (IN)
  YESTERDAY        0.00          1.63 1932   0.11  -0.11     1.06
  MONTH TO DATE    1.86                      1.29   0.57     6.43
  SINCE JUN 1      9.70                      9.26   0.44    12.03
  SINCE JAN 1     15.53                     19.25  -3.72    23.42

SNOWFALL (IN)
  YESTERDAY        0.0           T    1919   0.0    0.0      0.0
  MONTH TO DATE    0.0                       0.0    0.0      0.0
  SINCE JAN 1     16.9                      13.7    3.2     20.3
  SINCE JUL 1      0.0                       0.0    0.0      0.0
  SNOW DEPTH       0

DEGREE DAYS
 HEATING
  YESTERDAY        0                         0      0        0
  MONTH TO DATE    0                         0      0        0
  SINCE JUN 1      3                        13    -10       22
  SINCE JUL 1      2                         0      2        7

 COOLING
  YESTERDAY        4                        13     -9        8
  MONTH TO DATE  147                       161    -14      109
  SINCE JUN 1    796                       862    -66      758
  SINCE JAN 1    971                       951     20      861
..................................................................


WIND (MPH)
  HIGHEST WIND SPEED    13   HIGHEST WIND DIRECTION    NE (40)
  HIGHEST GUST SPEED    17   HIGHEST GUST DIRECTION    NE (50)
  AVERAGE WIND SPEED     5.7


SKY COVER
  AVERAGE SKY COVER 0.0


WEATHER CONDITIONS
 THE FOLLOWING WEATHER WAS RECORDED YESTERDAY.
  NO SIGNIFICANT WEATHER WAS OBSERVED.


RELATIVE HUMIDITY (PERCENT)
 HIGHEST   100           600 AM
 LOWEST     39           300 PM
 AVERAGE    70

..........................................................


THE CONCORDIA KS CLIMATE NORMALS FOR TODAY
                         NORMAL    RECORD    YEAR
 MAXIMUM TEMPERATURE (F)   89       114      1936
 MINIMUM TEMPERATURE (F)   66        51      1992


SUNRISE AND SUNSET
AUGUST 13 2014........SUNRISE   641 AM CDT   SUNSET   829 PM CDT
AUGUST 14 2014........SUNRISE   642 AM CDT   SUNSET   828 PM CDT


-  INDICATES NEGATIVE NUMBERS.
R  INDICATES RECORD WAS SET OR TIED.
MM INDICATES DATA IS MISSING.
T  INDICATES TRACE AMOUNT.




$$
