000
CDUS43 KTOP 040632
CLICNK


CLIMATE REPORT
NATIONAL WEATHER SERVICE TOPEKA KS
132 AM CDT FRI JUL 4 2014


...................................

...THE CONCORDIA KS CLIMATE SUMMARY FOR JULY 3 2014...

CLIMATE NORMAL PERIOD 1981 TO 2010
CLIMATE RECORD PERIOD 1885 TO 2014


WEATHER ITEM   OBSERVED TIME   RECORD YEAR NORMAL DEPARTURE LAST
                VALUE   (LST)  VALUE       VALUE  FROM      YEAR
                                                  NORMAL
..................................................................
TEMPERATURE (F)
 YESTERDAY
  MAXIMUM         83    435 PM 106    2003  90     -7       85
                                      1990
                                      1936
  MINIMUM         56    452 AM  50    1924  67    -11       56
  AVERAGE         70                        78     -8       71

PRECIPITATION (IN)
  YESTERDAY        0.00          2.71 1971   0.15  -0.15     0.00
  MONTH TO DATE    0.00                      0.42  -0.42      T
  SINCE JUN 1      6.70                      4.47   2.23     1.28
  SINCE JAN 1     12.53                     14.46  -1.93    12.67

SNOWFALL (IN)
  YESTERDAY        0.0           0.0    MM   0.0    0.0      0.0
  MONTH TO DATE    0.0                       0.0    0.0      0.0
  SINCE JAN 1     16.9                      13.7    3.2     20.3
  SINCE JUL 1      0.0                       0.0    0.0      0.0
  SNOW DEPTH       0

DEGREE DAYS
 HEATING
  YESTERDAY        0                         0      0        0
  MONTH TO DATE    0                         0      0        0
  SINCE JUN 1      1                        13    -12       15
  SINCE JUL 1      0                         0      0        0

 COOLING
  YESTERDAY        5                        13     -8        6
  MONTH TO DATE   16                        39    -23       14
  SINCE JUN 1    303                       304     -1      310
  SINCE JAN 1    478                       393     85      413
..................................................................


WIND (MPH)
  HIGHEST WIND SPEED    16   HIGHEST WIND DIRECTION     S (170)
  HIGHEST GUST SPEED    21   HIGHEST GUST DIRECTION     S (180)
  AVERAGE WIND SPEED    11.0


SKY COVER
  AVERAGE SKY COVER 0.0


WEATHER CONDITIONS
 THE FOLLOWING WEATHER WAS RECORDED YESTERDAY.
  NO SIGNIFICANT WEATHER WAS OBSERVED.


RELATIVE HUMIDITY (PERCENT)
 HIGHEST    80           600 AM
 LOWEST     37           500 PM
 AVERAGE    59

..........................................................


THE CONCORDIA KS CLIMATE NORMALS FOR TODAY
                         NORMAL    RECORD    YEAR
 MAXIMUM TEMPERATURE (F)   90       108      1934
 MINIMUM TEMPERATURE (F)   67        50      1967


SUNRISE AND SUNSET
JULY  4 2014..........SUNRISE   608 AM CDT   SUNSET   901 PM CDT
JULY  5 2014..........SUNRISE   609 AM CDT   SUNSET   901 PM CDT


-  INDICATES NEGATIVE NUMBERS.
R  INDICATES RECORD WAS SET OR TIED.
MM INDICATES DATA IS MISSING.
T  INDICATES TRACE AMOUNT.




$$
