000
CDUS43 KTOP 020632
CLICNK


CLIMATE REPORT
NATIONAL WEATHER SERVICE TOPEKA KS
1232 AM CST FRI FEB 2 2018


...................................

...THE CONCORDIA KS CLIMATE SUMMARY FOR FEBRUARY 1 2018...

CLIMATE NORMAL PERIOD 1981 TO 2010
CLIMATE RECORD PERIOD 1885 TO 2018


WEATHER ITEM   OBSERVED TIME   RECORD YEAR NORMAL DEPARTURE LAST
                VALUE   (LST)  VALUE       VALUE  FROM      YEAR
                                                  NORMAL
..................................................................
TEMPERATURE (F)
 YESTERDAY
  MAXIMUM         41    121 AM  72    1992  40      1       37
  MINIMUM         11   1159 PM -15    1979  19     -8       21
                                      1917
  AVERAGE         26                        30     -4       29

PRECIPITATION (IN)
  YESTERDAY        0.00          0.51 1919   0.03  -0.03     0.00
  MONTH TO DATE    0.00                      0.03  -0.03     0.00
  SINCE DEC 1      0.55                      1.46  -0.91     2.68
  SINCE JAN 1      0.42                      0.61  -0.19     1.75

SNOWFALL (IN)
  YESTERDAY        0.0           6.4  1983   0.2   -0.2      0.0
  MONTH TO DATE    0.0                       0.2   -0.2      0.0
  SINCE JAN 1      3.6                       5.9   -2.3      1.0
  SINCE JUL 1      5.4                      12.4   -7.0      3.2
  SNOW DEPTH       0

DEGREE DAYS
 HEATING
  YESTERDAY       39                        35      4       36
  MONTH TO DATE   39                        35      4       36
  SINCE DEC 1   2194                      2247    -53     2182
  SINCE JUL 1   3131                      3339   -208     2879

 COOLING
  YESTERDAY        0                         0      0        0
  MONTH TO DATE    0                         0      0        0
  SINCE DEC 1      0                         0      0        0
  SINCE JAN 1      0                         0      0        0
..................................................................


WIND (MPH)
  HIGHEST WIND SPEED    25   HIGHEST WIND DIRECTION    NE (30)
  HIGHEST GUST SPEED    32   HIGHEST GUST DIRECTION     N (20)
  AVERAGE WIND SPEED    12.6


SKY COVER
  AVERAGE SKY COVER 0.4


WEATHER CONDITIONS
 THE FOLLOWING WEATHER WAS RECORDED YESTERDAY.
  NO SIGNIFICANT WEATHER WAS OBSERVED.


RELATIVE HUMIDITY (PERCENT)
 HIGHEST    75           500 AM
 LOWEST     32           300 PM
 AVERAGE    54

..........................................................


THE CONCORDIA KS CLIMATE NORMALS FOR TODAY
                         NORMAL    RECORD    YEAR
 MAXIMUM TEMPERATURE (F)   40        70      1992
                                             1935
 MINIMUM TEMPERATURE (F)   19       -14      1996
                                             1917


SUNRISE AND SUNSET
FEBRUARY  2 2018......SUNRISE   737 AM CST   SUNSET   552 PM CST
FEBRUARY  3 2018......SUNRISE   736 AM CST   SUNSET   553 PM CST


-  INDICATES NEGATIVE NUMBERS.
R  INDICATES RECORD WAS SET OR TIED.
MM INDICATES DATA IS MISSING.
T  INDICATES TRACE AMOUNT.




$$
