000
CDUS43 KTOP 210631
CLICNK


CLIMATE REPORT
NATIONAL WEATHER SERVICE TOPEKA KS
1231 AM CST MON NOV 21 2016


...................................

...THE CONCORDIA KS CLIMATE SUMMARY FOR NOVEMBER 20 2016...

CLIMATE NORMAL PERIOD 1981 TO 2010
CLIMATE RECORD PERIOD 1885 TO 2016


WEATHER ITEM   OBSERVED TIME   RECORD YEAR NORMAL DEPARTURE LAST
                VALUE   (LST)  VALUE       VALUE  FROM      YEAR
                                                  NORMAL
..................................................................
TEMPERATURE (F)
 YESTERDAY
  MAXIMUM         53    330 PM  79    1897  50      3       56
  MINIMUM         25    331 AM   8    1985  29     -4       31
  AVERAGE         39                        39      0       44

PRECIPITATION (IN)
  YESTERDAY        0.00          0.63 1994   0.03  -0.03     0.00
  MONTH TO DATE    0.35                      0.79  -0.44     1.40
  SINCE SEP 1      3.35                      5.62  -2.27     3.98
  SINCE JAN 1     28.87                     26.72   2.15    25.94

SNOWFALL (IN)
  YESTERDAY        0.0           2.0  1953   0.1   -0.1      0.0
  MONTH TO DATE    0.0                       1.3   -1.3       T
  SINCE JAN 1     12.3                      15.2   -2.9      5.6
  SINCE JUL 1      0.0                       1.5   -1.5       T
  SNOW DEPTH       0

DEGREE DAYS
 HEATING
  YESTERDAY       26                        26      0       21
  MONTH TO DATE  259                       414   -155      254
  SINCE SEP 1    471                       802   -331      484
  SINCE JUL 1    472                       805   -333      486

 COOLING
  YESTERDAY        0                         0      0        0
  MONTH TO DATE    0                         0      0        1
  SINCE SEP 1    258                       182     76      336
  SINCE JAN 1   1540                      1348    192     1375
..................................................................


WIND (MPH)
  HIGHEST WIND SPEED    21   HIGHEST WIND DIRECTION     S (160)
  HIGHEST GUST SPEED    25   HIGHEST GUST DIRECTION     S (160)
  AVERAGE WIND SPEED     8.8


SKY COVER
  AVERAGE SKY COVER 0.0


WEATHER CONDITIONS
 THE FOLLOWING WEATHER WAS RECORDED YESTERDAY.
  NO SIGNIFICANT WEATHER WAS OBSERVED.


RELATIVE HUMIDITY (PERCENT)
 HIGHEST    81           200 AM
 LOWEST     38           100 PM
 AVERAGE    60

..........................................................


THE CONCORDIA KS CLIMATE NORMALS FOR TODAY
                         NORMAL    RECORD    YEAR
 MAXIMUM TEMPERATURE (F)   49        73      2012
 MINIMUM TEMPERATURE (F)   28         5      1964


SUNRISE AND SUNSET
NOVEMBER 21 2016......SUNRISE   722 AM CST   SUNSET   511 PM CST
NOVEMBER 22 2016......SUNRISE   723 AM CST   SUNSET   510 PM CST


-  INDICATES NEGATIVE NUMBERS.
R  INDICATES RECORD WAS SET OR TIED.
MM INDICATES DATA IS MISSING.
T  INDICATES TRACE AMOUNT.




$$
