000
CDUS43 KTOP 070633
CLICNK


CLIMATE REPORT
NATIONAL WEATHER SERVICE TOPEKA KS
132 AM CDT FRI APR 7 2017


...................................

...THE CONCORDIA KS CLIMATE SUMMARY FOR APRIL 6 2017...

CLIMATE NORMAL PERIOD 1981 TO 2010
CLIMATE RECORD PERIOD 1885 TO 2017


WEATHER ITEM   OBSERVED TIME   RECORD YEAR NORMAL DEPARTURE LAST
                VALUE   (LST)  VALUE       VALUE  FROM      YEAR
                                                  NORMAL
..................................................................
TEMPERATURE (F)
 YESTERDAY
  MAXIMUM         60    431 PM  97    1893  62     -2       66
  MINIMUM         33    623 AM  16    1994  38     -5       47
  AVERAGE         47                        50     -3       57

PRECIPITATION (IN)
  YESTERDAY        0.00          1.50 2005   0.07  -0.07      T
  MONTH TO DATE    0.81                      0.45   0.36     0.03
  SINCE MAR 1      4.00                      2.46   1.54     0.48
  SINCE JAN 1      5.85                      3.83   2.02     2.04

SNOWFALL (IN)
  YESTERDAY        0.0           0.3  1994   0.0    0.0      0.0
  MONTH TO DATE    0.0                       0.2   -0.2      0.0
  SINCE JAN 1      2.1                      13.4  -11.3     12.3
  SINCE JUL 1      4.3                      19.9  -15.6     13.6
  SNOW DEPTH       0

DEGREE DAYS
 HEATING
  YESTERDAY       18                        15      3        8
  MONTH TO DATE  100                        96      4       63
  SINCE MAR 1    669                       780   -111      551
  SINCE JUL 1   4170                      4987   -817     4022

 COOLING
  YESTERDAY        0                         0      0        0
  MONTH TO DATE    0                         0      0        0
  SINCE MAR 1      4                         1      3        3
  SINCE JAN 1      4                         1      3        3
..................................................................


WIND (MPH)
  HIGHEST WIND SPEED    16   HIGHEST WIND DIRECTION     N (340)
  HIGHEST GUST SPEED    21   HIGHEST GUST DIRECTION     N (340)
  AVERAGE WIND SPEED     7.3


SKY COVER
  AVERAGE SKY COVER 0.0


WEATHER CONDITIONS
 THE FOLLOWING WEATHER WAS RECORDED YESTERDAY.
  NO SIGNIFICANT WEATHER WAS OBSERVED.


RELATIVE HUMIDITY (PERCENT)
 HIGHEST    96           500 AM
 LOWEST     33           500 PM
 AVERAGE    65

..........................................................


THE CONCORDIA KS CLIMATE NORMALS FOR TODAY
                         NORMAL    RECORD    YEAR
 MAXIMUM TEMPERATURE (F)   62        90      1890
 MINIMUM TEMPERATURE (F)   38        17      2009
                                             2007


SUNRISE AND SUNSET
APRIL  7 2017.........SUNRISE   705 AM CDT   SUNSET   801 PM CDT
APRIL  8 2017.........SUNRISE   703 AM CDT   SUNSET   802 PM CDT


-  INDICATES NEGATIVE NUMBERS.
R  INDICATES RECORD WAS SET OR TIED.
MM INDICATES DATA IS MISSING.
T  INDICATES TRACE AMOUNT.




$$
