000
CDUS43 KTOP 180641
CLICNK


CLIMATE REPORT
NATIONAL WEATHER SERVICE TOPEKA KS
140 AM CDT SUN SEP 18 2016


...................................

...THE CONCORDIA KS CLIMATE SUMMARY FOR SEPTEMBER 17 2016...

CLIMATE NORMAL PERIOD 1981 TO 2010
CLIMATE RECORD PERIOD 1885 TO 2016


WEATHER ITEM   OBSERVED TIME   RECORD YEAR NORMAL DEPARTURE LAST
                VALUE   (LST)  VALUE       VALUE  FROM      YEAR
                                                  NORMAL
..................................................................
TEMPERATURE (F)
 YESTERDAY
  MAXIMUM         83    225 PM 102    1953  80      3       96
  MINIMUM         58    516 AM  37    1981  55      3       70
  AVERAGE         71                        68      3       83

PRECIPITATION (IN)
  YESTERDAY        0.00          2.18 1978   0.10  -0.10     0.00
  MONTH TO DATE    1.72                      1.66   0.06     0.97
  SINCE SEP 1      1.72                      1.66   0.06     0.97
  SINCE JAN 1     27.24                     22.76   4.48    22.93

SNOWFALL (IN)
  YESTERDAY        0.0           0.0    MM   0.0    0.0      0.0
  MONTH TO DATE    0.0                       0.0    0.0      0.0
  SINCE JAN 1     12.3                      13.7   -1.4      5.6
  SINCE JUL 1      0.0                       0.0    0.0      0.0
  SNOW DEPTH       0

DEGREE DAYS
 HEATING
  YESTERDAY        0                         2     -2        0
  MONTH TO DATE   13                        20     -7        3
  SINCE SEP 1     13                        20     -7        3
  SINCE JUL 1     14                        23     -9        5

 COOLING
  YESTERDAY        6                         5      1       18
  MONTH TO DATE  124                       119      5      228
  SINCE SEP 1    124                       119      5      228
  SINCE JAN 1   1406                      1285    121     1267
..................................................................


WIND (MPH)
  HIGHEST WIND SPEED    13   HIGHEST WIND DIRECTION    SW (220)
  HIGHEST GUST SPEED    16   HIGHEST GUST DIRECTION    SW (230)
  AVERAGE WIND SPEED     6.2


SKY COVER
  AVERAGE SKY COVER 0.0


WEATHER CONDITIONS
 THE FOLLOWING WEATHER WAS RECORDED YESTERDAY.
  FOG
  HAZE


RELATIVE HUMIDITY (PERCENT)
 HIGHEST   100           300 AM
 LOWEST     28           300 PM
 AVERAGE    64

..........................................................


THE CONCORDIA KS CLIMATE NORMALS FOR TODAY
                         NORMAL    RECORD    YEAR
 MAXIMUM TEMPERATURE (F)   79       100      1931
                                             1895
 MINIMUM TEMPERATURE (F)   55        36      1901


SUNRISE AND SUNSET
SEPTEMBER 18 2016.....SUNRISE   715 AM CDT   SUNSET   733 PM CDT
SEPTEMBER 19 2016.....SUNRISE   716 AM CDT   SUNSET   732 PM CDT


-  INDICATES NEGATIVE NUMBERS.
R  INDICATES RECORD WAS SET OR TIED.
MM INDICATES DATA IS MISSING.
T  INDICATES TRACE AMOUNT.




$$
