000
CDUS43 KTOP 220633
CLICNK


CLIMATE REPORT
NATIONAL WEATHER SERVICE TOPEKA KS
132 AM CDT SUN MAR 22 2015


...................................

...THE CONCORDIA KS CLIMATE SUMMARY FOR MARCH 21 2015...

CLIMATE NORMAL PERIOD 1981 TO 2010
CLIMATE RECORD PERIOD 1885 TO 2015


WEATHER ITEM   OBSERVED TIME   RECORD YEAR NORMAL DEPARTURE LAST
                VALUE   (LST)  VALUE       VALUE  FROM      YEAR
                                                  NORMAL
..................................................................
TEMPERATURE (F)
 YESTERDAY
  MAXIMUM         75    429 PM  97    1907  57     18       62
  MINIMUM         38    644 AM  10    1913  33      5       34
  AVERAGE         57                        45     12       48

PRECIPITATION (IN)
  YESTERDAY        0.00          1.74 2005   0.07  -0.07     0.00
  MONTH TO DATE    T                         1.22  -1.22     0.10
  SINCE MAR 1      T                         1.22  -1.22     0.10
  SINCE JAN 1      1.52                      2.59  -1.07     1.29

SNOWFALL (IN)
  YESTERDAY        0.0           1.4  1952   0.1   -0.1      0.0
  MONTH TO DATE    0.0                       1.7   -1.7      0.7
  SINCE JAN 1      5.6                      12.1   -6.5     15.4
  SINCE JUL 1     11.7                      18.6   -6.9     21.7
  SNOW DEPTH       0

DEGREE DAYS
 HEATING
  YESTERDAY        8                        20    -12       17
  MONTH TO DATE  386                       499   -113      561
  SINCE MAR 1    386                       499   -113      561
  SINCE JUL 1   4593                      4706   -113     5043

 COOLING
  YESTERDAY        0                         0      0        0
  MONTH TO DATE    4                         0      4        0
  SINCE MAR 1      4                         0      4        0
  SINCE JAN 1      4                         0      4        0
..................................................................


WIND (MPH)
  HIGHEST WIND SPEED    15   HIGHEST WIND DIRECTION     S (200)
  HIGHEST GUST SPEED    20   HIGHEST GUST DIRECTION     E (90)
  AVERAGE WIND SPEED     8.7


SKY COVER
  AVERAGE SKY COVER 0.0


WEATHER CONDITIONS
 THE FOLLOWING WEATHER WAS RECORDED YESTERDAY.
  HAZE


RELATIVE HUMIDITY (PERCENT)
 HIGHEST    76           600 AM
 LOWEST     21           400 PM
 AVERAGE    49

..........................................................


THE CONCORDIA KS CLIMATE NORMALS FOR TODAY
                         NORMAL    RECORD    YEAR
 MAXIMUM TEMPERATURE (F)   57        89      1910
 MINIMUM TEMPERATURE (F)   33         9      2002


SUNRISE AND SUNSET
MARCH 22 2015.........SUNRISE   731 AM CDT   SUNSET   744 PM CDT
MARCH 23 2015.........SUNRISE   730 AM CDT   SUNSET   745 PM CDT


-  INDICATES NEGATIVE NUMBERS.
R  INDICATES RECORD WAS SET OR TIED.
MM INDICATES DATA IS MISSING.
T  INDICATES TRACE AMOUNT.




$$
