000
CDUS43 KTOP 100634
CLICNK


CLIMATE REPORT
NATIONAL WEATHER SERVICE TOPEKA KS
133 AM CDT WED SEP 10 2014


...................................

...THE CONCORDIA KS CLIMATE SUMMARY FOR SEPTEMBER 9 2014...

CLIMATE NORMAL PERIOD 1981 TO 2010
CLIMATE RECORD PERIOD 1885 TO 2014


WEATHER ITEM   OBSERVED TIME   RECORD YEAR NORMAL DEPARTURE LAST
                VALUE   (LST)  VALUE       VALUE  FROM      YEAR
                                                  NORMAL
..................................................................
TEMPERATURE (F)
 YESTERDAY
  MAXIMUM         92    441 PM 100    1919  83      9       96
                                      1904
  MINIMUM         70   1159 PM  43    2008  59     11       73
                                      1943
                                      1902
  AVERAGE         81                        71     10       85

PRECIPITATION (IN)
  YESTERDAY        0.49          2.75 1914   0.10   0.39     0.00
  MONTH TO DATE    1.72                      0.87   0.85     0.01
  SINCE SEP 1      1.72                      0.87   0.85     0.01
  SINCE JAN 1     22.38                     21.97   0.41    23.58

SNOWFALL (IN)
  YESTERDAY        0.0           T    1987   0.0    0.0      0.0
  MONTH TO DATE    0.0                       0.0    0.0      0.0
  SINCE JAN 1     16.9                      13.7    3.2     20.3
  SINCE JUL 1      0.0                       0.0    0.0      0.0
  SNOW DEPTH       0

DEGREE DAYS
 HEATING
  YESTERDAY        0                         1     -1        0
  MONTH TO DATE    6                         7     -1        0
  SINCE SEP 1      6                         7     -1        0
  SINCE JUL 1      8                        10     -2        7

 COOLING
  YESTERDAY       16                         7      9       20
  MONTH TO DATE   71                        73     -2      118
  SINCE SEP 1     71                        73     -2      118
  SINCE JAN 1   1280                      1239     41     1203
..................................................................


WIND (MPH)
  HIGHEST WIND SPEED    28   HIGHEST WIND DIRECTION     S (190)
  HIGHEST GUST SPEED    39   HIGHEST GUST DIRECTION     S (200)
  AVERAGE WIND SPEED    14.7


SKY COVER
  AVERAGE SKY COVER 0.2


WEATHER CONDITIONS
 THE FOLLOWING WEATHER WAS RECORDED YESTERDAY.
  THUNDERSTORM
  HEAVY RAIN
  RAIN
  LIGHT RAIN
  FOG


RELATIVE HUMIDITY (PERCENT)
 HIGHEST   100          1100 PM
 LOWEST     47           500 PM
 AVERAGE    74

..........................................................


THE CONCORDIA KS CLIMATE NORMALS FOR TODAY
                         NORMAL    RECORD    YEAR
 MAXIMUM TEMPERATURE (F)   83       100      2000
                                             1936
 MINIMUM TEMPERATURE (F)   59        42      1962
                                             1898


SUNRISE AND SUNSET
SEPTEMBER 10 2014.....SUNRISE   707 AM CDT   SUNSET   747 PM CDT
SEPTEMBER 11 2014.....SUNRISE   708 AM CDT   SUNSET   746 PM CDT


-  INDICATES NEGATIVE NUMBERS.
R  INDICATES RECORD WAS SET OR TIED.
MM INDICATES DATA IS MISSING.
T  INDICATES TRACE AMOUNT.




$$
