000
CDUS43 KTOP 152133
CLICNK


CLIMATE REPORT
NATIONAL WEATHER SERVICE TOPEKA KS
433 PM CDT TUE JUL 15 2014


...................................

...THE CONCORDIA KS CLIMATE SUMMARY FOR JULY 15 2014...
VALID TODAY AS OF 0400 PM LOCAL TIME.

CLIMATE NORMAL PERIOD 1981 TO 2010
CLIMATE RECORD PERIOD 1885 TO 2014


WEATHER ITEM   OBSERVED TIME   RECORD YEAR NORMAL DEPARTURE LAST
                VALUE   (LST)  VALUE       VALUE  FROM      YEAR
                                                  NORMAL
..................................................................
TEMPERATURE (F)
 TODAY
  MAXIMUM         75    247 PM 110    1934  91    -16       88
                                      1914
  MINIMUM         50R   529 AM  54    1967  68    -18       59
  AVERAGE         63                        79    -16       74

PRECIPITATION (IN)
  TODAY            0.00          2.40 1946   0.13  -0.13     0.01
  MONTH TO DATE    0.91                      2.09  -1.18     0.53
  SINCE JUN 1      7.61                      6.14   1.47     1.81
  SINCE JAN 1     13.44                     16.13  -2.69    13.20

SNOWFALL (IN)
  TODAY            0.0           0.0    MM   0.0    0.0      0.0
  MONTH TO DATE    0.0                       0.0    0.0      0.0
  SINCE JAN 1     16.9                      13.7    3.2     20.3
  SINCE JUL 1      0.0                       0.0    0.0      0.0
  SNOW DEPTH       0

DEGREE DAYS
 HEATING
  TODAY            2                         0      2        0
  MONTH TO DATE    2                         0      2        0
  SINCE JUN 1      3                        13    -10       15
  SINCE JUL 1      2                         0      2        0

 COOLING
  TODAY            0                        14    -14        9
  MONTH TO DATE  173                       206    -33      214
  SINCE JUN 1    460                       471    -11      510
  SINCE JAN 1    635                       560     75      613
..................................................................


WIND (MPH)
  HIGHEST WIND SPEED    16   HIGHEST WIND DIRECTION     N (350)
  HIGHEST GUST SPEED    23   HIGHEST GUST DIRECTION     N (350)
  AVERAGE WIND SPEED     7.9



WEATHER CONDITIONS
 THE FOLLOWING WEATHER WAS RECORDED TODAY.
  NO SIGNIFICANT WEATHER WAS OBSERVED.


RELATIVE HUMIDITY (PERCENT)
 HIGHEST    96           600 AM
 LOWEST     41           300 PM
 AVERAGE    69

..........................................................


THE CONCORDIA KS CLIMATE NORMALS FOR TOMORROW
                         NORMAL    RECORD    YEAR
 MAXIMUM TEMPERATURE (F)   91       109      1913
 MINIMUM TEMPERATURE (F)   68        56      1917


SUNRISE AND SUNSET
JULY 15 2014..........SUNRISE   616 AM CDT   SUNSET   857 PM CDT
JULY 16 2014..........SUNRISE   616 AM CDT   SUNSET   856 PM CDT


-  INDICATES NEGATIVE NUMBERS.
R  INDICATES RECORD WAS SET OR TIED.
MM INDICATES DATA IS MISSING.
T  INDICATES TRACE AMOUNT.




$$
