110
CDUS43 KTOP 242235
CLICNK


CLIMATE REPORT
NATIONAL WEATHER SERVICE TOPEKA KS
434 PM CST THU NOV 24 2016


...................................

...THE CONCORDIA KS CLIMATE SUMMARY FOR NOVEMBER 24 2016...
VALID TODAY AS OF 0400 PM LOCAL TIME.

CLIMATE NORMAL PERIOD 1981 TO 2010
CLIMATE RECORD PERIOD 1885 TO 2016


WEATHER ITEM   OBSERVED TIME   RECORD YEAR NORMAL DEPARTURE LAST
                VALUE   (LST)  VALUE       VALUE  FROM      YEAR
                                                  NORMAL
..................................................................
TEMPERATURE (F)
 TODAY
  MAXIMUM         41    347 PM  73    2011  47     -6       58
                                      1990
  MINIMUM         33   1218 AM   5    1898  27      6       38
  AVERAGE         37                        37      0       48

PRECIPITATION (IN)
  TODAY            0.00          0.48 1944   0.03  -0.03     0.00
  MONTH TO DATE    0.47                      0.91  -0.44     1.40
  SINCE SEP 1      3.47                      5.74  -2.27     3.98
  SINCE JAN 1     28.99                     26.84   2.15    25.94

SNOWFALL (IN)
  TODAY            0.0           1.6  1972   0.2   -0.2      0.0
  MONTH TO DATE    0.0                       1.8   -1.8       T
  SINCE JAN 1     12.3                      15.7   -3.4      5.6
  SINCE JUL 1      0.0                       2.0   -2.0       T
  SNOW DEPTH       0

DEGREE DAYS
 HEATING
  TODAY           28                        28      0       17
  MONTH TO DATE  354                       522   -168      344
  SINCE SEP 1    566                       910   -344      574
  SINCE JUL 1    567                       913   -346      576

 COOLING
  TODAY            0                         0      0        0
  MONTH TO DATE    0                         0      0        1
  SINCE SEP 1    258                       182     76      336
  SINCE JAN 1   1540                      1348    192     1375
..................................................................


WIND (MPH)
  HIGHEST WIND SPEED    21   HIGHEST WIND DIRECTION    SE (130)
  HIGHEST GUST SPEED    28   HIGHEST GUST DIRECTION    SE (130)
  AVERAGE WIND SPEED     9.3



WEATHER CONDITIONS
 THE FOLLOWING WEATHER WAS RECORDED TODAY.
  FOG


RELATIVE HUMIDITY (PERCENT)
 HIGHEST   100          1200 AM
 LOWEST     92           100 AM
 AVERAGE    96

..........................................................


THE CONCORDIA KS CLIMATE NORMALS FOR TOMORROW
                         NORMAL    RECORD    YEAR
 MAXIMUM TEMPERATURE (F)   47        71      1960
                                             1894
 MINIMUM TEMPERATURE (F)   27         6      1993


SUNRISE AND SUNSET
NOVEMBER 24 2016......SUNRISE   725 AM CST   SUNSET   509 PM CST
NOVEMBER 25 2016......SUNRISE   726 AM CST   SUNSET   509 PM CST


-  INDICATES NEGATIVE NUMBERS.
R  INDICATES RECORD WAS SET OR TIED.
MM INDICATES DATA IS MISSING.
T  INDICATES TRACE AMOUNT.




$$
