000
CDUS43 KTOP 130641
CLICNK


CLIMATE REPORT
NATIONAL WEATHER SERVICE TOPEKA KS
1240 AM CST FRI JAN 13 2017


...................................

...THE CONCORDIA KS CLIMATE SUMMARY FOR JANUARY 12 2017...

CLIMATE NORMAL PERIOD 1981 TO 2010
CLIMATE RECORD PERIOD 1885 TO 2017


WEATHER ITEM   OBSERVED TIME   RECORD YEAR NORMAL DEPARTURE LAST
                VALUE   (LST)  VALUE       VALUE  FROM      YEAR
                                                  NORMAL
..................................................................
TEMPERATURE (F)
 YESTERDAY
  MAXIMUM         25    334 PM  61    1987  38    -13       32
                                      1928
  MINIMUM          9    812 AM -21    1912  19    -10       20
  AVERAGE         17                        28    -11       26

PRECIPITATION (IN)
  YESTERDAY        0.00          0.72 1890   0.02  -0.02     0.00
  MONTH TO DATE    0.11                      0.18  -0.07     0.42
  SINCE DEC 1      1.04                      1.03   0.01     3.06
  SINCE JAN 1      0.11                      0.18  -0.07     0.42

SNOWFALL (IN)
  YESTERDAY        0.0           6.9  1979   0.2   -0.2      0.0
  MONTH TO DATE    1.0                       2.0   -1.0       T
  SINCE JAN 1      1.0                       2.0   -1.0       T
  SINCE JUL 1      3.2                       8.5   -5.3      1.3
  SNOW DEPTH       0

DEGREE DAYS
 HEATING
  YESTERDAY       48                        37     11       39
  MONTH TO DATE  501                       444     57      444
  SINCE DEC 1   1605                      1529     76     1319
  SINCE JUL 1   2302                      2621   -319     2087

 COOLING
  YESTERDAY        0                         0      0        0
  MONTH TO DATE    0                         0      0        0
  SINCE DEC 1      0                         0      0        0
  SINCE JAN 1      0                         0      0        0
..................................................................


WIND (MPH)
  HIGHEST WIND SPEED    16   HIGHEST WIND DIRECTION     N (20)
  HIGHEST GUST SPEED    19   HIGHEST GUST DIRECTION     N (20)
  AVERAGE WIND SPEED     9.0


SKY COVER
  AVERAGE SKY COVER 0.0


WEATHER CONDITIONS
 THE FOLLOWING WEATHER WAS RECORDED YESTERDAY.
  NO SIGNIFICANT WEATHER WAS OBSERVED.


RELATIVE HUMIDITY (PERCENT)
 HIGHEST    83           500 AM
 LOWEST     46           200 PM
 AVERAGE    65

..........................................................


THE CONCORDIA KS CLIMATE NORMALS FOR TODAY
                         NORMAL    RECORD    YEAR
 MAXIMUM TEMPERATURE (F)   38        67      1996
 MINIMUM TEMPERATURE (F)   19       -16      1916


SUNRISE AND SUNSET
JANUARY 13 2017.......SUNRISE   750 AM CST   SUNSET   529 PM CST
JANUARY 14 2017.......SUNRISE   750 AM CST   SUNSET   530 PM CST


-  INDICATES NEGATIVE NUMBERS.
R  INDICATES RECORD WAS SET OR TIED.
MM INDICATES DATA IS MISSING.
T  INDICATES TRACE AMOUNT.

$$
