326
CDUS43 KTOP 132239
CLICNK


CLIMATE REPORT
NATIONAL WEATHER SERVICE TOPEKA KS
439 PM CST MON FEB 13 2017


...................................

...THE CONCORDIA KS CLIMATE SUMMARY FOR FEBRUARY 13 2017...
VALID TODAY AS OF 0400 PM LOCAL TIME.

CLIMATE NORMAL PERIOD 1981 TO 2010
CLIMATE RECORD PERIOD 1885 TO 2017


WEATHER ITEM   OBSERVED TIME   RECORD YEAR NORMAL DEPARTURE LAST
                VALUE   (LST)  VALUE       VALUE  FROM      YEAR
                                                  NORMAL
..................................................................
TEMPERATURE (F)
 TODAY
  MAXIMUM         45    257 PM  72    1921  43      2       31
  MINIMUM         32   1238 AM -21    1905  22     10       19
  AVERAGE         39                        32      7       25

PRECIPITATION (IN)
  TODAY            T             0.84 1911   0.03  -0.03     0.00
  MONTH TO DATE    0.02                      0.34  -0.32     0.49
  SINCE DEC 1      2.70                      1.77   0.93     4.18
  SINCE JAN 1      1.77                      0.92   0.85     1.54

SNOWFALL (IN)
  TODAY            0.0           3.1  1978   0.2   -0.2      0.0
  MONTH TO DATE    T                         2.8   -2.8      4.7
  SINCE JAN 1      1.0                       8.5   -7.5     12.3
  SINCE JUL 1      3.2                      15.0  -11.8     13.6
  SNOW DEPTH       0

DEGREE DAYS
 HEATING
  TODAY           26                        33     -7       40
  MONTH TO DATE  385                       446    -61      438
  SINCE DEC 1   2531                      2658   -127     2402
  SINCE JUL 1   3228                      3750   -522     3170

 COOLING
  TODAY            0                         0      0        0
  MONTH TO DATE    0                         0      0        0
  SINCE DEC 1      0                         0      0        0
  SINCE JAN 1      0                         0      0        0
..................................................................


WIND (MPH)
  HIGHEST WIND SPEED    21   HIGHEST WIND DIRECTION     S (200)
  HIGHEST GUST SPEED    25   HIGHEST GUST DIRECTION    SW (210)
  AVERAGE WIND SPEED     9.5



WEATHER CONDITIONS
 THE FOLLOWING WEATHER WAS RECORDED TODAY.
  LIGHT RAIN


RELATIVE HUMIDITY (PERCENT)
 HIGHEST    70          1200 PM
 LOWEST     40           200 AM
 AVERAGE    55

..........................................................


THE CONCORDIA KS CLIMATE NORMALS FOR TOMORROW
                         NORMAL    RECORD    YEAR
 MAXIMUM TEMPERATURE (F)   43        77      1954
 MINIMUM TEMPERATURE (F)   22       -12      1936


SUNRISE AND SUNSET
FEBRUARY 13 2017......SUNRISE   725 AM CST   SUNSET   605 PM CST
FEBRUARY 14 2017......SUNRISE   724 AM CST   SUNSET   606 PM CST


-  INDICATES NEGATIVE NUMBERS.
R  INDICATES RECORD WAS SET OR TIED.
MM INDICATES DATA IS MISSING.
T  INDICATES TRACE AMOUNT.




$$
