000
CDUS43 KTOP 082131
CLICNK


CLIMATE REPORT
NATIONAL WEATHER SERVICE TOPEKA KS
431 PM CDT SAT JUL 8 2017


...................................

...THE CONCORDIA KS CLIMATE SUMMARY FOR JULY 8 2017...
VALID TODAY AS OF 0400 PM LOCAL TIME.

CLIMATE NORMAL PERIOD 1981 TO 2010
CLIMATE RECORD PERIOD 1885 TO 2017


WEATHER ITEM   OBSERVED TIME   RECORD YEAR NORMAL DEPARTURE LAST
                VALUE   (LST)  VALUE       VALUE  FROM      YEAR
                                                  NORMAL
..................................................................
TEMPERATURE (F)
 TODAY
  MAXIMUM         91    259 PM 106    1984  91      0       90
  MINIMUM         59    331 AM  49    1891  67     -8       70
  AVERAGE         75                        79     -4       80

PRECIPITATION (IN)
  TODAY            0.00          1.74 1992   0.15  -0.15     0.00
  MONTH TO DATE    0.03                      1.13  -1.10     1.92
  SINCE JUN 1      3.37                      5.18  -1.81     3.09
  SINCE JAN 1     21.75                     15.17   6.58    15.26

SNOWFALL (IN)
  TODAY            0.0           0.0    MM   0.0    0.0      0.0
  MONTH TO DATE    0.0                       0.0    0.0      0.0
  SINCE JAN 1      2.1                      13.7  -11.6     12.3
  SINCE JUL 1      0.0                       0.0    0.0      0.0
  SNOW DEPTH       0

DEGREE DAYS
 HEATING
  TODAY            0                         0      0        0
  MONTH TO DATE    0                         0      0        1
  SINCE JUN 1      2                        13    -11        1
  SINCE JUL 1      0                         0      0        1

 COOLING
  TODAY           10                        14     -4       15
  MONTH TO DATE   98                       108    -10       95
  SINCE JUN 1    431                       373     58      516
  SINCE JAN 1    509                       462     47      576
..................................................................


WIND (MPH)
  HIGHEST WIND SPEED    15   HIGHEST WIND DIRECTION    SE (140)
  HIGHEST GUST SPEED    18   HIGHEST GUST DIRECTION    SE (140)
  AVERAGE WIND SPEED     4.2



WEATHER CONDITIONS
 THE FOLLOWING WEATHER WAS RECORDED TODAY.
  NO SIGNIFICANT WEATHER WAS OBSERVED.


RELATIVE HUMIDITY (PERCENT)
 HIGHEST   100           300 AM
 LOWEST     36           100 PM
 AVERAGE    68

..........................................................


THE CONCORDIA KS CLIMATE NORMALS FOR TOMORROW
                         NORMAL    RECORD    YEAR
 MAXIMUM TEMPERATURE (F)   91       107      1980
 MINIMUM TEMPERATURE (F)   67        46      1895


SUNRISE AND SUNSET
JULY  8 2017..........SUNRISE   611 AM CDT   SUNSET   900 PM CDT
JULY  9 2017..........SUNRISE   612 AM CDT   SUNSET   900 PM CDT


-  INDICATES NEGATIVE NUMBERS.
R  INDICATES RECORD WAS SET OR TIED.
MM INDICATES DATA IS MISSING.
T  INDICATES TRACE AMOUNT.




$$
