000
CDUS43 KTOP 130632
CLICNK


CLIMATE REPORT
NATIONAL WEATHER SERVICE TOPEKA KS
131 AM CDT WED JUL 13 2016


...................................

...THE CONCORDIA KS CLIMATE SUMMARY FOR JULY 12 2016...

CLIMATE NORMAL PERIOD 1981 TO 2010
CLIMATE RECORD PERIOD 1885 TO 2016


WEATHER ITEM   OBSERVED TIME   RECORD YEAR NORMAL DEPARTURE LAST
                VALUE   (LST)  VALUE       VALUE  FROM      YEAR
                                                  NORMAL
..................................................................
TEMPERATURE (F)
 YESTERDAY
  MAXIMUM         85    531 PM 111    1954  91     -6       97
  MINIMUM         68    533 AM  54    1895  68      0       74
  AVERAGE         77                        79     -2       86

PRECIPITATION (IN)
  YESTERDAY        0.19          2.04 1951   0.14   0.05     0.00
  MONTH TO DATE    2.41                      1.68   0.73     0.85
  SINCE JUN 1      3.58                      5.73  -2.15     6.96
  SINCE JAN 1     15.75                     15.72   0.03    15.04

SNOWFALL (IN)
  YESTERDAY        0.0           T    1912   0.0    0.0      0.0
  MONTH TO DATE    0.0                       0.0    0.0      0.0
  SINCE JAN 1     12.3                      13.7   -1.4      5.6
  SINCE JUL 1      0.0                       0.0    0.0      0.0
  SNOW DEPTH       0

DEGREE DAYS
 HEATING
  YESTERDAY        0                         0      0        0
  MONTH TO DATE    1                         0      1        0
  SINCE JUN 1      1                        13    -12        2
  SINCE JUL 1      1                         0      1        0

 COOLING
  YESTERDAY       12                        14     -2       21
  MONTH TO DATE  165                       164      1      123
  SINCE JUN 1    586                       429    157      432
  SINCE JAN 1    646                       518    128      487
..................................................................


WIND (MPH)
  HIGHEST WIND SPEED    24   HIGHEST WIND DIRECTION    SW (210)
  HIGHEST GUST SPEED    31   HIGHEST GUST DIRECTION     S (160)
  AVERAGE WIND SPEED     8.3


SKY COVER
  AVERAGE SKY COVER 0.2


WEATHER CONDITIONS
 THE FOLLOWING WEATHER WAS RECORDED YESTERDAY.
  THUNDERSTORM
  HEAVY RAIN
  LIGHT RAIN
  FOG


RELATIVE HUMIDITY (PERCENT)
 HIGHEST    93          1000 PM
 LOWEST     61           300 PM
 AVERAGE    77

..........................................................


THE CONCORDIA KS CLIMATE NORMALS FOR TODAY
                         NORMAL    RECORD    YEAR
 MAXIMUM TEMPERATURE (F)   91       114      1934
 MINIMUM TEMPERATURE (F)   68        52      1975


SUNRISE AND SUNSET
JULY 13 2016..........SUNRISE   615 AM CDT   SUNSET   858 PM CDT
JULY 14 2016..........SUNRISE   615 AM CDT   SUNSET   857 PM CDT


-  INDICATES NEGATIVE NUMBERS.
R  INDICATES RECORD WAS SET OR TIED.
MM INDICATES DATA IS MISSING.
T  INDICATES TRACE AMOUNT.




$$
