000
CDUS43 KTOP 020636
CLICNK


CLIMATE REPORT
NATIONAL WEATHER SERVICE TOPEKA KS
1234 AM CST MON JAN 2 2017


...................................

...THE CONCORDIA KS CLIMATE SUMMARY FOR JANUARY 1 2017...

CLIMATE NORMAL PERIOD 1981 TO 2010
CLIMATE RECORD PERIOD 1885 TO 2017


WEATHER ITEM   OBSERVED TIME   RECORD YEAR NORMAL DEPARTURE LAST
                VALUE   (LST)  VALUE       VALUE  FROM      YEAR
                                                  NORMAL
..................................................................
TEMPERATURE (F)
 YESTERDAY
  MAXIMUM         43    139 PM  66    2005  38      5       43
  MINIMUM         21    245 AM -14    1974  19      2       17
  AVERAGE         32                        28      4       30

PRECIPITATION (IN)
  YESTERDAY        0.00          0.40 1907   0.02  -0.02     0.00
  MONTH TO DATE    0.00                      0.02  -0.02     0.00
  SINCE DEC 1      0.93                      0.87   0.06     2.64
  SINCE JAN 1      0.00                      0.02  -0.02     0.00

SNOWFALL (IN)
  YESTERDAY        0.0           2.0  2014   0.2   -0.2      0.0
  MONTH TO DATE    0.0                       0.2   -0.2      0.0
  SINCE JAN 1      0.0                       0.2   -0.2      0.0
  SINCE JUL 1      2.2                       6.7   -4.5      1.3
  SNOW DEPTH       0

DEGREE DAYS
 HEATING
  YESTERDAY       33                        37     -4       35
  MONTH TO DATE   33                        37     -4       35
  SINCE DEC 1   1137                      1122     15      910
  SINCE JUL 1   1834                      2214   -380     1678

 COOLING
  YESTERDAY        0                         0      0        0
  MONTH TO DATE    0                         0      0        0
  SINCE DEC 1      0                         0      0        0
  SINCE JAN 1      0                         0      0        0
..................................................................


WIND (MPH)
  HIGHEST WIND SPEED    16   HIGHEST WIND DIRECTION    SE (130)
  HIGHEST GUST SPEED    20   HIGHEST GUST DIRECTION    SE (130)
  AVERAGE WIND SPEED     8.9


SKY COVER
  AVERAGE SKY COVER 0.6


WEATHER CONDITIONS
 THE FOLLOWING WEATHER WAS RECORDED YESTERDAY.
  NO SIGNIFICANT WEATHER WAS OBSERVED.


RELATIVE HUMIDITY (PERCENT)
 HIGHEST    81           300 AM
 LOWEST     51           100 PM
 AVERAGE    66

..........................................................


THE CONCORDIA KS CLIMATE NORMALS FOR TODAY
                         NORMAL    RECORD    YEAR
 MAXIMUM TEMPERATURE (F)   38        69      1939
 MINIMUM TEMPERATURE (F)   19       -12      1887


SUNRISE AND SUNSET
JANUARY  2 2017.......SUNRISE   751 AM CST   SUNSET   519 PM CST
JANUARY  3 2017.......SUNRISE   751 AM CST   SUNSET   519 PM CST


-  INDICATES NEGATIVE NUMBERS.
R  INDICATES RECORD WAS SET OR TIED.
MM INDICATES DATA IS MISSING.
T  INDICATES TRACE AMOUNT.




$$
