000
CDUS43 KTOP 162237
CLICNK


CLIMATE REPORT
NATIONAL WEATHER SERVICE TOPEKA KS
436 PM CST THU FEB 16 2017


...................................

...THE CONCORDIA KS CLIMATE SUMMARY FOR FEBRUARY 16 2017...
VALID TODAY AS OF 0400 PM LOCAL TIME.

CLIMATE NORMAL PERIOD 1981 TO 2010
CLIMATE RECORD PERIOD 1885 TO 2017


WEATHER ITEM   OBSERVED TIME   RECORD YEAR NORMAL DEPARTURE LAST
                VALUE   (LST)  VALUE       VALUE  FROM      YEAR
                                                  NORMAL
..................................................................
TEMPERATURE (F)
 TODAY
  MAXIMUM         75R   359 PM  71    1913  43     32       50
  MINIMUM         39    749 AM -12    1903  22     17       33
  AVERAGE         57                        33     24       42

PRECIPITATION (IN)
  TODAY            0.00          1.34 1931   0.03  -0.03     0.01
  MONTH TO DATE    0.02                      0.42  -0.40     0.51
  SINCE DEC 1      2.70                      1.85   0.85     4.20
  SINCE JAN 1      1.77                      1.00   0.77     1.56

SNOWFALL (IN)
  TODAY            0.0           4.7  1975   0.1   -0.1      0.0
  MONTH TO DATE    T                         3.3   -3.3      4.7
  SINCE JAN 1      1.0                       9.0   -8.0     12.3
  SINCE JUL 1      3.2                      15.5  -12.3     13.6
  SNOW DEPTH       0

DEGREE DAYS
 HEATING
  TODAY            8                        32    -24       23
  MONTH TO DATE  440                       543   -103      513
  SINCE DEC 1   2586                      2755   -169     2477
  SINCE JUL 1   3283                      3847   -564     3245

 COOLING
  TODAY            0                         0      0        0
  MONTH TO DATE    0                         0      0        0
  SINCE DEC 1      0                         0      0        0
  SINCE JAN 1      0                         0      0        0
..................................................................


WIND (MPH)
  HIGHEST WIND SPEED    18   HIGHEST WIND DIRECTION    SW (230)
  HIGHEST GUST SPEED    25   HIGHEST GUST DIRECTION    SW (220)
  AVERAGE WIND SPEED    13.6



WEATHER CONDITIONS
 THE FOLLOWING WEATHER WAS RECORDED TODAY.
  NO SIGNIFICANT WEATHER WAS OBSERVED.


RELATIVE HUMIDITY (PERCENT)
 HIGHEST    54           800 AM
 LOWEST     14           400 PM
 AVERAGE    34

..........................................................


THE CONCORDIA KS CLIMATE NORMALS FOR TOMORROW
                         NORMAL    RECORD    YEAR
 MAXIMUM TEMPERATURE (F)   44        79      1970
 MINIMUM TEMPERATURE (F)   23       -11      1903


SUNRISE AND SUNSET
FEBRUARY 16 2017......SUNRISE   721 AM CST   SUNSET   609 PM CST
FEBRUARY 17 2017......SUNRISE   720 AM CST   SUNSET   610 PM CST


-  INDICATES NEGATIVE NUMBERS.
R  INDICATES RECORD WAS SET OR TIED.
MM INDICATES DATA IS MISSING.
T  INDICATES TRACE AMOUNT.




$$
