000
CDUS43 KTOP 180637
CLICNK


CLIMATE REPORT
NATIONAL WEATHER SERVICE TOPEKA KS
1235 AM CST WED FEB 18 2015


...................................

...THE CONCORDIA KS CLIMATE SUMMARY FOR FEBRUARY 17 2015...

CLIMATE NORMAL PERIOD 1981 TO 2010
CLIMATE RECORD PERIOD 1885 TO 2015


WEATHER ITEM   OBSERVED TIME   RECORD YEAR NORMAL DEPARTURE LAST
                VALUE   (LST)  VALUE       VALUE  FROM      YEAR
                                                  NORMAL
..................................................................
TEMPERATURE (F)
 YESTERDAY
  MAXIMUM         33   1030 AM  79    1970  44    -11       58
  MINIMUM         15   1141 PM -11    1903  23     -8       27
  AVERAGE         24                        33     -9       43

PRECIPITATION (IN)
  YESTERDAY        0.05          1.06 1911   0.02   0.03     0.00
  MONTH TO DATE    0.27                      0.44  -0.17     0.55
  SINCE DEC 1      2.18                      1.87   0.31     1.52
  SINCE JAN 1      1.44                      1.02   0.42     0.98

SNOWFALL (IN)
  YESTERDAY        0.4           3.0  1975   0.2    0.2      0.0
  MONTH TO DATE    1.7                       3.5   -1.8      6.4
  SINCE JAN 1      4.0                       9.2   -5.2     12.0
  SINCE JUL 1     10.1                      15.7   -5.6     18.3
  SNOW DEPTH       T

DEGREE DAYS
 HEATING
  YESTERDAY       41                        32      9       22
  MONTH TO DATE  570                       575     -5      743
  SINCE DEC 1   2572                      2787   -215     3092
  SINCE JUL 1   3735                      3879   -144     4148

 COOLING
  YESTERDAY        0                         0      0        0
  MONTH TO DATE    0                         0      0        0
  SINCE DEC 1      0                         0      0        0
  SINCE JAN 1      0                         0      0        0
..................................................................


WIND (MPH)
  HIGHEST WIND SPEED    30   HIGHEST WIND DIRECTION    NW (330)
  HIGHEST GUST SPEED    43   HIGHEST GUST DIRECTION    NW (330)
  AVERAGE WIND SPEED    10.3


SKY COVER
  AVERAGE SKY COVER 0.5


WEATHER CONDITIONS
 THE FOLLOWING WEATHER WAS RECORDED YESTERDAY.
  HEAVY SNOW
  SNOW
  LIGHT SNOW
  FOG
  FOG W/VISIBILITY <= 1/4 MILE


RELATIVE HUMIDITY (PERCENT)
 HIGHEST   100           700 AM
 LOWEST     46           500 PM
 AVERAGE    73

..........................................................


THE CONCORDIA KS CLIMATE NORMALS FOR TODAY
                         NORMAL    RECORD    YEAR
 MAXIMUM TEMPERATURE (F)   44        75      1930
 MINIMUM TEMPERATURE (F)   23       -10      1978


SUNRISE AND SUNSET
FEBRUARY 18 2015......SUNRISE   719 AM CST   SUNSET   610 PM CST
FEBRUARY 19 2015......SUNRISE   718 AM CST   SUNSET   612 PM CST


-  INDICATES NEGATIVE NUMBERS.
R  INDICATES RECORD WAS SET OR TIED.
MM INDICATES DATA IS MISSING.
T  INDICATES TRACE AMOUNT.




$$
