000
CDUS43 KTOP 122136
CLICNK


CLIMATE REPORT
NATIONAL WEATHER SERVICE TOPEKA KS
435 PM CDT MON SEP 12 2016


...................................

...THE CONCORDIA KS CLIMATE SUMMARY FOR SEPTEMBER 12 2016...
VALID TODAY AS OF 0400 PM LOCAL TIME.

CLIMATE NORMAL PERIOD 1981 TO 2010
CLIMATE RECORD PERIOD 1885 TO 2016


WEATHER ITEM   OBSERVED TIME   RECORD YEAR NORMAL DEPARTURE LAST
                VALUE   (LST)  VALUE       VALUE  FROM      YEAR
                                                  NORMAL
..................................................................
TEMPERATURE (F)
 TODAY
  MAXIMUM         88    137 PM 103    1956  82      6       74
  MINIMUM         66    529 AM  36    1902  58      8       51
  AVERAGE         77                        70      7       63

PRECIPITATION (IN)
  TODAY            0.00          2.39 1933   0.10  -0.10      T
  MONTH TO DATE    0.98                      1.16  -0.18     0.93
  SINCE SEP 1      0.98                      1.16  -0.18     0.93
  SINCE JAN 1     26.50                     22.26   4.24    22.89

SNOWFALL (IN)
  TODAY            0.0           0.0    MM   0.0    0.0      0.0
  MONTH TO DATE    0.0                       0.0    0.0      0.0
  SINCE JAN 1     12.3                      13.7   -1.4      5.6
  SINCE JUL 1      0.0                       0.0    0.0      0.0
  SNOW DEPTH       0

DEGREE DAYS
 HEATING
  TODAY            0                         1     -1        2
  MONTH TO DATE    2                        10     -8        3
  SINCE SEP 1      2                        10     -8        3
  SINCE JUL 1      3                        13    -10        5

 COOLING
  TODAY           12                         6      6        0
  MONTH TO DATE  105                        92     13      161
  SINCE SEP 1    105                        92     13      161
  SINCE JAN 1   1387                      1258    129     1200
..................................................................


WIND (MPH)
  HIGHEST WIND SPEED    26   HIGHEST WIND DIRECTION     S (180)
  HIGHEST GUST SPEED    35   HIGHEST GUST DIRECTION     S (180)
  AVERAGE WIND SPEED    18.7



WEATHER CONDITIONS
 THE FOLLOWING WEATHER WAS RECORDED TODAY.
  NO SIGNIFICANT WEATHER WAS OBSERVED.


RELATIVE HUMIDITY (PERCENT)
 HIGHEST    78           700 AM
 LOWEST     46           100 PM
 AVERAGE    62

..........................................................


THE CONCORDIA KS CLIMATE NORMALS FOR TOMORROW
                         NORMAL    RECORD    YEAR
 MAXIMUM TEMPERATURE (F)   81       103      1911
 MINIMUM TEMPERATURE (F)   57        33      1890


SUNRISE AND SUNSET
SEPTEMBER 12 2016.....SUNRISE   709 AM CDT   SUNSET   743 PM CDT
SEPTEMBER 13 2016.....SUNRISE   710 AM CDT   SUNSET   741 PM CDT


-  INDICATES NEGATIVE NUMBERS.
R  INDICATES RECORD WAS SET OR TIED.
MM INDICATES DATA IS MISSING.
T  INDICATES TRACE AMOUNT.




$$
