000
CDUS43 KTOP 022252
CLICNK


CLIMATE REPORT
NATIONAL WEATHER SERVICE TOPEKA KS
450 PM CST TUE JAN 2 2018


...................................

...THE CONCORDIA KS CLIMATE SUMMARY FOR JANUARY 2 2018...
VALID TODAY AS OF 0400 PM LOCAL TIME.

CLIMATE NORMAL PERIOD 1981 TO 2010
CLIMATE RECORD PERIOD 1885 TO 2018


WEATHER ITEM   OBSERVED TIME   RECORD YEAR NORMAL DEPARTURE LAST
                VALUE   (LST)  VALUE       VALUE  FROM      YEAR
                                                  NORMAL
..................................................................
TEMPERATURE (F)
 TODAY
  MAXIMUM         26    348 PM  69    1939  38    -12       47
  MINIMUM         -3    610 AM -12    1887  19    -22       31
  AVERAGE         12                        28    -16       39

PRECIPITATION (IN)
  TODAY            0.00          0.32 1947   0.01  -0.01     0.00
  MONTH TO DATE    0.00                      0.03  -0.03     0.00
  SINCE DEC 1      0.13                      0.88  -0.75     0.93
  SINCE JAN 1      0.00                      0.03  -0.03     0.00

SNOWFALL (IN)
  TODAY            0.0           3.8  1975   0.1   -0.1      0.0
  MONTH TO DATE    0.0                       0.3   -0.3      0.0
  SINCE JAN 1      0.0                       0.3   -0.3      0.0
  SINCE JUL 1      1.8                       6.8   -5.0      2.2
  SNOW DEPTH       0

DEGREE DAYS
 HEATING
  TODAY           53                        37     16       26
  MONTH TO DATE  117                        74     43       59
  SINCE DEC 1   1153                      1159     -6     1163
  SINCE JUL 1   2090                      2251   -161     1860

 COOLING
  TODAY            0                         0      0        0
  MONTH TO DATE    0                         0      0        0
  SINCE DEC 1      0                         0      0        0
  SINCE JAN 1      0                         0      0        0
..................................................................


WIND (MPH)
  HIGHEST WIND SPEED    17   HIGHEST WIND DIRECTION    SW (240)
  HIGHEST GUST SPEED    22   HIGHEST GUST DIRECTION    SW (230)
  AVERAGE WIND SPEED     7.3



WEATHER CONDITIONS
 THE FOLLOWING WEATHER WAS RECORDED TODAY.
  NO SIGNIFICANT WEATHER WAS OBSERVED.


RELATIVE HUMIDITY (PERCENT)
 HIGHEST    79           200 AM
 LOWEST     36           300 PM
 AVERAGE    58

..........................................................


THE CONCORDIA KS CLIMATE NORMALS FOR TOMORROW
                         NORMAL    RECORD    YEAR
 MAXIMUM TEMPERATURE (F)   38        64      1898
 MINIMUM TEMPERATURE (F)   19       -14      1919
                                             1911


SUNRISE AND SUNSET
JANUARY  2 2018.......SUNRISE   751 AM CST   SUNSET   518 PM CST
JANUARY  3 2018.......SUNRISE   751 AM CST   SUNSET   519 PM CST


-  INDICATES NEGATIVE NUMBERS.
R  INDICATES RECORD WAS SET OR TIED.
MM INDICATES DATA IS MISSING.
T  INDICATES TRACE AMOUNT.




$$
