000
CDUS43 KTOP 180632
CLICNK


CLIMATE REPORT
NATIONAL WEATHER SERVICE TOPEKA KS
1231 AM CST FRI NOV 18 2016


...................................

...THE CONCORDIA KS CLIMATE SUMMARY FOR NOVEMBER 17 2016...

CLIMATE NORMAL PERIOD 1981 TO 2010
CLIMATE RECORD PERIOD 1885 TO 2016


WEATHER ITEM   OBSERVED TIME   RECORD YEAR NORMAL DEPARTURE LAST
                VALUE   (LST)  VALUE       VALUE  FROM      YEAR
                                                  NORMAL
..................................................................
TEMPERATURE (F)
 YESTERDAY
  MAXIMUM         68   1212 AM  76    1943  51     17       60
  MINIMUM         45   1155 PM   2    1886  30     15       40
  AVERAGE         57                        41     16       50

PRECIPITATION (IN)
  YESTERDAY        0.00          1.41 1971   0.04  -0.04     1.29
  MONTH TO DATE    0.35                      0.70  -0.35     1.33
  SINCE SEP 1      3.35                      5.53  -2.18     3.91
  SINCE JAN 1     28.87                     26.63   2.24    25.87

SNOWFALL (IN)
  YESTERDAY        0.0           8.2  1957   0.1   -0.1      0.0
  MONTH TO DATE    0.0                       1.0   -1.0      0.0
  SINCE JAN 1     12.3                      14.9   -2.6      5.6
  SINCE JUL 1      0.0                       1.2   -1.2      0.0
  SNOW DEPTH       0

DEGREE DAYS
 HEATING
  YESTERDAY        8                        24    -16       15
  MONTH TO DATE  172                       338   -166      188
  SINCE SEP 1    384                       726   -342      418
  SINCE JUL 1    385                       729   -344      420

 COOLING
  YESTERDAY        0                         0      0        0
  MONTH TO DATE    0                         0      0        1
  SINCE SEP 1    258                       182     76      336
  SINCE JAN 1   1540                      1348    192     1375
..................................................................


WIND (MPH)
  HIGHEST WIND SPEED    29   HIGHEST WIND DIRECTION     S (190)
  HIGHEST GUST SPEED    39   HIGHEST GUST DIRECTION     S (190)
  AVERAGE WIND SPEED    11.8


SKY COVER
  AVERAGE SKY COVER 0.1


WEATHER CONDITIONS
 THE FOLLOWING WEATHER WAS RECORDED YESTERDAY.
  NO SIGNIFICANT WEATHER WAS OBSERVED.


RELATIVE HUMIDITY (PERCENT)
 HIGHEST    82           900 AM
 LOWEST     42          1200 AM
 AVERAGE    62

..........................................................


THE CONCORDIA KS CLIMATE NORMALS FOR TODAY
                         NORMAL    RECORD    YEAR
 MAXIMUM TEMPERATURE (F)   51        77      1908
 MINIMUM TEMPERATURE (F)   30         5      1886


SUNRISE AND SUNSET
NOVEMBER 18 2016......SUNRISE   719 AM CST   SUNSET   513 PM CST
NOVEMBER 19 2016......SUNRISE   720 AM CST   SUNSET   512 PM CST


-  INDICATES NEGATIVE NUMBERS.
R  INDICATES RECORD WAS SET OR TIED.
MM INDICATES DATA IS MISSING.
T  INDICATES TRACE AMOUNT.




$$
