000
CDUS43 KTOP 010643
CLICNK


CLIMATE REPORT
NATIONAL WEATHER SERVICE TOPEKA KS
142 AM CDT TUE AUG 1 2017


...................................

...THE CONCORDIA KS CLIMATE SUMMARY FOR JULY 31 2017...

CLIMATE NORMAL PERIOD 1981 TO 2010
CLIMATE RECORD PERIOD 1885 TO 2017


WEATHER ITEM   OBSERVED TIME   RECORD YEAR NORMAL DEPARTURE LAST
                VALUE   (LST)  VALUE       VALUE  FROM      YEAR
                                                  NORMAL
..................................................................
TEMPERATURE (F)
 YESTERDAY
  MAXIMUM         76    505 PM 109    1934  90    -14       90
  MINIMUM         63   1157 PM  51    1925  67     -4       67
  AVERAGE         70                        79     -9       79

PRECIPITATION (IN)
  YESTERDAY        0.05          1.24 1909   0.12  -0.07     0.42
  MONTH TO DATE    2.34                      3.92  -1.58     6.17
  SINCE JUN 1      5.68                      7.97  -2.29     7.34
  SINCE JAN 1     24.06                     17.96   6.10    19.51

SNOWFALL (IN)
  YESTERDAY        0.0           0.0    MM   0.0    0.0      0.0
  MONTH TO DATE    0.0                       0.0    0.0      0.0
  SINCE JAN 1      2.1                      13.7  -11.6     12.3
  SINCE JUL 1      0.0                       0.0    0.0      0.0
  SNOW DEPTH       0

DEGREE DAYS
 HEATING
  YESTERDAY        0                         0      0        0
  MONTH TO DATE    0                         0      0        1
  SINCE JUN 1      2                        13    -11        1
  SINCE JUL 1      0                         0      0        1

 COOLING
  YESTERDAY        5                        14     -9       14
  MONTH TO DATE  497                       436     61      446
  SINCE JUN 1    830                       701    129      867
  SINCE JAN 1    908                       790    118      927
..................................................................


WIND (MPH)
  HIGHEST WIND SPEED    13   HIGHEST WIND DIRECTION    SW (210)
  HIGHEST GUST SPEED    15   HIGHEST GUST DIRECTION    SW (220)
  AVERAGE WIND SPEED     5.3


SKY COVER
  AVERAGE SKY COVER 0.5


WEATHER CONDITIONS
 THE FOLLOWING WEATHER WAS RECORDED YESTERDAY.
  LIGHT RAIN
  FOG


RELATIVE HUMIDITY (PERCENT)
 HIGHEST    93           100 AM
 LOWEST     64           500 PM
 AVERAGE    79

..........................................................


THE CONCORDIA KS CLIMATE NORMALS FOR TODAY
                         NORMAL    RECORD    YEAR
 MAXIMUM TEMPERATURE (F)   90       106      1991
 MINIMUM TEMPERATURE (F)   67        50      1898


SUNRISE AND SUNSET
AUGUST  1 2017........SUNRISE   630 AM CDT   SUNSET   843 PM CDT
AUGUST  2 2017........SUNRISE   631 AM CDT   SUNSET   842 PM CDT


-  INDICATES NEGATIVE NUMBERS.
R  INDICATES RECORD WAS SET OR TIED.
MM INDICATES DATA IS MISSING.
T  INDICATES TRACE AMOUNT.




$$
