000
CDUS43 KTOP 110636
CLICNK


CLIMATE REPORT
NATIONAL WEATHER SERVICE TOPEKA KS
135 AM CDT TUE APR 11 2017


...................................

...THE CONCORDIA KS CLIMATE SUMMARY FOR APRIL 10 2017...

CLIMATE NORMAL PERIOD 1981 TO 2010
CLIMATE RECORD PERIOD 1885 TO 2017


WEATHER ITEM   OBSERVED TIME   RECORD YEAR NORMAL DEPARTURE LAST
                VALUE   (LST)  VALUE       VALUE  FROM      YEAR
                                                  NORMAL
..................................................................
TEMPERATURE (F)
 YESTERDAY
  MAXIMUM         57   1121 AM  92    1896  63     -6       70
  MINIMUM         35   1159 PM  19    1989  39     -4       49
  AVERAGE         46                        51     -5       60

PRECIPITATION (IN)
  YESTERDAY        0.00          0.96 1972   0.07  -0.07     0.00
  MONTH TO DATE    0.81                      0.75   0.06     0.03
  SINCE MAR 1      4.00                      2.76   1.24     0.48
  SINCE JAN 1      5.85                      4.13   1.72     2.04

SNOWFALL (IN)
  YESTERDAY        0.0           T    2013   0.1   -0.1      0.0
                                      1994
  MONTH TO DATE    0.0                       0.4   -0.4      0.0
  SINCE JAN 1      2.1                      13.6  -11.5     12.3
  SINCE JUL 1      4.3                      20.1  -15.8     13.6
  SNOW DEPTH       0

DEGREE DAYS
 HEATING
  YESTERDAY       19                        14      5        5
  MONTH TO DATE  133                       154    -21      110
  SINCE MAR 1    702                       838   -136      598
  SINCE JUL 1   4203                      5045   -842     4069

 COOLING
  YESTERDAY        0                         0      0        0
  MONTH TO DATE    1                         0      1        0
  SINCE MAR 1      5                         1      4        3
  SINCE JAN 1      5                         1      4        3
..................................................................


WIND (MPH)
  HIGHEST WIND SPEED    30   HIGHEST WIND DIRECTION    NW (300)
  HIGHEST GUST SPEED    37   HIGHEST GUST DIRECTION    NW (300)
  AVERAGE WIND SPEED    14.8


SKY COVER
  AVERAGE SKY COVER 0.1


WEATHER CONDITIONS
 THE FOLLOWING WEATHER WAS RECORDED YESTERDAY.
  NO SIGNIFICANT WEATHER WAS OBSERVED.


RELATIVE HUMIDITY (PERCENT)
 HIGHEST    89          1100 PM
 LOWEST     50           900 AM
 AVERAGE    70

..........................................................


THE CONCORDIA KS CLIMATE NORMALS FOR TODAY
                         NORMAL    RECORD    YEAR
 MAXIMUM TEMPERATURE (F)   64        92      1890
 MINIMUM TEMPERATURE (F)   40        22      1997


SUNRISE AND SUNSET
APRIL 11 2017.........SUNRISE   659 AM CDT   SUNSET   805 PM CDT
APRIL 12 2017.........SUNRISE   657 AM CDT   SUNSET   806 PM CDT


-  INDICATES NEGATIVE NUMBERS.
R  INDICATES RECORD WAS SET OR TIED.
MM INDICATES DATA IS MISSING.
T  INDICATES TRACE AMOUNT.




$$
