000
CDUS43 KTOP 060636
CLICNK


CLIMATE REPORT
NATIONAL WEATHER SERVICE TOPEKA KS
1235 AM CST MON MAR 6 2017


...................................

...THE CONCORDIA KS CLIMATE SUMMARY FOR MARCH 5 2017...

CLIMATE NORMAL PERIOD 1981 TO 2010
CLIMATE RECORD PERIOD 1885 TO 2017


WEATHER ITEM   OBSERVED TIME   RECORD YEAR NORMAL DEPARTURE LAST
                VALUE   (LST)  VALUE       VALUE  FROM      YEAR
                                                  NORMAL
..................................................................
TEMPERATURE (F)
 YESTERDAY
  MAXIMUM         72    111 PM  81    2009  50     22       68
  MINIMUM         51    130 AM   2    1960  28     23       32
  AVERAGE         62                        39     23       50

PRECIPITATION (IN)
  YESTERDAY        0.00          1.16 1892   0.05  -0.05     0.00
  MONTH TO DATE    0.00                      0.22  -0.22     T
  SINCE MAR 1      0.00                      0.22  -0.22     T
  SINCE JAN 1      1.85                      1.59   0.26     1.56

SNOWFALL (IN)
  YESTERDAY        0.0           1.6  1963   0.0    0.0      0.0
  MONTH TO DATE    0.0                       0.3   -0.3      0.0
  SINCE JAN 1      1.3                      10.7   -9.4     12.3
  SINCE JUL 1      3.5                      17.2  -13.7     13.6
  SNOW DEPTH       0

DEGREE DAYS
 HEATING
  YESTERDAY        3                        26    -23       15
  MONTH TO DATE   87                       133    -46      102
  SINCE MAR 1     87                       133    -46      102
  SINCE JUL 1   3588                      4340   -752     3573

 COOLING
  YESTERDAY        0                         0      0        0
  MONTH TO DATE    0                         0      0        0
  SINCE MAR 1      0                         0      0        0
  SINCE JAN 1      0                         0      0        0
..................................................................


WIND (MPH)
  HIGHEST WIND SPEED    40   HIGHEST WIND DIRECTION     S (180)
  HIGHEST GUST SPEED    55   HIGHEST GUST DIRECTION     S (190)
  AVERAGE WIND SPEED    22.8


SKY COVER
  AVERAGE SKY COVER 0.3


WEATHER CONDITIONS
 THE FOLLOWING WEATHER WAS RECORDED YESTERDAY.
  NO SIGNIFICANT WEATHER WAS OBSERVED.


RELATIVE HUMIDITY (PERCENT)
 HIGHEST    89           300 AM
 LOWEST     53           100 PM
 AVERAGE    71

..........................................................


THE CONCORDIA KS CLIMATE NORMALS FOR TODAY
                         NORMAL    RECORD    YEAR
 MAXIMUM TEMPERATURE (F)   51        87      1972
 MINIMUM TEMPERATURE (F)   28        -1      1943


SUNRISE AND SUNSET
MARCH  6 2017.........SUNRISE   656 AM CST   SUNSET   628 PM CST
MARCH  7 2017.........SUNRISE   654 AM CST   SUNSET   630 PM CST


-  INDICATES NEGATIVE NUMBERS.
R  INDICATES RECORD WAS SET OR TIED.
MM INDICATES DATA IS MISSING.
T  INDICATES TRACE AMOUNT.




$$
