000
CDUS43 KTOP 180636
CLICNK


CLIMATE REPORT
NATIONAL WEATHER SERVICE TOPEKA KS
136 AM CDT WED MAR 18 2015


...................................

...THE CONCORDIA KS CLIMATE SUMMARY FOR MARCH 17 2015...

CLIMATE NORMAL PERIOD 1981 TO 2010
CLIMATE RECORD PERIOD 1885 TO 2015


WEATHER ITEM   OBSERVED TIME   RECORD YEAR NORMAL DEPARTURE LAST
                VALUE   (LST)  VALUE       VALUE  FROM      YEAR
                                                  NORMAL
..................................................................
TEMPERATURE (F)
 YESTERDAY
  MAXIMUM         54    400 PM  86    1894  55     -1       65
  MINIMUM         33    701 AM   0    1906  32      1       27
  AVERAGE         44                        44      0       46

PRECIPITATION (IN)
  YESTERDAY        0.00          1.49 1987   0.07  -0.07     0.00
  MONTH TO DATE    0.00                      0.93  -0.93     0.09
  SINCE MAR 1      0.00                      0.93  -0.93     0.09
  SINCE JAN 1      1.52                      2.30  -0.78     1.28

SNOWFALL (IN)
  YESTERDAY        0.0           1.3  1951   0.1   -0.1      0.0
  MONTH TO DATE    0.0                       1.3   -1.3      0.6
  SINCE JAN 1      5.6                      11.7   -6.1     15.3
  SINCE JUL 1     11.7                      18.2   -6.5     21.6
  SNOW DEPTH       0

DEGREE DAYS
 HEATING
  YESTERDAY       21                        22     -1       19
  MONTH TO DATE  321                       416    -95      488
  SINCE MAR 1    321                       416    -95      488
  SINCE JUL 1   4528                      4623    -95     4970

 COOLING
  YESTERDAY        0                         0      0        0
  MONTH TO DATE    4                         0      4        0
  SINCE MAR 1      4                         0      4        0
  SINCE JAN 1      4                         0      4        0
..................................................................


WIND (MPH)
  HIGHEST WIND SPEED    32   HIGHEST WIND DIRECTION     N (20)
  HIGHEST GUST SPEED    40   HIGHEST GUST DIRECTION     N (10)
  AVERAGE WIND SPEED    16.1


SKY COVER
  AVERAGE SKY COVER 0.0


WEATHER CONDITIONS
 THE FOLLOWING WEATHER WAS RECORDED YESTERDAY.
  NO SIGNIFICANT WEATHER WAS OBSERVED.


RELATIVE HUMIDITY (PERCENT)
 HIGHEST    82           300 AM
 LOWEST     13           300 PM
 AVERAGE    48

..........................................................


THE CONCORDIA KS CLIMATE NORMALS FOR TODAY
                         NORMAL    RECORD    YEAR
 MAXIMUM TEMPERATURE (F)   56        87      1921
 MINIMUM TEMPERATURE (F)   32        -2      1923


SUNRISE AND SUNSET
MARCH 18 2015.........SUNRISE   738 AM CDT   SUNSET   740 PM CDT
MARCH 19 2015.........SUNRISE   736 AM CDT   SUNSET   741 PM CDT


-  INDICATES NEGATIVE NUMBERS.
R  INDICATES RECORD WAS SET OR TIED.
MM INDICATES DATA IS MISSING.
T  INDICATES TRACE AMOUNT.




$$
