000
CDUS43 KTOP 200634
CLICNK


CLIMATE REPORT
NATIONAL WEATHER SERVICE TOPEKA KS
134 AM CDT SAT SEP 20 2014


...................................

...THE CONCORDIA KS CLIMATE SUMMARY FOR SEPTEMBER 19 2014...

CLIMATE NORMAL PERIOD 1981 TO 2010
CLIMATE RECORD PERIOD 1885 TO 2014


WEATHER ITEM   OBSERVED TIME   RECORD YEAR NORMAL DEPARTURE LAST
                VALUE   (LST)  VALUE       VALUE  FROM      YEAR
                                                  NORMAL
..................................................................
TEMPERATURE (F)
 YESTERDAY
  MAXIMUM         88    400 PM  98    1931  79      9       86
  MINIMUM         63    651 AM  33    1991  55      8       59
  AVERAGE         76                        67      9       73

PRECIPITATION (IN)
  YESTERDAY        0.00          1.52 1967   0.11  -0.11      T
  MONTH TO DATE    1.93                      1.87   0.06     0.56
  SINCE SEP 1      1.93                      1.87   0.06     0.56
  SINCE JAN 1     22.59                     22.97  -0.38    24.13

SNOWFALL (IN)
  YESTERDAY        0.0           0.0    MM   0.0    0.0      0.0
  MONTH TO DATE    0.0                       0.0    0.0      0.0
  SINCE JAN 1     16.9                      13.7    3.2     20.3
  SINCE JUL 1      0.0                       0.0    0.0      0.0
  SNOW DEPTH       0

DEGREE DAYS
 HEATING
  YESTERDAY        0                         3     -3        0
  MONTH TO DATE   73                        25     48        7
  SINCE SEP 1     73                        25     48        7
  SINCE JUL 1     75                        28     47       14

 COOLING
  YESTERDAY       11                         4      7        8
  MONTH TO DATE   92                       127    -35      201
  SINCE SEP 1     92                       127    -35      201
  SINCE JAN 1   1301                      1293      8     1286
..................................................................


WIND (MPH)
  HIGHEST WIND SPEED    20   HIGHEST WIND DIRECTION     S (190)
  HIGHEST GUST SPEED    25   HIGHEST GUST DIRECTION     S (180)
  AVERAGE WIND SPEED    13.4


SKY COVER
  AVERAGE SKY COVER 0.1


WEATHER CONDITIONS
 THE FOLLOWING WEATHER WAS RECORDED YESTERDAY.
  NO SIGNIFICANT WEATHER WAS OBSERVED.


RELATIVE HUMIDITY (PERCENT)
 HIGHEST   100           200 AM
 LOWEST     50           200 PM
 AVERAGE    75

..........................................................


THE CONCORDIA KS CLIMATE NORMALS FOR TODAY
                         NORMAL    RECORD    YEAR
 MAXIMUM TEMPERATURE (F)   78        96      1893
 MINIMUM TEMPERATURE (F)   54        33      1918


SUNRISE AND SUNSET
SEPTEMBER 20 2014.....SUNRISE   716 AM CDT   SUNSET   731 PM CDT
SEPTEMBER 21 2014.....SUNRISE   717 AM CDT   SUNSET   729 PM CDT


-  INDICATES NEGATIVE NUMBERS.
R  INDICATES RECORD WAS SET OR TIED.
MM INDICATES DATA IS MISSING.
T  INDICATES TRACE AMOUNT.




$$
