689
CDUS43 KTOP 010634
CLICNK


CLIMATE REPORT
NATIONAL WEATHER SERVICE TOPEKA KS
133 AM CDT SAT OCT 1 2016


...................................

...THE CONCORDIA KS CLIMATE SUMMARY FOR SEPTEMBER 30 2016...

CLIMATE NORMAL PERIOD 1981 TO 2010
CLIMATE RECORD PERIOD 1885 TO 2016


WEATHER ITEM   OBSERVED TIME   RECORD YEAR NORMAL DEPARTURE LAST
                VALUE   (LST)  VALUE       VALUE  FROM      YEAR
                                                  NORMAL
..................................................................
TEMPERATURE (F)
 YESTERDAY
  MAXIMUM         74    305 PM  95    1994  74      0       75
  MINIMUM         41    555 AM  29    1895  50     -9       45
  AVERAGE         58                        62     -4       60

PRECIPITATION (IN)
  YESTERDAY        0.00          3.16 1907   0.09  -0.09     0.00
  MONTH TO DATE    2.00                      2.91  -0.91     1.21
  SINCE SEP 1      2.00                      2.91  -0.91     1.21
  SINCE JAN 1     27.52                     24.01   3.51    23.17

SNOWFALL (IN)
  YESTERDAY        0.0           T    1911   0.0    0.0      0.0
  MONTH TO DATE    0.0                       0.0    0.0      0.0
  SINCE JAN 1     12.3                      13.7   -1.4      5.6
  SINCE JUL 1      0.0                       0.0    0.0      0.0
  SNOW DEPTH       0

DEGREE DAYS
 HEATING
  YESTERDAY        7                         5      2        5
  MONTH TO DATE   41                        70    -29       17
  SINCE SEP 1     41                        70    -29       17
  SINCE JUL 1     42                        73    -31       19

 COOLING
  YESTERDAY        0                         2     -2        0
  MONTH TO DATE  220                       160     60      298
  SINCE SEP 1    220                       160     60      298
  SINCE JAN 1   1502                      1326    176     1337
..................................................................


WIND (MPH)
  HIGHEST WIND SPEED    13   HIGHEST WIND DIRECTION     E (90)
  HIGHEST GUST SPEED    16   HIGHEST GUST DIRECTION     E (80)
  AVERAGE WIND SPEED     3.7


SKY COVER
  AVERAGE SKY COVER 0.0


WEATHER CONDITIONS
 THE FOLLOWING WEATHER WAS RECORDED YESTERDAY.
  NO SIGNIFICANT WEATHER WAS OBSERVED.


RELATIVE HUMIDITY (PERCENT)
 HIGHEST   100           200 AM
 LOWEST     35           300 PM
 AVERAGE    68

..........................................................


THE CONCORDIA KS CLIMATE NORMALS FOR TODAY
                         NORMAL    RECORD    YEAR
 MAXIMUM TEMPERATURE (F)   73        94      2002
                                             2000
 MINIMUM TEMPERATURE (F)   49        33      1985
                                             1920


SUNRISE AND SUNSET
OCTOBER  1 2016.......SUNRISE   727 AM CDT   SUNSET   712 PM CDT
OCTOBER  2 2016.......SUNRISE   728 AM CDT   SUNSET   711 PM CDT


-  INDICATES NEGATIVE NUMBERS.
R  INDICATES RECORD WAS SET OR TIED.
MM INDICATES DATA IS MISSING.
T  INDICATES TRACE AMOUNT.




$$
