000
CDUS43 KTOP 212232
CLICNK


CLIMATE REPORT
NATIONAL WEATHER SERVICE TOPEKA KS
431 PM CST WED FEB 21 2018


...................................

...THE CONCORDIA KS CLIMATE SUMMARY FOR FEBRUARY 21 2018...
VALID TODAY AS OF 0400 PM LOCAL TIME.

CLIMATE NORMAL PERIOD 1981 TO 2010
CLIMATE RECORD PERIOD 1885 TO 2018


WEATHER ITEM   OBSERVED TIME   RECORD YEAR NORMAL DEPARTURE LAST
                VALUE   (LST)  VALUE       VALUE  FROM      YEAR
                                                  NORMAL
..................................................................
TEMPERATURE (F)
 TODAY
  MAXIMUM         29    234 PM  75    2017  45    -16       75
  MINIMUM          8    802 AM  -3    1918  24    -16       34
  AVERAGE         19                        34    -15       55

PRECIPITATION (IN)
  TODAY            0.00          0.68 1913   0.03  -0.03     0.00
  MONTH TO DATE    0.30                      0.56  -0.26     0.02
  SINCE DEC 1      0.85                      1.99  -1.14     2.70
  SINCE JAN 1      0.72                      1.14  -0.42     1.77

SNOWFALL (IN)
  TODAY            0.0           7.4  1971   0.1   -0.1      0.0
  MONTH TO DATE    4.5                       4.0    0.5       T
  SINCE JAN 1      8.1                       9.7   -1.6      1.0
  SINCE JUL 1      9.9                      16.2   -6.3      3.2
  SNOW DEPTH       0

DEGREE DAYS
 HEATING
  TODAY           46                        30     16       10
  MONTH TO DATE  799                       698    101      492
  SINCE DEC 1   2954                      2910     44     2638
  SINCE JUL 1   3891                      4002   -111     3335

 COOLING
  TODAY            0                         0      0        0
  MONTH TO DATE    0                         0      0        0
  SINCE DEC 1      0                         0      0        0
  SINCE JAN 1      0                         0      0        0
..................................................................


WIND (MPH)
  HIGHEST WIND SPEED    14   HIGHEST WIND DIRECTION    NE (60)
  HIGHEST GUST SPEED    19   HIGHEST GUST DIRECTION     N (360)
  AVERAGE WIND SPEED    10.2



WEATHER CONDITIONS
 THE FOLLOWING WEATHER WAS RECORDED TODAY.
  NO SIGNIFICANT WEATHER WAS OBSERVED.


RELATIVE HUMIDITY (PERCENT)
 HIGHEST    80           400 AM
 LOWEST     35           300 PM
 AVERAGE    58

..........................................................


THE CONCORDIA KS CLIMATE NORMALS FOR TOMORROW
                         NORMAL    RECORD    YEAR
 MAXIMUM TEMPERATURE (F)   46        77      2017
 MINIMUM TEMPERATURE (F)   24        -3      1889


SUNRISE AND SUNSET
FEBRUARY 21 2018......SUNRISE   715 AM CST   SUNSET   614 PM CST
FEBRUARY 22 2018......SUNRISE   713 AM CST   SUNSET   615 PM CST


-  INDICATES NEGATIVE NUMBERS.
R  INDICATES RECORD WAS SET OR TIED.
MM INDICATES DATA IS MISSING.
T  INDICATES TRACE AMOUNT.




$$
