000
CDUS43 KTOP 170636
CLICNK


CLIMATE REPORT
NATIONAL WEATHER SERVICE TOPEKA KS
135 AM CDT MON APR 17 2017


...................................

...THE CONCORDIA KS CLIMATE SUMMARY FOR APRIL 16 2017...

CLIMATE NORMAL PERIOD 1981 TO 2010
CLIMATE RECORD PERIOD 1885 TO 2017


WEATHER ITEM   OBSERVED TIME   RECORD YEAR NORMAL DEPARTURE LAST
                VALUE   (LST)  VALUE       VALUE  FROM      YEAR
                                                  NORMAL
..................................................................
TEMPERATURE (F)
 YESTERDAY
  MAXIMUM         63    103 PM  91    1964  65     -2       73
  MINIMUM         45   1145 PM  25    1953  41      4       58
  AVERAGE         54                        53      1       66

PRECIPITATION (IN)
  YESTERDAY        T             0.98 1969   0.08  -0.08     0.00
  MONTH TO DATE    1.94                      1.21   0.73     0.03
  SINCE MAR 1      5.13                      3.22   1.91     0.48
  SINCE JAN 1      6.98                      4.59   2.39     2.04

SNOWFALL (IN)
  YESTERDAY        0.0           T    1973   0.0    0.0      0.0
  MONTH TO DATE    0.0                       0.4   -0.4      0.0
  SINCE JAN 1      2.1                      13.6  -11.5     12.3
  SINCE JUL 1      4.3                      20.1  -15.8     13.6
  SNOW DEPTH       0

DEGREE DAYS
 HEATING
  YESTERDAY       11                        12     -1        0
  MONTH TO DATE  169                       232    -63      154
  SINCE MAR 1    738                       916   -178      642
  SINCE JUL 1   4239                      5123   -884     4113

 COOLING
  YESTERDAY        0                         1     -1        1
  MONTH TO DATE   10                         1      9        1
  SINCE MAR 1     14                         2     12        4
  SINCE JAN 1     14                         2     12        4
..................................................................


WIND (MPH)
  HIGHEST WIND SPEED    17   HIGHEST WIND DIRECTION    SE (130)
  HIGHEST GUST SPEED    24   HIGHEST GUST DIRECTION     N (20)
  AVERAGE WIND SPEED     8.4


SKY COVER
  AVERAGE SKY COVER 0.6


WEATHER CONDITIONS
 THE FOLLOWING WEATHER WAS RECORDED YESTERDAY.
  LIGHT RAIN


RELATIVE HUMIDITY (PERCENT)
 HIGHEST   100           900 PM
 LOWEST     46          1200 PM
 AVERAGE    73

..........................................................


THE CONCORDIA KS CLIMATE NORMALS FOR TODAY
                         NORMAL    RECORD    YEAR
 MAXIMUM TEMPERATURE (F)   66        90      1926
 MINIMUM TEMPERATURE (F)   42        21      1907


SUNRISE AND SUNSET
APRIL 17 2017.........SUNRISE   650 AM CDT   SUNSET   811 PM CDT
APRIL 18 2017.........SUNRISE   649 AM CDT   SUNSET   812 PM CDT


-  INDICATES NEGATIVE NUMBERS.
R  INDICATES RECORD WAS SET OR TIED.
MM INDICATES DATA IS MISSING.
T  INDICATES TRACE AMOUNT.




$$
