000
CDUS43 KTOP 190637
CLICNK


CLIMATE REPORT
NATIONAL WEATHER SERVICE TOPEKA KS
136 AM CDT TUE APR 19 2016


...................................

...THE CONCORDIA KS CLIMATE SUMMARY FOR APRIL 18 2016...

CLIMATE NORMAL PERIOD 1981 TO 2010
CLIMATE RECORD PERIOD 1885 TO 2016


WEATHER ITEM   OBSERVED TIME   RECORD YEAR NORMAL DEPARTURE LAST
                VALUE   (LST)  VALUE       VALUE  FROM      YEAR
                                                  NORMAL
..................................................................
TEMPERATURE (F)
 YESTERDAY
  MAXIMUM         60   1222 AM  92    1994  66     -6       75
  MINIMUM         45    812 AM  27    1953  42      3       53
  AVERAGE         53                        54     -1       64

PRECIPITATION (IN)
  YESTERDAY        0.43          1.07 1970   0.07   0.36     0.34
  MONTH TO DATE    0.81                      1.36  -0.55     1.04
  SINCE MAR 1      1.26                      3.37  -2.11     1.15
  SINCE JAN 1      2.82                      4.74  -1.92     2.67

SNOWFALL (IN)
  YESTERDAY        0.0           T    2008   0.1   -0.1      0.0
  MONTH TO DATE    0.0                       0.5   -0.5      0.0
  SINCE JAN 1     12.3                      13.7   -1.4      5.6
  SINCE JUL 1     13.6                      20.2   -6.6     11.7
  SNOW DEPTH       0

DEGREE DAYS
 HEATING
  YESTERDAY       12                        12      0        1
  MONTH TO DATE  170                       256    -86      152
  SINCE MAR 1    658                       940   -282      699
  SINCE JUL 1   4129                      5147  -1018     4906

 COOLING
  YESTERDAY        0                         1     -1        0
  MONTH TO DATE    1                         3     -2        4
  SINCE MAR 1      4                         4      0        8
  SINCE JAN 1      4                         4      0        8
..................................................................


WIND (MPH)
  HIGHEST WIND SPEED    20   HIGHEST WIND DIRECTION    NW (330)
  HIGHEST GUST SPEED    25   HIGHEST GUST DIRECTION    NW (320)
  AVERAGE WIND SPEED     9.9


SKY COVER
  AVERAGE SKY COVER 0.8


WEATHER CONDITIONS
 THE FOLLOWING WEATHER WAS RECORDED YESTERDAY.
  RAIN
  LIGHT RAIN
  FOG


RELATIVE HUMIDITY (PERCENT)
 HIGHEST    93           500 AM
 LOWEST     72           300 PM
 AVERAGE    83

..........................................................


THE CONCORDIA KS CLIMATE NORMALS FOR TODAY
                         NORMAL    RECORD    YEAR
 MAXIMUM TEMPERATURE (F)   66        89      1955
 MINIMUM TEMPERATURE (F)   42        27      2013


SUNRISE AND SUNSET
APRIL 19 2016.........SUNRISE   647 AM CDT   SUNSET   813 PM CDT
APRIL 20 2016.........SUNRISE   645 AM CDT   SUNSET   814 PM CDT


-  INDICATES NEGATIVE NUMBERS.
R  INDICATES RECORD WAS SET OR TIED.
MM INDICATES DATA IS MISSING.
T  INDICATES TRACE AMOUNT.




$$
