000
CDUS43 KTOP 260631
CLICNK


CLIMATE REPORT
NATIONAL WEATHER SERVICE TOPEKA KS
1230 AM CST SUN NOV 26 2017


...................................

...THE CONCORDIA KS CLIMATE SUMMARY FOR NOVEMBER 25 2017...

CLIMATE NORMAL PERIOD 1981 TO 2010
CLIMATE RECORD PERIOD 1885 TO 2017


WEATHER ITEM   OBSERVED TIME   RECORD YEAR NORMAL DEPARTURE LAST
                VALUE   (LST)  VALUE       VALUE  FROM      YEAR
                                                  NORMAL
..................................................................
TEMPERATURE (F)
 YESTERDAY
  MAXIMUM         61    317 PM  71    1960  47     14       54
                                      1894
  MINIMUM         33    636 AM   6    1993  27      6       27
  AVERAGE         47                        36     11       41

PRECIPITATION (IN)
  YESTERDAY        0.00          0.94 1944   0.03  -0.03     0.00
  MONTH TO DATE    0.14                      0.94  -0.80     0.47
  SINCE SEP 1      8.89                      5.77   3.12     3.47
  SINCE JAN 1     36.34                     26.87   9.47    28.99

SNOWFALL (IN)
  YESTERDAY        0.0           5.9  1975   0.1   -0.1      0.0
  MONTH TO DATE    0.0                       1.9   -1.9      0.0
  SINCE JAN 1      2.1                      15.8  -13.7     12.3
  SINCE JUL 1      T                         2.1   -2.1      0.0
  SNOW DEPTH       0

DEGREE DAYS
 HEATING
  YESTERDAY       18                        28    -10       24
  MONTH TO DATE  529                       550    -21      378
  SINCE SEP 1    855                       938    -83      590
  SINCE JUL 1    855                       941    -86      591

 COOLING
  YESTERDAY        0                         0      0        0
  MONTH TO DATE    0                         0      0        0
  SINCE SEP 1    232                       182     50      258
  SINCE JAN 1   1370                      1348     22     1540
..................................................................


WIND (MPH)
  HIGHEST WIND SPEED    14   HIGHEST WIND DIRECTION     S (190)
  HIGHEST GUST SPEED    17   HIGHEST GUST DIRECTION     S (190)
  AVERAGE WIND SPEED     6.7


SKY COVER
  AVERAGE SKY COVER 0.0


WEATHER CONDITIONS
 THE FOLLOWING WEATHER WAS RECORDED YESTERDAY.
  NO SIGNIFICANT WEATHER WAS OBSERVED.


RELATIVE HUMIDITY (PERCENT)
 HIGHEST    89           400 AM
 LOWEST     36           300 PM
 AVERAGE    63

..........................................................


THE CONCORDIA KS CLIMATE NORMALS FOR TODAY
                         NORMAL    RECORD    YEAR
 MAXIMUM TEMPERATURE (F)   46        71      1909
 MINIMUM TEMPERATURE (F)   26         0      1975


SUNRISE AND SUNSET
NOVEMBER 26 2017......SUNRISE   727 AM CST   SUNSET   509 PM CST
NOVEMBER 27 2017......SUNRISE   728 AM CST   SUNSET   508 PM CST


-  INDICATES NEGATIVE NUMBERS.
R  INDICATES RECORD WAS SET OR TIED.
MM INDICATES DATA IS MISSING.
T  INDICATES TRACE AMOUNT.




$$
