000
CDUS43 KTOP 190633
CLICNK


CLIMATE REPORT
NATIONAL WEATHER SERVICE TOPEKA KS
132 AM CDT THU MAR 19 2015


...................................

...THE CONCORDIA KS CLIMATE SUMMARY FOR MARCH 18 2015...

CLIMATE NORMAL PERIOD 1981 TO 2010
CLIMATE RECORD PERIOD 1885 TO 2015


WEATHER ITEM   OBSERVED TIME   RECORD YEAR NORMAL DEPARTURE LAST
                VALUE   (LST)  VALUE       VALUE  FROM      YEAR
                                                  NORMAL
..................................................................
TEMPERATURE (F)
 YESTERDAY
  MAXIMUM         45    125 PM  87    1921  56    -11       57
  MINIMUM         36    535 AM  -2    1923  32      4       32
  AVERAGE         41                        44     -3       45

PRECIPITATION (IN)
  YESTERDAY        T             1.54 1952   0.07  -0.07     0.01
  MONTH TO DATE    T                         1.00  -1.00     0.10
  SINCE MAR 1      T                         1.00  -1.00     0.10
  SINCE JAN 1      1.52                      2.37  -0.85     1.29

SNOWFALL (IN)
  YESTERDAY        0.0           3.1  1984   0.1   -0.1      0.1
  MONTH TO DATE    0.0                       1.4   -1.4      0.7
  SINCE JAN 1      5.6                      11.8   -6.2     15.4
  SINCE JUL 1     11.7                      18.3   -6.6     21.7
  SNOW DEPTH       0

DEGREE DAYS
 HEATING
  YESTERDAY       24                        21      3       20
  MONTH TO DATE  345                       437    -92      508
  SINCE MAR 1    345                       437    -92      508
  SINCE JUL 1   4552                      4644    -92     4990

 COOLING
  YESTERDAY        0                         0      0        0
  MONTH TO DATE    4                         0      4        0
  SINCE MAR 1      4                         0      4        0
  SINCE JAN 1      4                         0      4        0
..................................................................


WIND (MPH)
  HIGHEST WIND SPEED    14   HIGHEST WIND DIRECTION    SE (140)
  HIGHEST GUST SPEED    19   HIGHEST GUST DIRECTION     E (90)
  AVERAGE WIND SPEED     8.7


SKY COVER
  AVERAGE SKY COVER 0.7


WEATHER CONDITIONS
 THE FOLLOWING WEATHER WAS RECORDED YESTERDAY.
  LIGHT RAIN
  FOG


RELATIVE HUMIDITY (PERCENT)
 HIGHEST    92           900 PM
 LOWEST     34          1200 AM
 AVERAGE    63

..........................................................


THE CONCORDIA KS CLIMATE NORMALS FOR TODAY
                         NORMAL    RECORD    YEAR
 MAXIMUM TEMPERATURE (F)   56        81      1921
 MINIMUM TEMPERATURE (F)   32         0      1923


SUNRISE AND SUNSET
MARCH 19 2015.........SUNRISE   736 AM CDT   SUNSET   741 PM CDT
MARCH 20 2015.........SUNRISE   734 AM CDT   SUNSET   742 PM CDT


-  INDICATES NEGATIVE NUMBERS.
R  INDICATES RECORD WAS SET OR TIED.
MM INDICATES DATA IS MISSING.
T  INDICATES TRACE AMOUNT.

$$
