000
CDUS43 KTOP 060631
CLICNK


CLIMATE REPORT
NATIONAL WEATHER SERVICE TOPEKA KS
131 AM CDT TUE JUN 6 2017


...................................

...THE CONCORDIA KS CLIMATE SUMMARY FOR JUNE 5 2017...

CLIMATE NORMAL PERIOD 1981 TO 2010
CLIMATE RECORD PERIOD 1885 TO 2017


WEATHER ITEM   OBSERVED TIME   RECORD YEAR NORMAL DEPARTURE LAST
                VALUE   (LST)  VALUE       VALUE  FROM      YEAR
                                                  NORMAL
..................................................................
TEMPERATURE (F)
 YESTERDAY
  MAXIMUM         93    326 PM 101    1933  81     12       84
  MINIMUM         65    535 AM  43    1993  59      6       54
  AVERAGE         79                        70      9       69

PRECIPITATION (IN)
  YESTERDAY        T             3.34 1908   0.14  -0.14     0.00
  MONTH TO DATE    0.44                      0.68  -0.24     0.00
  SINCE JUN 1      0.44                      0.68  -0.24     0.00
  SINCE JAN 1     18.82                     10.67   8.15    12.17

SNOWFALL (IN)
  YESTERDAY        0.0           T    1982   0.0    0.0      0.0
  MONTH TO DATE    0.0                       0.0    0.0      0.0
  SINCE JAN 1      2.1                      13.7  -11.6     12.3
  SINCE JUL 1      4.3                      20.2  -15.9     13.6
  SNOW DEPTH       0

DEGREE DAYS
 HEATING
  YESTERDAY        0                         1     -1        0
  MONTH TO DATE    0                         5     -5        0
  SINCE JUN 1      0                         5     -5        0
  SINCE JUL 1   4564                      5400   -836     4364

 COOLING
  YESTERDAY       14                         6      8        4
  MONTH TO DATE   46                        27     19       24
  SINCE JUN 1     46                        27     19       24
  SINCE JAN 1    124                       116      8       84
..................................................................


WIND (MPH)
  HIGHEST WIND SPEED    21   HIGHEST WIND DIRECTION     W (280)
  HIGHEST GUST SPEED    24   HIGHEST GUST DIRECTION     W (280)
  AVERAGE WIND SPEED     3.7


SKY COVER
  AVERAGE SKY COVER 0.2


WEATHER CONDITIONS
 THE FOLLOWING WEATHER WAS RECORDED YESTERDAY.
  THUNDERSTORM


RELATIVE HUMIDITY (PERCENT)
 HIGHEST   100           400 AM
 LOWEST     32           300 PM
 AVERAGE    66

..........................................................


THE CONCORDIA KS CLIMATE NORMALS FOR TODAY
                         NORMAL    RECORD    YEAR
 MAXIMUM TEMPERATURE (F)   82       105      1933
 MINIMUM TEMPERATURE (F)   59        43      1983


SUNRISE AND SUNSET
JUNE  6 2017..........SUNRISE   604 AM CDT   SUNSET   855 PM CDT
JUNE  7 2017..........SUNRISE   603 AM CDT   SUNSET   856 PM CDT


-  INDICATES NEGATIVE NUMBERS.
R  INDICATES RECORD WAS SET OR TIED.
MM INDICATES DATA IS MISSING.
T  INDICATES TRACE AMOUNT.




$$
