000
CDUS43 KTOP 060633
CLICNK


CLIMATE REPORT
NATIONAL WEATHER SERVICE TOPEKA KS
133 AM CDT TUE SEP 6 2016


...................................

...THE CONCORDIA KS CLIMATE SUMMARY FOR SEPTEMBER 5 2016...

CLIMATE NORMAL PERIOD 1981 TO 2010
CLIMATE RECORD PERIOD 1885 TO 2016


WEATHER ITEM   OBSERVED TIME   RECORD YEAR NORMAL DEPARTURE LAST
                VALUE   (LST)  VALUE       VALUE  FROM      YEAR
                                                  NORMAL
..................................................................
TEMPERATURE (F)
 YESTERDAY
  MAXIMUM         91    337 PM 107    1931  84      7       95
  MINIMUM         73    645 AM  43    2011  61     12       73
                                      1962
  AVERAGE         82                        72     10       84

PRECIPITATION (IN)
  YESTERDAY        0.00          3.21 1905   0.10  -0.10     0.00
  MONTH TO DATE    0.98                      0.48   0.50     0.00
  SINCE SEP 1      0.98                      0.48   0.50     0.00
  SINCE JAN 1     26.50                     21.58   4.92    21.96

SNOWFALL (IN)
  YESTERDAY        0.0           0.0    MM   0.0    0.0      0.0
  MONTH TO DATE    0.0                       0.0    0.0      0.0
  SINCE JAN 1     12.3                      13.7   -1.4      5.6
  SINCE JUL 1      0.0                       0.0    0.0      0.0
  SNOW DEPTH       0

DEGREE DAYS
 HEATING
  YESTERDAY        0                         1     -1        0
  MONTH TO DATE    0                         3     -3        0
  SINCE SEP 1      0                         3     -3        0
  SINCE JUL 1      1                         6     -5        2

 COOLING
  YESTERDAY       17                         8      9       19
  MONTH TO DATE   39                        43     -4       95
  SINCE SEP 1     39                        43     -4       95
  SINCE JAN 1   1321                      1209    112     1134
..................................................................


WIND (MPH)
  HIGHEST WIND SPEED    29   HIGHEST WIND DIRECTION     S (190)
  HIGHEST GUST SPEED    37   HIGHEST GUST DIRECTION     S (190)
  AVERAGE WIND SPEED    18.4


SKY COVER
  AVERAGE SKY COVER 0.0


WEATHER CONDITIONS
 THE FOLLOWING WEATHER WAS RECORDED YESTERDAY.
  NO SIGNIFICANT WEATHER WAS OBSERVED.


RELATIVE HUMIDITY (PERCENT)
 HIGHEST    84           700 AM
 LOWEST     49           300 PM
 AVERAGE    67

..........................................................


THE CONCORDIA KS CLIMATE NORMALS FOR TODAY
                         NORMAL    RECORD    YEAR
 MAXIMUM TEMPERATURE (F)   84       103      1939
                                             1931
                                             1913
 MINIMUM TEMPERATURE (F)   60        42      1956


SUNRISE AND SUNSET
SEPTEMBER  6 2016.....SUNRISE   704 AM CDT   SUNSET   753 PM CDT
SEPTEMBER  7 2016.....SUNRISE   705 AM CDT   SUNSET   751 PM CDT


-  INDICATES NEGATIVE NUMBERS.
R  INDICATES RECORD WAS SET OR TIED.
MM INDICATES DATA IS MISSING.
T  INDICATES TRACE AMOUNT.




$$
