000
CDUS43 KTOP 070634
CLICNK


CLIMATE REPORT
NATIONAL WEATHER SERVICE TOPEKA KS
132 AM CDT SUN SEP 7 2014


...................................

...THE CONCORDIA KS CLIMATE SUMMARY FOR SEPTEMBER 6 2014...

CLIMATE NORMAL PERIOD 1981 TO 2010
CLIMATE RECORD PERIOD 1885 TO 2014


WEATHER ITEM   OBSERVED TIME   RECORD YEAR NORMAL DEPARTURE LAST
                VALUE   (LST)  VALUE       VALUE  FROM      YEAR
                                                  NORMAL
..................................................................
TEMPERATURE (F)
 YESTERDAY
  MAXIMUM         73    510 PM 103    1939  84    -11       96
                                      1931
                                      1913
  MINIMUM         50    630 AM  42    1956  60    -10       64
  AVERAGE         62                        72    -10       80

PRECIPITATION (IN)
  YESTERDAY        0.00          4.57 1946   0.09  -0.09     0.00
  MONTH TO DATE    1.23                      0.57   0.66     0.01
  SINCE SEP 1      1.23                      0.57   0.66     0.01
  SINCE JAN 1     21.89                     21.67   0.22    23.58

SNOWFALL (IN)
  YESTERDAY        0.0           0.0    MM   0.0    0.0      0.0
  MONTH TO DATE    0.0                       0.0    0.0      0.0
  SINCE JAN 1     16.9                      13.7    3.2     20.3
  SINCE JUL 1      0.0                       0.0    0.0      0.0
  SNOW DEPTH       0

DEGREE DAYS
 HEATING
  YESTERDAY        3                         1      2        0
  MONTH TO DATE    4                         4      0        0
  SINCE SEP 1      4                         4      0        0
  SINCE JUL 1      6                         7     -1        7

 COOLING
  YESTERDAY        0                         8     -8       15
  MONTH TO DATE   45                        51     -6       57
  SINCE SEP 1     45                        51     -6       57
  SINCE JAN 1   1254                      1217     37     1142
..................................................................


WIND (MPH)
  HIGHEST WIND SPEED     8   HIGHEST WIND DIRECTION     E (70)
  HIGHEST GUST SPEED    12   HIGHEST GUST DIRECTION     E (70)
  AVERAGE WIND SPEED     3.8


SKY COVER
  AVERAGE SKY COVER 0.0


WEATHER CONDITIONS
 THE FOLLOWING WEATHER WAS RECORDED YESTERDAY.
  FOG


RELATIVE HUMIDITY (PERCENT)
 HIGHEST   100           100 AM
 LOWEST     49           400 PM
 AVERAGE    75

..........................................................


THE CONCORDIA KS CLIMATE NORMALS FOR TODAY
                         NORMAL    RECORD    YEAR
 MAXIMUM TEMPERATURE (F)   84       104      1947
 MINIMUM TEMPERATURE (F)   60        41      1956
                                             1898


SUNRISE AND SUNSET
SEPTEMBER  7 2014.....SUNRISE   704 AM CDT   SUNSET   752 PM CDT
SEPTEMBER  8 2014.....SUNRISE   705 AM CDT   SUNSET   750 PM CDT


-  INDICATES NEGATIVE NUMBERS.
R  INDICATES RECORD WAS SET OR TIED.
MM INDICATES DATA IS MISSING.
T  INDICATES TRACE AMOUNT.




$$
