000
CDUS43 KTOP 120632
CLICNK


CLIMATE REPORT
NATIONAL WEATHER SERVICE TOPEKA KS
131 AM CDT SUN OCT 12 2014


...................................

...THE CONCORDIA KS CLIMATE SUMMARY FOR OCTOBER 11 2014...

CLIMATE NORMAL PERIOD 1981 TO 2010
CLIMATE RECORD PERIOD 1885 TO 2014


WEATHER ITEM   OBSERVED TIME   RECORD YEAR NORMAL DEPARTURE LAST
                VALUE   (LST)  VALUE       VALUE  FROM      YEAR
                                                  NORMAL
..................................................................
TEMPERATURE (F)
 YESTERDAY
  MAXIMUM         60    427 PM  94    1975  69     -9       79
  MINIMUM         33    653 AM  28    1919  46    -13       52
  AVERAGE         47                        57    -10       66

PRECIPITATION (IN)
  YESTERDAY        0.00          1.57 1973   0.06  -0.06     0.01
  MONTH TO DATE    1.94                      0.77   1.17     0.06
  SINCE SEP 1      5.19                      3.68   1.51     1.19
  SINCE JAN 1     25.85                     24.78   1.07    24.76

SNOWFALL (IN)
  YESTERDAY        0.0           T    1929   0.0    0.0      0.0
  MONTH TO DATE    0.0                       0.0    0.0      0.0
  SINCE JAN 1     16.9                      13.7    3.2     20.3
  SINCE JUL 1      0.0                       0.0    0.0      0.0
  SNOW DEPTH       0

DEGREE DAYS
 HEATING
  YESTERDAY       18                         9      9        0
  MONTH TO DATE   96                        79     17       29
  SINCE SEP 1    178                       149     29       43
  SINCE JUL 1    180                       152     28       50

 COOLING
  YESTERDAY        0                         1     -1        1
  MONTH TO DATE    8                        15     -7       32
  SINCE SEP 1    143                       175    -32      274
  SINCE JAN 1   1352                      1341     11     1359
..................................................................


WIND (MPH)
  HIGHEST WIND SPEED     9   HIGHEST WIND DIRECTION     S (170)
  HIGHEST GUST SPEED    11   HIGHEST GUST DIRECTION     E (80)
  AVERAGE WIND SPEED     4.0


SKY COVER
  AVERAGE SKY COVER 0.0


WEATHER CONDITIONS
 THE FOLLOWING WEATHER WAS RECORDED YESTERDAY.
  NO SIGNIFICANT WEATHER WAS OBSERVED.


RELATIVE HUMIDITY (PERCENT)
 HIGHEST   100           300 AM
 LOWEST     40           200 PM
 AVERAGE    70

..........................................................


THE CONCORDIA KS CLIMATE NORMALS FOR TODAY
                         NORMAL    RECORD    YEAR
 MAXIMUM TEMPERATURE (F)   69        93      1899
 MINIMUM TEMPERATURE (F)   45        25      1917
                                             1909


SUNRISE AND SUNSET
OCTOBER 12 2014.......SUNRISE   738 AM CDT   SUNSET   656 PM CDT
OCTOBER 13 2014.......SUNRISE   739 AM CDT   SUNSET   654 PM CDT


-  INDICATES NEGATIVE NUMBERS.
R  INDICATES RECORD WAS SET OR TIED.
MM INDICATES DATA IS MISSING.
T  INDICATES TRACE AMOUNT.




$$
