056
CDUS43 KTOP 310635
CLICNK


CLIMATE REPORT
NATIONAL WEATHER SERVICE TOPEKA KS
1233 AM CST SUN JAN 31 2016


...................................

...THE CONCORDIA KS CLIMATE SUMMARY FOR JANUARY 30 2016...

CLIMATE NORMAL PERIOD 1981 TO 2010
CLIMATE RECORD PERIOD 1885 TO 2016


WEATHER ITEM   OBSERVED TIME   RECORD YEAR NORMAL DEPARTURE LAST
                VALUE   (LST)  VALUE       VALUE  FROM      YEAR
                                                  NORMAL
..................................................................
TEMPERATURE (F)
 YESTERDAY
  MAXIMUM         55    354 PM  70    2012  40     15       44
  MINIMUM         31    650 AM -11    1918  19     12       17
  AVERAGE         43                        29     14       31

PRECIPITATION (IN)
  YESTERDAY        0.00          0.55 1983   0.02  -0.02     0.12
  MONTH TO DATE    1.05                      0.55   0.50     0.23
  SINCE DEC 1      3.69                      1.40   2.29     0.97
  SINCE JAN 1      1.05                      0.55   0.50     0.23

SNOWFALL (IN)
  YESTERDAY        0.0           6.0  1983   0.2   -0.2      0.0
  MONTH TO DATE    7.6                       5.5    2.1      1.3
  SINCE JAN 1      7.6                       5.5    2.1      1.3
  SINCE JUL 1      8.9                      12.0   -3.1      7.4
  SNOW DEPTH       1

DEGREE DAYS
 HEATING
  YESTERDAY       22                        36    -14       34
  MONTH TO DATE 1068                      1094    -26      996
  SINCE DEC 1   1943                      2179   -236     1971
  SINCE JUL 1   2711                      3271   -560     3134

 COOLING
  YESTERDAY        0                         0      0        0
  MONTH TO DATE    0                         0      0        0
  SINCE DEC 1      0                         0      0        0
  SINCE JAN 1      0                         0      0        0
..................................................................


WIND (MPH)
  HIGHEST WIND SPEED    22   HIGHEST WIND DIRECTION     S (190)
  HIGHEST GUST SPEED    26   HIGHEST GUST DIRECTION     S (190)
  AVERAGE WIND SPEED     6.5


SKY COVER
  AVERAGE SKY COVER 0.0


WEATHER CONDITIONS
 THE FOLLOWING WEATHER WAS RECORDED YESTERDAY.
  NO SIGNIFICANT WEATHER WAS OBSERVED.


RELATIVE HUMIDITY (PERCENT)
 HIGHEST    92          1000 AM
 LOWEST     50           200 PM
 AVERAGE    71

..........................................................


THE CONCORDIA KS CLIMATE NORMALS FOR TODAY
                         NORMAL    RECORD    YEAR
 MAXIMUM TEMPERATURE (F)   40        74      1989
 MINIMUM TEMPERATURE (F)   19       -14      1918


SUNRISE AND SUNSET
JANUARY 31 2016.......SUNRISE   739 AM CST   SUNSET   549 PM CST
FEBRUARY  1 2016......SUNRISE   739 AM CST   SUNSET   550 PM CST


-  INDICATES NEGATIVE NUMBERS.
R  INDICATES RECORD WAS SET OR TIED.
MM INDICATES DATA IS MISSING.
T  INDICATES TRACE AMOUNT.




$$
