277
CDUS43 KTOP 182132
CLICNK


CLIMATE REPORT
NATIONAL WEATHER SERVICE TOPEKA KS
431 PM CDT TUE APR 18 2017


...................................

...THE CONCORDIA KS CLIMATE SUMMARY FOR APRIL 18 2017...
VALID TODAY AS OF 0400 PM LOCAL TIME.

CLIMATE NORMAL PERIOD 1981 TO 2010
CLIMATE RECORD PERIOD 1885 TO 2017


WEATHER ITEM   OBSERVED TIME   RECORD YEAR NORMAL DEPARTURE LAST
                VALUE   (LST)  VALUE       VALUE  FROM      YEAR
                                                  NORMAL
..................................................................
TEMPERATURE (F)
 TODAY
  MAXIMUM         77    232 PM  92    1994  66     11       60
  MINIMUM         56    516 AM  27    1953  42     14       45
  AVERAGE         67                        54     13       53

PRECIPITATION (IN)
  TODAY            0.02          1.07 1970   0.07  -0.05     0.43
  MONTH TO DATE    1.96                      1.36   0.60     0.81
  SINCE MAR 1      5.15                      3.37   1.78     1.26
  SINCE JAN 1      7.00                      4.74   2.26     2.82

SNOWFALL (IN)
  TODAY            0.0           T    2008   0.1   -0.1      0.0
  MONTH TO DATE    0.0                       0.5   -0.5      0.0
  SINCE JAN 1      2.1                      13.7  -11.6     12.3
  SINCE JUL 1      4.3                      20.2  -15.9     13.6
  SNOW DEPTH       0

DEGREE DAYS
 HEATING
  TODAY            0                        12    -12       12
  MONTH TO DATE  177                       256    -79      170
  SINCE MAR 1    746                       940   -194      658
  SINCE JUL 1   4247                      5147   -900     4129

 COOLING
  TODAY            2                         1      1        0
  MONTH TO DATE   12                         3      9        1
  SINCE MAR 1     16                         4     12        4
  SINCE JAN 1     16                         4     12        4
..................................................................


WIND (MPH)
  HIGHEST WIND SPEED    22   HIGHEST WIND DIRECTION     S (180)
  HIGHEST GUST SPEED    28   HIGHEST GUST DIRECTION     S (180)
  AVERAGE WIND SPEED    12.4



WEATHER CONDITIONS
 THE FOLLOWING WEATHER WAS RECORDED TODAY.
  THUNDERSTORM
  LIGHT RAIN
  FOG


RELATIVE HUMIDITY (PERCENT)
 HIGHEST   100           600 AM
 LOWEST     60           200 PM
 AVERAGE    80

..........................................................


THE CONCORDIA KS CLIMATE NORMALS FOR TOMORROW
                         NORMAL    RECORD    YEAR
 MAXIMUM TEMPERATURE (F)   66        89      1955
 MINIMUM TEMPERATURE (F)   42        27      2013


SUNRISE AND SUNSET
APRIL 18 2017.........SUNRISE   649 AM CDT   SUNSET   812 PM CDT
APRIL 19 2017.........SUNRISE   647 AM CDT   SUNSET   813 PM CDT


-  INDICATES NEGATIVE NUMBERS.
R  INDICATES RECORD WAS SET OR TIED.
MM INDICATES DATA IS MISSING.
T  INDICATES TRACE AMOUNT.




$$
