000
CDUS43 KTOP 082138
CLICNK


CLIMATE REPORT
NATIONAL WEATHER SERVICE TOPEKA KS
437 PM CDT THU JUN 8 2017


...................................

...THE CONCORDIA KS CLIMATE SUMMARY FOR JUNE 8 2017...
VALID TODAY AS OF 0400 PM LOCAL TIME.

CLIMATE NORMAL PERIOD 1981 TO 2010
CLIMATE RECORD PERIOD 1885 TO 2017


WEATHER ITEM   OBSERVED TIME   RECORD YEAR NORMAL DEPARTURE LAST
                VALUE   (LST)  VALUE       VALUE  FROM      YEAR
                                                  NORMAL
..................................................................
TEMPERATURE (F)
 TODAY
  MAXIMUM         84    259 PM 101    1934  82      2       93
  MINIMUM         55    411 AM  47    2007  60     -5       63
                                      1978
                                      1930
  AVERAGE         70                        71     -1       78

PRECIPITATION (IN)
  TODAY            0.00          2.24 1941   0.13  -0.13     0.00
  MONTH TO DATE    0.48                      1.07  -0.59     0.00
  SINCE JUN 1      0.48                      1.07  -0.59     0.00
  SINCE JAN 1     18.86                     11.06   7.80    12.17

SNOWFALL (IN)
  TODAY            0.0           T    1994   0.0    0.0      0.0
  MONTH TO DATE    0.0                       0.0    0.0      0.0
  SINCE JAN 1      2.1                      13.7  -11.6     12.3
  SINCE JUL 1      4.3                      20.2  -15.9     13.6
  SNOW DEPTH       0

DEGREE DAYS
 HEATING
  TODAY            0                         1     -1        0
  MONTH TO DATE    0                         8     -8        0
  SINCE JUN 1      0                         8     -8        0
  SINCE JUL 1   4564                      5403   -839     4364

 COOLING
  TODAY            5                         7     -2       13
  MONTH TO DATE   65                        46     19       50
  SINCE JUN 1     65                        46     19       50
  SINCE JAN 1    143                       135      8      110
..................................................................


WIND (MPH)
  HIGHEST WIND SPEED    15   HIGHEST WIND DIRECTION     S (160)
  HIGHEST GUST SPEED    18   HIGHEST GUST DIRECTION    SE (150)
  AVERAGE WIND SPEED     7.9



WEATHER CONDITIONS
 THE FOLLOWING WEATHER WAS RECORDED TODAY.
  NO SIGNIFICANT WEATHER WAS OBSERVED.


RELATIVE HUMIDITY (PERCENT)
 HIGHEST    86           400 AM
 LOWEST     40           100 PM
 AVERAGE    63

..........................................................


THE CONCORDIA KS CLIMATE NORMALS FOR TOMORROW
                         NORMAL    RECORD    YEAR
 MAXIMUM TEMPERATURE (F)   83       101      1933
 MINIMUM TEMPERATURE (F)   60        49      1969
                                             1966
                                             1955


SUNRISE AND SUNSET
JUNE  8 2017..........SUNRISE   603 AM CDT   SUNSET   857 PM CDT
JUNE  9 2017..........SUNRISE   603 AM CDT   SUNSET   857 PM CDT


-  INDICATES NEGATIVE NUMBERS.
R  INDICATES RECORD WAS SET OR TIED.
MM INDICATES DATA IS MISSING.
T  INDICATES TRACE AMOUNT.




$$
