000
CDUS43 KTOP 022232
CLICNK


CLIMATE REPORT
NATIONAL WEATHER SERVICE TOPEKA KS
432 PM CST FRI FEB 2 2018


...................................

...THE CONCORDIA KS CLIMATE SUMMARY FOR FEBRUARY 2 2018...
VALID TODAY AS OF 0400 PM LOCAL TIME.

CLIMATE NORMAL PERIOD 1981 TO 2010
CLIMATE RECORD PERIOD 1885 TO 2018


WEATHER ITEM   OBSERVED TIME   RECORD YEAR NORMAL DEPARTURE LAST
                VALUE   (LST)  VALUE       VALUE  FROM      YEAR
                                                  NORMAL
..................................................................
TEMPERATURE (F)
 TODAY
  MAXIMUM         42    359 PM  70    1992  40      2       29
                                      1935
  MINIMUM         11    603 AM -14    1996  19     -8       17
                                      1917
  AVERAGE         27                        30     -3       23

PRECIPITATION (IN)
  TODAY            0.00          0.53 1943   0.02  -0.02     0.00
  MONTH TO DATE    0.00                      0.05  -0.05     0.00
  SINCE DEC 1      0.55                      1.48  -0.93     2.68
  SINCE JAN 1      0.42                      0.63  -0.21     1.75

SNOWFALL (IN)
  TODAY            0.0           4.7  2016   0.3   -0.3      0.0
  MONTH TO DATE    0.0                       0.5   -0.5      0.0
  SINCE JAN 1      3.6                       6.2   -2.6      1.0
  SINCE JUL 1      5.4                      12.7   -7.3      3.2
  SNOW DEPTH       0

DEGREE DAYS
 HEATING
  TODAY           38                        35      3       42
  MONTH TO DATE   77                        70      7       78
  SINCE DEC 1   2232                      2282    -50     2224
  SINCE JUL 1   3169                      3374   -205     2921

 COOLING
  TODAY            0                         0      0        0
  MONTH TO DATE    0                         0      0        0
  SINCE DEC 1      0                         0      0        0
  SINCE JAN 1      0                         0      0        0
..................................................................


WIND (MPH)
  HIGHEST WIND SPEED    24   HIGHEST WIND DIRECTION     S (180)
  HIGHEST GUST SPEED    31   HIGHEST GUST DIRECTION     S (170)
  AVERAGE WIND SPEED    11.7



WEATHER CONDITIONS
 THE FOLLOWING WEATHER WAS RECORDED TODAY.
  NO SIGNIFICANT WEATHER WAS OBSERVED.


RELATIVE HUMIDITY (PERCENT)
 HIGHEST    73           600 AM
 LOWEST     30           400 PM
 AVERAGE    52

..........................................................


THE CONCORDIA KS CLIMATE NORMALS FOR TOMORROW
                         NORMAL    RECORD    YEAR
 MAXIMUM TEMPERATURE (F)   40        71      1962
 MINIMUM TEMPERATURE (F)   20       -15      1887


SUNRISE AND SUNSET
FEBRUARY  2 2018......SUNRISE   737 AM CST   SUNSET   552 PM CST
FEBRUARY  3 2018......SUNRISE   736 AM CST   SUNSET   553 PM CST


-  INDICATES NEGATIVE NUMBERS.
R  INDICATES RECORD WAS SET OR TIED.
MM INDICATES DATA IS MISSING.
T  INDICATES TRACE AMOUNT.




$$
