000
CDUS43 KTOP 062133
CLICNK


CLIMATE REPORT
NATIONAL WEATHER SERVICE TOPEKA KS
432 PM CDT SUN AUG 6 2017


...................................

...THE CONCORDIA KS CLIMATE SUMMARY FOR AUGUST 6 2017...
VALID TODAY AS OF 430 PM LOCAL TIME.

CLIMATE NORMAL PERIOD 1981 TO 2010
CLIMATE RECORD PERIOD 1885 TO 2017


WEATHER ITEM   OBSERVED TIME   RECORD YEAR NORMAL DEPARTURE LAST
                VALUE   (LST)  VALUE       VALUE  FROM      YEAR
                                                  NORMAL
..................................................................
TEMPERATURE (F)
 TODAY
  MAXIMUM         72    141 PM 109    1934  90    -18       78
  MINIMUM         63    626 AM  54    1990  67     -4       66
  AVERAGE         68                        78    -10       72

PRECIPITATION (IN)
  TODAY            T             1.62 1967   0.10  -0.10     0.00
  MONTH TO DATE    1.42                      0.64   0.78     0.19
  SINCE JUN 1      7.10                      8.61  -1.51     7.53
  SINCE JAN 1     25.48                     18.60   6.88    19.70

SNOWFALL (IN)
  TODAY           MM             T    1928   0.0   MM        0.0
  MONTH TO DATE    0.0                       0.0    0.0      0.0
  SINCE JAN 1      2.1                      13.7  -11.6     12.3
  SINCE JUL 1      0.0                       0.0    0.0      0.0
  SNOW DEPTH      MM

DEGREE DAYS
 HEATING
  TODAY            0                         0      0        0
  MONTH TO DATE    0                         0      0        0
  SINCE JUN 1      2                        13    -11        1
  SINCE JUL 1      0                         0      0        1

 COOLING
  TODAY            3                        13    -10        7
  MONTH TO DATE   30                        83    -53       85
  SINCE JUN 1    860                       784     76      952
  SINCE JAN 1    938                       873     65     1012
..................................................................


WIND (MPH)
  HIGHEST WIND SPEED    14   HIGHEST WIND DIRECTION    NW (320)
  HIGHEST GUST SPEED    16   HIGHEST GUST DIRECTION    NW (330)
  AVERAGE WIND SPEED     7.4



WEATHER CONDITIONS
 THE FOLLOWING WEATHER WAS RECORDED TODAY.
  LIGHT RAIN
  FOG


RELATIVE HUMIDITY (PERCENT)
 HIGHEST   100          1200 AM
 LOWEST     79           200 PM
 AVERAGE    90

..........................................................


THE CONCORDIA KS CLIMATE NORMALS FOR TOMORROW
                         NORMAL    RECORD    YEAR
 MAXIMUM TEMPERATURE (F)   90       110      1946
 MINIMUM TEMPERATURE (F)   67        50      1989


SUNRISE AND SUNSET
AUGUST  6 2017........SUNRISE   635 AM CDT   SUNSET   837 PM CDT
AUGUST  7 2017........SUNRISE   636 AM CDT   SUNSET   836 PM CDT


-  INDICATES NEGATIVE NUMBERS.
R  INDICATES RECORD WAS SET OR TIED.
MM INDICATES DATA IS MISSING.
T  INDICATES TRACE AMOUNT.




$$
