000
CDUS43 KTOP 210632
CLICNK


CLIMATE REPORT
NATIONAL WEATHER SERVICE TOPEKA KS
132 AM CDT SUN AUG 21 2016


...................................

...THE CONCORDIA KS CLIMATE SUMMARY FOR AUGUST 20 2016...

CLIMATE NORMAL PERIOD 1981 TO 2010
CLIMATE RECORD PERIOD 1885 TO 2016


WEATHER ITEM   OBSERVED TIME   RECORD YEAR NORMAL DEPARTURE LAST
                VALUE   (LST)  VALUE       VALUE  FROM      YEAR
                                                  NORMAL
..................................................................
TEMPERATURE (F)
 YESTERDAY
  MAXIMUM         76    429 PM 103    1900  88    -12       83
                                      1898
  MINIMUM         58   1132 PM  48    1950  65     -7       58
  AVERAGE         67                        77    -10       71

PRECIPITATION (IN)
  YESTERDAY        0.00          2.38 1920   0.10  -0.10     0.00
  MONTH TO DATE    2.45                      2.10   0.35     3.76
  SINCE JUN 1      9.79                     10.07  -0.28    13.44
  SINCE JAN 1     21.96                     20.06   1.90    21.52

SNOWFALL (IN)
  YESTERDAY        0.0           0.0    MM   0.0    0.0      0.0
  MONTH TO DATE    0.0                       0.0    0.0      0.0
  SINCE JAN 1     12.3                      13.7   -1.4      5.6
  SINCE JUL 1      0.0                       0.0    0.0      0.0
  SNOW DEPTH       0

DEGREE DAYS
 HEATING
  YESTERDAY        0                         0      0        0
  MONTH TO DATE    0                         0      0        1
  SINCE JUN 1      1                        13    -12        3
  SINCE JUL 1      1                         0      1        1

 COOLING
  YESTERDAY        2                        12    -10        6
  MONTH TO DATE  260                       260      0      212
  SINCE JUN 1   1127                       961    166      917
  SINCE JAN 1   1187                      1050    137      972
..................................................................


WIND (MPH)
  HIGHEST WIND SPEED    21   HIGHEST WIND DIRECTION    NW (330)
  HIGHEST GUST SPEED    26   HIGHEST GUST DIRECTION     N (340)
  AVERAGE WIND SPEED     8.9


SKY COVER
  AVERAGE SKY COVER 0.2


WEATHER CONDITIONS
 THE FOLLOWING WEATHER WAS RECORDED YESTERDAY.
  NO SIGNIFICANT WEATHER WAS OBSERVED.


RELATIVE HUMIDITY (PERCENT)
 HIGHEST    93          1200 AM
 LOWEST     41           400 PM
 AVERAGE    67

..........................................................


THE CONCORDIA KS CLIMATE NORMALS FOR TODAY
                         NORMAL    RECORD    YEAR
 MAXIMUM TEMPERATURE (F)   88       104      2001
 MINIMUM TEMPERATURE (F)   65        51      2004
                                             1890


SUNRISE AND SUNSET
AUGUST 21 2016........SUNRISE   649 AM CDT   SUNSET   817 PM CDT
AUGUST 22 2016........SUNRISE   650 AM CDT   SUNSET   816 PM CDT


-  INDICATES NEGATIVE NUMBERS.
R  INDICATES RECORD WAS SET OR TIED.
MM INDICATES DATA IS MISSING.
T  INDICATES TRACE AMOUNT.




$$
