000
CDUS43 KTOP 060639
CLICNK


CLIMATE REPORT
NATIONAL WEATHER SERVICE TOPEKA KS
139 AM CDT FRI OCT 6 2017


...................................

...THE CONCORDIA KS CLIMATE SUMMARY FOR OCTOBER 5 2017...

CLIMATE NORMAL PERIOD 1981 TO 2010
CLIMATE RECORD PERIOD 1885 TO 2017


WEATHER ITEM   OBSERVED TIME   RECORD YEAR NORMAL DEPARTURE LAST
                VALUE   (LST)  VALUE       VALUE  FROM      YEAR
                                                  NORMAL
..................................................................
TEMPERATURE (F)
 YESTERDAY
  MAXIMUM         76    422 PM 102    1947  72      4       75
  MINIMUM         58    517 AM  32    1932  48     10       48
  AVERAGE         67                        60      7       62

PRECIPITATION (IN)
  YESTERDAY        0.71          1.94 1959   0.07   0.64     0.00
  MONTH TO DATE    1.55                      0.39   1.16     0.62
  SINCE SEP 1      6.80                      3.30   3.50     2.62
  SINCE JAN 1     34.25                     24.40   9.85    28.14

SNOWFALL (IN)
  YESTERDAY        0.0           0.0    MM   0.0    0.0      0.0
  MONTH TO DATE    0.0                       0.0    0.0      0.0
  SINCE JAN 1      2.1                      13.7  -11.6     12.3
  SINCE JUL 1      0.0                       0.0    0.0      0.0
  SNOW DEPTH       0

DEGREE DAYS
 HEATING
  YESTERDAY        0                         7     -7        3
  MONTH TO DATE    8                        32    -24        8
  SINCE SEP 1     35                       102    -67       49
  SINCE JUL 1     35                       105    -70       50

 COOLING
  YESTERDAY        2                         1      1        0
  MONTH TO DATE   17                         9      8        4
  SINCE SEP 1    225                       169     56      224
  SINCE JAN 1   1363                      1335     28     1506
..................................................................


WIND (MPH)
  HIGHEST WIND SPEED    20   HIGHEST WIND DIRECTION     S (190)
  HIGHEST GUST SPEED    24   HIGHEST GUST DIRECTION    SW (210)
  AVERAGE WIND SPEED     7.0


SKY COVER
  AVERAGE SKY COVER 0.9


WEATHER CONDITIONS
 THE FOLLOWING WEATHER WAS RECORDED YESTERDAY.
  THUNDERSTORM
  HEAVY RAIN
  RAIN
  LIGHT RAIN
  FOG
  FOG W/VISIBILITY <= 1/4 MILE


RELATIVE HUMIDITY (PERCENT)
 HIGHEST   100          1200 AM
 LOWEST     87           300 PM
 AVERAGE    94

..........................................................


THE CONCORDIA KS CLIMATE NORMALS FOR TODAY
                         NORMAL    RECORD    YEAR
 MAXIMUM TEMPERATURE (F)   71        94      1963
 MINIMUM TEMPERATURE (F)   47        26      1952


SUNRISE AND SUNSET
OCTOBER  6 2017.......SUNRISE   732 AM CDT   SUNSET   705 PM CDT
OCTOBER  7 2017.......SUNRISE   733 AM CDT   SUNSET   703 PM CDT


-  INDICATES NEGATIVE NUMBERS.
R  INDICATES RECORD WAS SET OR TIED.
MM INDICATES DATA IS MISSING.
T  INDICATES TRACE AMOUNT.




$$
