000
CDUS43 KTOP 082134
CLICNK


CLIMATE REPORT
NATIONAL WEATHER SERVICE TOPEKA KS
434 PM CDT THU SEP 8 2016


...................................

...THE CONCORDIA KS CLIMATE SUMMARY FOR SEPTEMBER 8 2016...
VALID TODAY AS OF 430 PM LOCAL TIME.

CLIMATE NORMAL PERIOD 1981 TO 2010
CLIMATE RECORD PERIOD 1885 TO 2016


WEATHER ITEM   OBSERVED TIME   RECORD YEAR NORMAL DEPARTURE LAST
                VALUE   (LST)  VALUE       VALUE  FROM      YEAR
                                                  NORMAL
..................................................................
TEMPERATURE (F)
 TODAY
  MAXIMUM         81   1258 PM 102    2013  83     -2       85
  MINIMUM         70    634 AM  43    1890  59     11       62
  AVERAGE         76                        71      5       74

PRECIPITATION (IN)
  TODAY            T             1.77 1989   0.10  -0.10      T
  MONTH TO DATE    0.98                      0.77   0.21     0.13
  SINCE SEP 1      0.98                      0.77   0.21     0.13
  SINCE JAN 1     26.50                     21.87   4.63    22.09

SNOWFALL (IN)
  TODAY            0.0           T    1936   0.0    0.0      0.0
  MONTH TO DATE    0.0                       0.0    0.0      0.0
  SINCE JAN 1     12.3                      13.7   -1.4      5.6
  SINCE JUL 1      0.0                       0.0    0.0      0.0
  SNOW DEPTH       0

DEGREE DAYS
 HEATING
  TODAY            0                         1     -1        0
  MONTH TO DATE    0                         6     -6        0
  SINCE SEP 1      0                         6     -6        0
  SINCE JUL 1      1                         9     -8        2

 COOLING
  TODAY           11                         7      4        9
  MONTH TO DATE   82                        66     16      143
  SINCE SEP 1     82                        66     16      143
  SINCE JAN 1   1364                      1232    132     1182
..................................................................


WIND (MPH)
  HIGHEST WIND SPEED    15   HIGHEST WIND DIRECTION     E (70)
  HIGHEST GUST SPEED    19   HIGHEST GUST DIRECTION     E (90)
  AVERAGE WIND SPEED     5.6



WEATHER CONDITIONS
 THE FOLLOWING WEATHER WAS RECORDED TODAY.
  LIGHT RAIN
  FOG
  HAZE


RELATIVE HUMIDITY (PERCENT)
 HIGHEST   100           400 AM
 LOWEST     74           100 PM
 AVERAGE    87

..........................................................


THE CONCORDIA KS CLIMATE NORMALS FOR TOMORROW
                         NORMAL    RECORD    YEAR
 MAXIMUM TEMPERATURE (F)   83       100      1919
                                             1904
 MINIMUM TEMPERATURE (F)   59        43      2008
                                             1943
                                             1902


SUNRISE AND SUNSET
SEPTEMBER  8 2016.....SUNRISE   706 AM CDT   SUNSET   750 PM CDT
SEPTEMBER  9 2016.....SUNRISE   707 AM CDT   SUNSET   748 PM CDT


-  INDICATES NEGATIVE NUMBERS.
R  INDICATES RECORD WAS SET OR TIED.
MM INDICATES DATA IS MISSING.
T  INDICATES TRACE AMOUNT.




$$
