000
CDUS43 KTOP 070642
CLICNK


CLIMATE REPORT
NATIONAL WEATHER SERVICE TOPEKA KS
1242 AM CST FRI NOV 7 2014


...................................

...THE CONCORDIA KS CLIMATE SUMMARY FOR NOVEMBER 6 2014...

CLIMATE NORMAL PERIOD 1981 TO 2010
CLIMATE RECORD PERIOD 1885 TO 2014


WEATHER ITEM   OBSERVED TIME   RECORD YEAR NORMAL DEPARTURE LAST
                VALUE   (LST)  VALUE       VALUE  FROM      YEAR
                                                  NORMAL
..................................................................
TEMPERATURE (F)
 YESTERDAY
  MAXIMUM         58    208 PM  84    1980  58      0       42
  MINIMUM         38    750 AM  13    1959  36      2       32
  AVERAGE         48                        47      1       37

PRECIPITATION (IN)
  YESTERDAY        0.00          1.00 1946   0.04  -0.04     0.00
  MONTH TO DATE    T                         0.28  -0.28     1.09
  SINCE SEP 1      5.69                      5.11   0.58     3.02
  SINCE JAN 1     26.35                     26.21   0.14    26.59

SNOWFALL (IN)
  YESTERDAY        0.0           2.8  1953   0.0    0.0      0.0
  MONTH TO DATE    0.0                       0.2   -0.2      0.0
  SINCE JAN 1     16.9                      14.1    2.8     20.3
  SINCE JUL 1      0.0                       0.4   -0.4      0.0
  SNOW DEPTH       0

DEGREE DAYS
 HEATING
  YESTERDAY       17                        18     -1       28
  MONTH TO DATE   85                       102    -17      105
  SINCE SEP 1    414                       490    -76      442
  SINCE JUL 1    416                       493    -77      449

 COOLING
  YESTERDAY        0                         0      0        0
  MONTH TO DATE    0                         0      0        0
  SINCE SEP 1    159                       182    -23      274
  SINCE JAN 1   1368                      1348     20     1359
..................................................................


WIND (MPH)
  HIGHEST WIND SPEED    17   HIGHEST WIND DIRECTION     N (340)
  HIGHEST GUST SPEED    21   HIGHEST GUST DIRECTION    NE (30)
  AVERAGE WIND SPEED    10.2


SKY COVER
  AVERAGE SKY COVER 0.0


WEATHER CONDITIONS
 THE FOLLOWING WEATHER WAS RECORDED YESTERDAY.
  NO SIGNIFICANT WEATHER WAS OBSERVED.


RELATIVE HUMIDITY (PERCENT)
 HIGHEST    65          1200 AM
 LOWEST     28           200 PM
 AVERAGE    47

..........................................................


THE CONCORDIA KS CLIMATE NORMALS FOR TODAY
                         NORMAL    RECORD    YEAR
 MAXIMUM TEMPERATURE (F)   57        82      1915
 MINIMUM TEMPERATURE (F)   35         7      1991


SUNRISE AND SUNSET
NOVEMBER  7 2014......SUNRISE   706 AM CST   SUNSET   522 PM CST
NOVEMBER  8 2014......SUNRISE   707 AM CST   SUNSET   521 PM CST


-  INDICATES NEGATIVE NUMBERS.
R  INDICATES RECORD WAS SET OR TIED.
MM INDICATES DATA IS MISSING.
T  INDICATES TRACE AMOUNT.




$$
