000
CDUS43 KTOP 072133
CLICNK


CLIMATE REPORT
NATIONAL WEATHER SERVICE TOPEKA KS
432 PM CDT SAT MAY 7 2016


...................................

...THE CONCORDIA KS CLIMATE SUMMARY FOR MAY 7 2016...
VALID TODAY AS OF 0400 PM LOCAL TIME.

CLIMATE NORMAL PERIOD 1981 TO 2010
CLIMATE RECORD PERIOD 1885 TO 2016


WEATHER ITEM   OBSERVED TIME   RECORD YEAR NORMAL DEPARTURE LAST
                VALUE   (LST)  VALUE       VALUE  FROM      YEAR
                                                  NORMAL
..................................................................
TEMPERATURE (F)
 TODAY
  MAXIMUM         82    259 PM  99    2014  71     11       80
  MINIMUM         54    606 AM  31    1890  49      5       59
  AVERAGE         68                        60      8       70

PRECIPITATION (IN)
  TODAY            0.00          1.86 1995   0.12  -0.12     0.02
  MONTH TO DATE    0.01                      0.81  -0.80     0.80
  SINCE MAR 1      2.36                      5.27  -2.91     3.14
  SINCE JAN 1      3.92                      6.64  -2.72     4.66

SNOWFALL (IN)
  TODAY            0.0           T    1967   0.0    0.0      0.0
  MONTH TO DATE    0.0                       0.0    0.0      0.0
  SINCE JAN 1     12.3                      13.7   -1.4      5.6
  SINCE JUL 1     13.6                      20.2   -6.6     11.7
  SNOW DEPTH       0

DEGREE DAYS
 HEATING
  TODAY            0                         6     -6        0
  MONTH TO DATE   46                        48     -2        2
  SINCE MAR 1    800                      1105   -305      838
  SINCE JUL 1   4271                      5312  -1041     5045

 COOLING
  TODAY            3                         1      2        5
  MONTH TO DATE    6                         7     -1       29
  SINCE MAR 1     17                        24     -7       37
  SINCE JAN 1     17                        24     -7       37
..................................................................


WIND (MPH)
  HIGHEST WIND SPEED    21   HIGHEST WIND DIRECTION     S (200)
  HIGHEST GUST SPEED    27   HIGHEST GUST DIRECTION     S (190)
  AVERAGE WIND SPEED     8.6



WEATHER CONDITIONS
 THE FOLLOWING WEATHER WAS RECORDED TODAY.
  NO SIGNIFICANT WEATHER WAS OBSERVED.


RELATIVE HUMIDITY (PERCENT)
 HIGHEST    83           600 AM
 LOWEST     37           100 PM
 AVERAGE    60

..........................................................


THE CONCORDIA KS CLIMATE NORMALS FOR TOMORROW
                         NORMAL    RECORD    YEAR
 MAXIMUM TEMPERATURE (F)   72        94      1963
 MINIMUM TEMPERATURE (F)   49        31      1885


SUNRISE AND SUNSET
MAY  7 2016...........SUNRISE   624 AM CDT   SUNSET   831 PM CDT
MAY  8 2016...........SUNRISE   623 AM CDT   SUNSET   832 PM CDT


-  INDICATES NEGATIVE NUMBERS.
R  INDICATES RECORD WAS SET OR TIED.
MM INDICATES DATA IS MISSING.
T  INDICATES TRACE AMOUNT.




$$
