000
CDUS43 KTOP 062131
CLICNK


CLIMATE REPORT
NATIONAL WEATHER SERVICE TOPEKA KS
431 PM CDT TUE JUN 6 2017


...................................

...THE CONCORDIA KS CLIMATE SUMMARY FOR JUNE 6 2017...
VALID TODAY AS OF 0400 PM LOCAL TIME.

CLIMATE NORMAL PERIOD 1981 TO 2010
CLIMATE RECORD PERIOD 1885 TO 2017


WEATHER ITEM   OBSERVED TIME   RECORD YEAR NORMAL DEPARTURE LAST
                VALUE   (LST)  VALUE       VALUE  FROM      YEAR
                                                  NORMAL
..................................................................
TEMPERATURE (F)
 TODAY
  MAXIMUM         82    139 PM 105    1933  82      0       90
  MINIMUM         64    426 AM  43    1983  59      5       60
  AVERAGE         73                        70      3       75

PRECIPITATION (IN)
  TODAY            0.01          1.96 1947   0.13  -0.12     0.00
  MONTH TO DATE    0.45                      0.81  -0.36     0.00
  SINCE JUN 1      0.45                      0.81  -0.36     0.00
  SINCE JAN 1     18.83                     10.80   8.03    12.17

SNOWFALL (IN)
  TODAY            0.0           T    1971   0.0    0.0      0.0
  MONTH TO DATE    0.0                       0.0    0.0      0.0
  SINCE JAN 1      2.1                      13.7  -11.6     12.3
  SINCE JUL 1      4.3                      20.2  -15.9     13.6
  SNOW DEPTH       0

DEGREE DAYS
 HEATING
  TODAY            0                         1     -1        0
  MONTH TO DATE    0                         6     -6        0
  SINCE JUN 1      0                         6     -6        0
  SINCE JUL 1   4564                      5401   -837     4364

 COOLING
  TODAY            8                         6      2       10
  MONTH TO DATE   54                        33     21       34
  SINCE JUN 1     54                        33     21       34
  SINCE JAN 1    132                       122     10       94
..................................................................


WIND (MPH)
  HIGHEST WIND SPEED    17   HIGHEST WIND DIRECTION    NE (50)
  HIGHEST GUST SPEED    23   HIGHEST GUST DIRECTION    NE (60)
  AVERAGE WIND SPEED     6.1



WEATHER CONDITIONS
 THE FOLLOWING WEATHER WAS RECORDED TODAY.
  LIGHT RAIN


RELATIVE HUMIDITY (PERCENT)
 HIGHEST    93           500 AM
 LOWEST     51          1200 PM
 AVERAGE    72

..........................................................


THE CONCORDIA KS CLIMATE NORMALS FOR TOMORROW
                         NORMAL    RECORD    YEAR
 MAXIMUM TEMPERATURE (F)   82       101      1963
 MINIMUM TEMPERATURE (F)   59        43      1935


SUNRISE AND SUNSET
JUNE  6 2017..........SUNRISE   604 AM CDT   SUNSET   855 PM CDT
JUNE  7 2017..........SUNRISE   603 AM CDT   SUNSET   856 PM CDT


-  INDICATES NEGATIVE NUMBERS.
R  INDICATES RECORD WAS SET OR TIED.
MM INDICATES DATA IS MISSING.
T  INDICATES TRACE AMOUNT.




$$
