000
CDUS43 KTOP 100637
CLICNK


CLIMATE REPORT
NATIONAL WEATHER SERVICE TOPEKA KS
1234 AM CST FRI MAR 10 2017


...................................

...THE CONCORDIA KS CLIMATE SUMMARY FOR MARCH 9 2017...

CLIMATE NORMAL PERIOD 1981 TO 2010
CLIMATE RECORD PERIOD 1885 TO 2017


WEATHER ITEM   OBSERVED TIME   RECORD YEAR NORMAL DEPARTURE LAST
                VALUE   (LST)  VALUE       VALUE  FROM      YEAR
                                                  NORMAL
..................................................................
TEMPERATURE (F)
 YESTERDAY
  MAXIMUM         63   1134 AM  81    1986  52     11       64
  MINIMUM         32   1159 PM   3    1912  29      3       35
                                      1891
  AVERAGE         48                        41      7       50

PRECIPITATION (IN)
  YESTERDAY        0.00          0.96 1907   0.06  -0.06     0.00
  MONTH TO DATE    0.00                      0.43  -0.43      T
  SINCE MAR 1      0.00                      0.43  -0.43      T
  SINCE JAN 1      1.85                      1.80   0.05     1.56

SNOWFALL (IN)
  YESTERDAY        0.0           7.5  1975   0.1   -0.1      0.0
  MONTH TO DATE    0.0                       0.7   -0.7      0.0
  SINCE JAN 1      1.3                      11.1   -9.8     12.3
  SINCE JUL 1      3.5                      17.6  -14.1     13.6
  SNOW DEPTH       0

DEGREE DAYS
 HEATING
  YESTERDAY       17                        24     -7       15
  MONTH TO DATE  144                       233    -89      132
  SINCE MAR 1    144                       233    -89      132
  SINCE JUL 1   3645                      4440   -795     3603

 COOLING
  YESTERDAY        0                         0      0        0
  MONTH TO DATE    0                         0      0        3
  SINCE MAR 1      0                         0      0        3
  SINCE JAN 1      0                         0      0        3
..................................................................


WIND (MPH)
  HIGHEST WIND SPEED    24   HIGHEST WIND DIRECTION    NE (30)
  HIGHEST GUST SPEED    29   HIGHEST GUST DIRECTION    NE (30)
  AVERAGE WIND SPEED    11.0


SKY COVER
  AVERAGE SKY COVER 0.0


WEATHER CONDITIONS
 THE FOLLOWING WEATHER WAS RECORDED YESTERDAY.
  NO SIGNIFICANT WEATHER WAS OBSERVED.


RELATIVE HUMIDITY (PERCENT)
 HIGHEST    64           500 AM
 LOWEST     32          1100 AM
 AVERAGE    48

..........................................................


THE CONCORDIA KS CLIMATE NORMALS FOR TODAY
                         NORMAL    RECORD    YEAR
 MAXIMUM TEMPERATURE (F)   52        82      1902
 MINIMUM TEMPERATURE (F)   30        -5      1948


SUNRISE AND SUNSET
MARCH 10 2017.........SUNRISE   649 AM CST   SUNSET   633 PM CST
MARCH 11 2017.........SUNRISE   648 AM CST   SUNSET   634 PM CST


-  INDICATES NEGATIVE NUMBERS.
R  INDICATES RECORD WAS SET OR TIED.
MM INDICATES DATA IS MISSING.
T  INDICATES TRACE AMOUNT.




$$
