000
CDUS43 KTOP 110637
CLICNK


CLIMATE REPORT
NATIONAL WEATHER SERVICE TOPEKA KS
1235 AM CST TUE NOV 11 2014


...................................

...THE CONCORDIA KS CLIMATE SUMMARY FOR NOVEMBER 10 2014...

CLIMATE NORMAL PERIOD 1981 TO 2010
CLIMATE RECORD PERIOD 1885 TO 2014


WEATHER ITEM   OBSERVED TIME   RECORD YEAR NORMAL DEPARTURE LAST
                VALUE   (LST)  VALUE       VALUE  FROM      YEAR
                                                  NORMAL
..................................................................
TEMPERATURE (F)
 YESTERDAY
  MAXIMUM         62   1211 PM  80    1927  56      6       59
  MINIMUM         22   1159 PM   9    1986  34    -12       34
  AVERAGE         42                        45     -3       47

PRECIPITATION (IN)
  YESTERDAY        0.01          0.84 1915   0.04  -0.03     0.00
  MONTH TO DATE    0.01                      0.45  -0.44     1.09
  SINCE SEP 1      5.70                      5.28   0.42     3.02
  SINCE JAN 1     26.36                     26.38  -0.02    26.59

SNOWFALL (IN)
  YESTERDAY        0.2           2.3  1995   0.0    0.2      0.0
  MONTH TO DATE    0.2                       0.4   -0.2      0.0
  SINCE JAN 1     17.1                      14.3    2.8     20.3
  SINCE JUL 1      0.2                       0.6   -0.4      0.0
  SNOW DEPTH       T

DEGREE DAYS
 HEATING
  YESTERDAY       23                        20      3       18
  MONTH TO DATE  150                       180    -30      149
  SINCE SEP 1    479                       568    -89      486
  SINCE JUL 1    481                       571    -90      493

 COOLING
  YESTERDAY        0                         0      0        0
  MONTH TO DATE    0                         0      0        0
  SINCE SEP 1    159                       182    -23      274
  SINCE JAN 1   1368                      1348     20     1359
..................................................................


WIND (MPH)
  HIGHEST WIND SPEED    35   HIGHEST WIND DIRECTION     N (350)
  HIGHEST GUST SPEED    45   HIGHEST GUST DIRECTION    NW (330)
  AVERAGE WIND SPEED    17.5


SKY COVER
  AVERAGE SKY COVER 0.4


WEATHER CONDITIONS
 THE FOLLOWING WEATHER WAS RECORDED YESTERDAY.
  SNOW
  LIGHT SNOW
  FOG


RELATIVE HUMIDITY (PERCENT)
 HIGHEST    92           600 AM
 LOWEST     54           100 PM
 AVERAGE    73

..........................................................


THE CONCORDIA KS CLIMATE NORMALS FOR TODAY
                         NORMAL    RECORD    YEAR
 MAXIMUM TEMPERATURE (F)   55        77      1989
 MINIMUM TEMPERATURE (F)   33         6      1986


SUNRISE AND SUNSET
NOVEMBER 11 2014......SUNRISE   710 AM CST   SUNSET   519 PM CST
NOVEMBER 12 2014......SUNRISE   711 AM CST   SUNSET   518 PM CST


-  INDICATES NEGATIVE NUMBERS.
R  INDICATES RECORD WAS SET OR TIED.
MM INDICATES DATA IS MISSING.
T  INDICATES TRACE AMOUNT.




$$
