000
CDUS43 KTOP 062136
CLICNK


CLIMATE REPORT
NATIONAL WEATHER SERVICE TOPEKA KS
436 PM CDT WED JUL 6 2016


...................................

...THE CONCORDIA KS CLIMATE SUMMARY FOR JULY 6 2016...
VALID TODAY AS OF 430 PM LOCAL TIME.

CLIMATE NORMAL PERIOD 1981 TO 2010
CLIMATE RECORD PERIOD 1885 TO 2016


WEATHER ITEM   OBSERVED TIME   RECORD YEAR NORMAL DEPARTURE LAST
                VALUE   (LST)  VALUE       VALUE  FROM      YEAR
                                                  NORMAL
..................................................................
TEMPERATURE (F)
 TODAY
  MAXIMUM         96    248 PM 108    1991  91      5       85
                                      1964
  MINIMUM         71    550 AM  50    1908  67      4       66
  AVERAGE         84                        79      5       76

PRECIPITATION (IN)
  TODAY            0.00          0.87 1922   0.14  -0.14     0.40
  MONTH TO DATE    0.83                      0.84  -0.01     0.52
  SINCE JUN 1      2.00                      4.89  -2.89     6.63
  SINCE JAN 1     14.17                     14.88  -0.71    14.71

SNOWFALL (IN)
  TODAY            0.0           T    1930   0.0    0.0      0.0
  MONTH TO DATE    0.0                       0.0    0.0      0.0
  SINCE JAN 1     12.3                      13.7   -1.4      5.6
  SINCE JUL 1      0.0                       0.0    0.0      0.0
  SNOW DEPTH       0

DEGREE DAYS
 HEATING
  TODAY            0                         0      0        0
  MONTH TO DATE    1                         0      1        0
  SINCE JUN 1      1                        13    -12        2
  SINCE JUL 1      1                         0      1        0

 COOLING
  TODAY           19                        14      5       11
  MONTH TO DATE   65                        80    -15       70
  SINCE JUN 1    486                       345    141      379
  SINCE JAN 1    546                       434    112      434
..................................................................


WIND (MPH)
  HIGHEST WIND SPEED    24   HIGHEST WIND DIRECTION     W (290)
  HIGHEST GUST SPEED    30   HIGHEST GUST DIRECTION     W (280)
  AVERAGE WIND SPEED     8.9



WEATHER CONDITIONS
 THE FOLLOWING WEATHER WAS RECORDED TODAY.
  NO SIGNIFICANT WEATHER WAS OBSERVED.


RELATIVE HUMIDITY (PERCENT)
 HIGHEST    73           600 AM
 LOWEST     34           300 PM
 AVERAGE    54

..........................................................


THE CONCORDIA KS CLIMATE NORMALS FOR TOMORROW
                         NORMAL    RECORD    YEAR
 MAXIMUM TEMPERATURE (F)   91       105      2001
                                             1913
 MINIMUM TEMPERATURE (F)   67        49      1908


SUNRISE AND SUNSET
JULY  6 2016..........SUNRISE   610 AM CDT   SUNSET   901 PM CDT
JULY  7 2016..........SUNRISE   611 AM CDT   SUNSET   900 PM CDT


-  INDICATES NEGATIVE NUMBERS.
R  INDICATES RECORD WAS SET OR TIED.
MM INDICATES DATA IS MISSING.
T  INDICATES TRACE AMOUNT.




$$
