931
CDUS43 KTOP 060633
CLICNK


CLIMATE REPORT
NATIONAL WEATHER SERVICE TOPEKA KS
1231 AM CST MON NOV 6 2017


...................................

...THE CONCORDIA KS CLIMATE SUMMARY FOR NOVEMBER 5 2017...

CLIMATE NORMAL PERIOD 1981 TO 2010
CLIMATE RECORD PERIOD 1885 TO 2017


WEATHER ITEM   OBSERVED TIME   RECORD YEAR NORMAL DEPARTURE LAST
                VALUE   (LST)  VALUE       VALUE  FROM      YEAR
                                                  NORMAL
..................................................................
TEMPERATURE (F)
 YESTERDAY
  MAXIMUM         51    324 PM  81    1914  58     -7       72
  MINIMUM         33   1158 PM  15    1982  36     -3       44
  AVERAGE         42                        47     -5       58

PRECIPITATION (IN)
  YESTERDAY        0.00          1.09 2013   0.05  -0.05     0.00
  MONTH TO DATE    0.00                      0.24  -0.24     0.01
  SINCE SEP 1      8.75                      5.07   3.68     3.01
  SINCE JAN 1     36.20                     26.17  10.03    28.53

SNOWFALL (IN)
  YESTERDAY        0.0           0.4  1959   0.1   -0.1      0.0
  MONTH TO DATE    0.0                       0.2   -0.2      0.0
  SINCE JAN 1      2.1                      14.1  -12.0     12.3
  SINCE JUL 1      T                         0.4   -0.4      0.0
  SNOW DEPTH       0

DEGREE DAYS
 HEATING
  YESTERDAY       23                        18      5        7
  MONTH TO DATE  111                        84     27       26
  SINCE SEP 1    437                       472    -35      238
  SINCE JUL 1    437                       475    -38      239

 COOLING
  YESTERDAY        0                         0      0        0
  MONTH TO DATE    0                         0      0        0
  SINCE SEP 1    232                       182     50      258
  SINCE JAN 1   1370                      1348     22     1540
..................................................................


WIND (MPH)
  HIGHEST WIND SPEED    22   HIGHEST WIND DIRECTION     N (360)
  HIGHEST GUST SPEED    27   HIGHEST GUST DIRECTION     N (10)
  AVERAGE WIND SPEED    10.8


SKY COVER
  AVERAGE SKY COVER 0.5


WEATHER CONDITIONS
 THE FOLLOWING WEATHER WAS RECORDED YESTERDAY.
  FOG


RELATIVE HUMIDITY (PERCENT)
 HIGHEST   100           100 AM
 LOWEST     36           400 PM
 AVERAGE    68

..........................................................


THE CONCORDIA KS CLIMATE NORMALS FOR TODAY
                         NORMAL    RECORD    YEAR
 MAXIMUM TEMPERATURE (F)   58        84      1980
 MINIMUM TEMPERATURE (F)   36        13      1959


SUNRISE AND SUNSET
NOVEMBER  6 2017......SUNRISE   705 AM CST   SUNSET   523 PM CST
NOVEMBER  7 2017......SUNRISE   706 AM CST   SUNSET   522 PM CST


-  INDICATES NEGATIVE NUMBERS.
R  INDICATES RECORD WAS SET OR TIED.
MM INDICATES DATA IS MISSING.
T  INDICATES TRACE AMOUNT.




$$
