000
CDUS43 KTOP 290644
CLICNK


CLIMATE REPORT
NATIONAL WEATHER SERVICE TOPEKA KS
143 AM CDT FRI SEP 29 2017


...................................

...THE CONCORDIA KS CLIMATE SUMMARY FOR SEPTEMBER 28 2017...

CLIMATE NORMAL PERIOD 1981 TO 2010
CLIMATE RECORD PERIOD 1885 TO 2017


WEATHER ITEM   OBSERVED TIME   RECORD YEAR NORMAL DEPARTURE LAST
                VALUE   (LST)  VALUE       VALUE  FROM      YEAR
                                                  NORMAL
..................................................................
TEMPERATURE (F)
 YESTERDAY
  MAXIMUM         76    258 PM 105    1953  75      1       72
  MINIMUM         48    416 AM  33    1942  51     -3       50
  AVERAGE         62                        62      0       61

PRECIPITATION (IN)
  YESTERDAY        0.00          1.84 1986   0.09  -0.09     0.00
  MONTH TO DATE    5.25                      2.73   2.52     2.00
  SINCE SEP 1      5.25                      2.73   2.52     2.00
  SINCE JAN 1     32.70                     23.83   8.87    27.52

SNOWFALL (IN)
  YESTERDAY        0.0           0.0    MM   0.0    0.0      0.0
  MONTH TO DATE    0.0                       0.0    0.0      0.0
  SINCE JAN 1      2.1                      13.7  -11.6     12.3
  SINCE JUL 1      0.0                       0.0    0.0      0.0
  SNOW DEPTH       0

DEGREE DAYS
 HEATING
  YESTERDAY        3                         5     -2        4
  MONTH TO DATE   27                        60    -33       25
  SINCE SEP 1     27                        60    -33       25
  SINCE JUL 1     27                        63    -36       26

 COOLING
  YESTERDAY        0                         2     -2        0
  MONTH TO DATE  200                       155     45      220
  SINCE SEP 1    200                       155     45      220
  SINCE JAN 1   1338                      1321     17     1502
..................................................................


WIND (MPH)
  HIGHEST WIND SPEED    10   HIGHEST WIND DIRECTION     W (270)
  HIGHEST GUST SPEED    14   HIGHEST GUST DIRECTION     W (270)
  AVERAGE WIND SPEED     5.0


SKY COVER
  AVERAGE SKY COVER 0.0


WEATHER CONDITIONS
 THE FOLLOWING WEATHER WAS RECORDED YESTERDAY.
  NO SIGNIFICANT WEATHER WAS OBSERVED.


RELATIVE HUMIDITY (PERCENT)
 HIGHEST    93           200 AM
 LOWEST     38           100 PM
 AVERAGE    66

..........................................................


THE CONCORDIA KS CLIMATE NORMALS FOR TODAY
                         NORMAL    RECORD    YEAR
 MAXIMUM TEMPERATURE (F)   74        96      1994
 MINIMUM TEMPERATURE (F)   50        29      1984


SUNRISE AND SUNSET
SEPTEMBER 29 2017.....SUNRISE   725 AM CDT   SUNSET   716 PM CDT
SEPTEMBER 30 2017.....SUNRISE   726 AM CDT   SUNSET   714 PM CDT


-  INDICATES NEGATIVE NUMBERS.
R  INDICATES RECORD WAS SET OR TIED.
MM INDICATES DATA IS MISSING.
T  INDICATES TRACE AMOUNT.




$$
