000
CDUS43 KTOP 260634
CLICNK


CLIMATE REPORT
NATIONAL WEATHER SERVICE TOPEKA KS
133 AM CDT WED MAR 26 2014


...................................

...THE CONCORDIA KS CLIMATE SUMMARY FOR MARCH 25 2014...

CLIMATE NORMAL PERIOD 1981 TO 2010
CLIMATE RECORD PERIOD 1885 TO 2014


WEATHER ITEM   OBSERVED TIME   RECORD YEAR NORMAL DEPARTURE LAST
                VALUE   (LST)  VALUE       VALUE  FROM      YEAR
                                                  NORMAL
..................................................................
TEMPERATURE (F)
 YESTERDAY
  MAXIMUM         44    443 PM  92    1907  58    -14       34
  MINIMUM         25    658 AM   8    1996  34     -9       21
                                      1955
  AVERAGE         35                        46    -11       28

PRECIPITATION (IN)
  YESTERDAY        0.00          1.42 1891   0.08  -0.08      T
  MONTH TO DATE    0.22                      1.52  -1.30     0.61
  SINCE MAR 1      0.22                      1.52  -1.30     0.61
  SINCE JAN 1      1.41                      2.89  -1.48     2.09

SNOWFALL (IN)
  YESTERDAY        0.0           2.2  1971   0.1   -0.1       T
  MONTH TO DATE    2.2                       2.2    0.0      4.3
  SINCE JAN 1     16.9                      12.6    4.3     17.9
  SINCE JUL 1     23.2                      19.1    4.1     26.4
  SNOW DEPTH       0

DEGREE DAYS
 HEATING
  YESTERDAY       30                        19     11       37
  MONTH TO DATE  693                       577    116      711
  SINCE MAR 1    693                       577    116      711
  SINCE JUL 1   5175                      4784    391     4730

 COOLING
  YESTERDAY        0                         0      0        0
  MONTH TO DATE    0                         0      0        0
  SINCE MAR 1      0                         0      0        0
  SINCE JAN 1      0                         0      0        0
..................................................................


WIND (MPH)
  HIGHEST WIND SPEED    20   HIGHEST WIND DIRECTION     N (350)
  HIGHEST GUST SPEED    25   HIGHEST GUST DIRECTION     N (340)
  AVERAGE WIND SPEED    10.6


SKY COVER
  AVERAGE SKY COVER 0.2


WEATHER CONDITIONS
 THE FOLLOWING WEATHER WAS RECORDED YESTERDAY.
  HAZE


RELATIVE HUMIDITY (PERCENT)
 HIGHEST    69           100 AM
 LOWEST     27           300 PM
 AVERAGE    48

..........................................................


THE CONCORDIA KS CLIMATE NORMALS FOR TODAY
                         NORMAL    RECORD    YEAR
 MAXIMUM TEMPERATURE (F)   59        86      1907
 MINIMUM TEMPERATURE (F)   35         6      1955


SUNRISE AND SUNSET
MARCH 26 2014.........SUNRISE   724 AM CDT   SUNSET   749 PM CDT
MARCH 27 2014.........SUNRISE   723 AM CDT   SUNSET   750 PM CDT


-  INDICATES NEGATIVE NUMBERS.
R  INDICATES RECORD WAS SET OR TIED.
MM INDICATES DATA IS MISSING.
T  INDICATES TRACE AMOUNT.




$$
