000
CDUS43 KTOP 090637
CLICNK


CLIMATE REPORT
NATIONAL WEATHER SERVICE TOPEKA KS
1236 AM CST SUN NOV 9 2014


...................................

...THE CONCORDIA KS CLIMATE SUMMARY FOR NOVEMBER 8 2014...

CLIMATE NORMAL PERIOD 1981 TO 2010
CLIMATE RECORD PERIOD 1885 TO 2014


WEATHER ITEM   OBSERVED TIME   RECORD YEAR NORMAL DEPARTURE LAST
                VALUE   (LST)  VALUE       VALUE  FROM      YEAR
                                                  NORMAL
..................................................................
TEMPERATURE (F)
 YESTERDAY
  MAXIMUM         57    327 PM  85    2006  57      0       69
  MINIMUM         36    732 AM  12    1991  35      1       37
                                      1925
  AVERAGE         47                        46      1       53

PRECIPITATION (IN)
  YESTERDAY        0.00          1.09 1977   0.05  -0.05     0.00
  MONTH TO DATE    T                         0.37  -0.37     1.09
  SINCE SEP 1      5.69                      5.20   0.49     3.02
  SINCE JAN 1     26.35                     26.30   0.05    26.59

SNOWFALL (IN)
  YESTERDAY        0.0           T    1977   0.0    0.0      0.0
  MONTH TO DATE    0.0                       0.3   -0.3      0.0
  SINCE JAN 1     16.9                      14.2    2.7     20.3
  SINCE JUL 1      0.0                       0.5   -0.5      0.0
  SNOW DEPTH       0

DEGREE DAYS
 HEATING
  YESTERDAY       18                        19     -1       12
  MONTH TO DATE  113                       140    -27      117
  SINCE SEP 1    442                       528    -86      454
  SINCE JUL 1    444                       531    -87      461

 COOLING
  YESTERDAY        0                         0      0        0
  MONTH TO DATE    0                         0      0        0
  SINCE SEP 1    159                       182    -23      274
  SINCE JAN 1   1368                      1348     20     1359
..................................................................


WIND (MPH)
  HIGHEST WIND SPEED    22   HIGHEST WIND DIRECTION     S (190)
  HIGHEST GUST SPEED    30   HIGHEST GUST DIRECTION     N (360)
  AVERAGE WIND SPEED    11.2


SKY COVER
  AVERAGE SKY COVER 0.0


WEATHER CONDITIONS
 THE FOLLOWING WEATHER WAS RECORDED YESTERDAY.
  NO SIGNIFICANT WEATHER WAS OBSERVED.


RELATIVE HUMIDITY (PERCENT)
 HIGHEST    76           300 AM
 LOWEST     30           300 PM
 AVERAGE    53

..........................................................


THE CONCORDIA KS CLIMATE NORMALS FOR TODAY
                         NORMAL    RECORD    YEAR
 MAXIMUM TEMPERATURE (F)   56        77      1999
 MINIMUM TEMPERATURE (F)   34        18      1966


SUNRISE AND SUNSET
NOVEMBER  9 2014......SUNRISE   708 AM CST   SUNSET   520 PM CST
NOVEMBER 10 2014......SUNRISE   709 AM CST   SUNSET   520 PM CST


-  INDICATES NEGATIVE NUMBERS.
R  INDICATES RECORD WAS SET OR TIED.
MM INDICATES DATA IS MISSING.
T  INDICATES TRACE AMOUNT.




$$
