000
CDUS43 KTOP 050651
CLICNK


CLIMATE REPORT
NATIONAL WEATHER SERVICE TOPEKA KS
151 AM CDT WED APR 5 2017


...................................

...THE CONCORDIA KS CLIMATE SUMMARY FOR APRIL 4 2017...

CLIMATE NORMAL PERIOD 1981 TO 2010
CLIMATE RECORD PERIOD 1885 TO 2017


WEATHER ITEM   OBSERVED TIME   RECORD YEAR NORMAL DEPARTURE LAST
                VALUE   (LST)  VALUE       VALUE  FROM      YEAR
                                                  NORMAL
..................................................................
TEMPERATURE (F)
 YESTERDAY
  MAXIMUM         51   1041 AM  90    1929  62    -11       66
  MINIMUM         41    307 AM  18    1899  37      4       44
  AVERAGE         46                        49     -3       55

PRECIPITATION (IN)
  YESTERDAY        0.11          2.25 2012   0.07   0.04     0.00
  MONTH TO DATE    0.81                      0.30   0.51     0.00
  SINCE MAR 1      4.00                      2.31   1.69     0.45
  SINCE JAN 1      5.85                      3.68   2.17     2.01

SNOWFALL (IN)
  YESTERDAY        0.0           1.2  1957   0.1   -0.1      0.0
  MONTH TO DATE    0.0                       0.2   -0.2      0.0
  SINCE JAN 1      2.1                      13.4  -11.3     12.3
  SINCE JUL 1      4.3                      19.9  -15.6     13.6
  SNOW DEPTH       0

DEGREE DAYS
 HEATING
  YESTERDAY       19                        16      3       10
  MONTH TO DATE   66                        65      1       52
  SINCE MAR 1    635                       749   -114      540
  SINCE JUL 1   4136                      4956   -820     4011

 COOLING
  YESTERDAY        0                         0      0        0
  MONTH TO DATE    0                         0      0        0
  SINCE MAR 1      4                         1      3        3
  SINCE JAN 1      4                         1      3        3
..................................................................


WIND (MPH)
  HIGHEST WIND SPEED    20   HIGHEST WIND DIRECTION    NE (40)
  HIGHEST GUST SPEED    29   HIGHEST GUST DIRECTION    NW (330)
  AVERAGE WIND SPEED     9.4


SKY COVER
  AVERAGE SKY COVER 1.0


WEATHER CONDITIONS
 THE FOLLOWING WEATHER WAS RECORDED YESTERDAY.
  LIGHT RAIN
  FOG


RELATIVE HUMIDITY (PERCENT)
 HIGHEST   100           900 PM
 LOWEST     74          1100 AM
 AVERAGE    87

..........................................................


THE CONCORDIA KS CLIMATE NORMALS FOR TODAY
                         NORMAL    RECORD    YEAR
 MAXIMUM TEMPERATURE (F)   62        92      2000
 MINIMUM TEMPERATURE (F)   38        18      1886


SUNRISE AND SUNSET
APRIL  5 2017.........SUNRISE   708 AM CDT   SUNSET   759 PM CDT
APRIL  6 2017.........SUNRISE   707 AM CDT   SUNSET   800 PM CDT


-  INDICATES NEGATIVE NUMBERS.
R  INDICATES RECORD WAS SET OR TIED.
MM INDICATES DATA IS MISSING.
T  INDICATES TRACE AMOUNT.




$$
