000
CDUS43 KTOP 160639
CLICNK


CLIMATE REPORT
NATIONAL WEATHER SERVICE TOPEKA KS
1237 AM CST MON FEB 16 2015


...................................

...THE CONCORDIA KS CLIMATE SUMMARY FOR FEBRUARY 15 2015...

CLIMATE NORMAL PERIOD 1981 TO 2010
CLIMATE RECORD PERIOD 1885 TO 2015


WEATHER ITEM   OBSERVED TIME   RECORD YEAR NORMAL DEPARTURE LAST
                VALUE   (LST)  VALUE       VALUE  FROM      YEAR
                                                  NORMAL
..................................................................
TEMPERATURE (F)
 YESTERDAY
  MAXIMUM         18    351 PM  75    1921  43    -25       58
  MINIMUM         14   1159 PM  -6    1936  22     -8       25
                                      1905
  AVERAGE         16                        33    -17       42

PRECIPITATION (IN)
  YESTERDAY        0.05          0.63 1938   0.02   0.03     0.00
  MONTH TO DATE    0.22                      0.39  -0.17     0.55
  SINCE DEC 1      2.13                      1.82   0.31     1.52
  SINCE JAN 1      1.39                      0.97   0.42     0.98

SNOWFALL (IN)
  YESTERDAY        0.4           3.6  1993   0.2    0.2      0.0
  MONTH TO DATE    1.3                       3.2   -1.9      6.4
  SINCE JAN 1      3.6                       8.9   -5.3     12.0
  SINCE JUL 1      9.7                      15.4   -5.7     18.3
  SNOW DEPTH       0

DEGREE DAYS
 HEATING
  YESTERDAY       49                        32     17       23
  MONTH TO DATE  492                       511    -19      692
  SINCE DEC 1   2494                      2723   -229     3041
  SINCE JUL 1   3657                      3815   -158     4097

 COOLING
  YESTERDAY        0                         0      0        0
  MONTH TO DATE    0                         0      0        0
  SINCE DEC 1      0                         0      0        0
  SINCE JAN 1      0                         0      0        0
..................................................................


WIND (MPH)
  HIGHEST WIND SPEED    17   HIGHEST WIND DIRECTION     E (80)
  HIGHEST GUST SPEED    22   HIGHEST GUST DIRECTION     E (70)
  AVERAGE WIND SPEED     9.2


SKY COVER
  AVERAGE SKY COVER 0.6


WEATHER CONDITIONS
 THE FOLLOWING WEATHER WAS RECORDED YESTERDAY.
  LIGHT SNOW
  FOG


RELATIVE HUMIDITY (PERCENT)
 HIGHEST    88           900 PM
 LOWEST     49           100 PM
 AVERAGE    69

..........................................................


THE CONCORDIA KS CLIMATE NORMALS FOR TODAY
                         NORMAL    RECORD    YEAR
 MAXIMUM TEMPERATURE (F)   43        71      1913
 MINIMUM TEMPERATURE (F)   22       -12      1903


SUNRISE AND SUNSET
FEBRUARY 16 2015......SUNRISE   722 AM CST   SUNSET   608 PM CST
FEBRUARY 17 2015......SUNRISE   720 AM CST   SUNSET   609 PM CST


-  INDICATES NEGATIVE NUMBERS.
R  INDICATES RECORD WAS SET OR TIED.
MM INDICATES DATA IS MISSING.
T  INDICATES TRACE AMOUNT.




$$
