000
CDUS43 KTOP 172235
CLICNK


CLIMATE REPORT
NATIONAL WEATHER SERVICE TOPEKA KS
434 PM CST SAT JAN 17 2015


...................................

...THE CONCORDIA KS CLIMATE SUMMARY FOR JANUARY 17 2015...
VALID TODAY AS OF 430 PM LOCAL TIME.

CLIMATE NORMAL PERIOD 1981 TO 2010
CLIMATE RECORD PERIOD 1885 TO 2015


WEATHER ITEM   OBSERVED TIME   RECORD YEAR NORMAL DEPARTURE LAST
                VALUE   (LST)  VALUE       VALUE  FROM      YEAR
                                                  NORMAL
..................................................................
TEMPERATURE (F)
 TODAY
  MAXIMUM         58    322 PM  67    1986  39     19       40
  MINIMUM         36    255 AM -14    1978  19     17       17
  AVERAGE         47                        29     18       29

PRECIPITATION (IN)
  TODAY            0.00          0.44 1960   0.02  -0.02     0.00
  MONTH TO DATE    0.11                      0.26  -0.15     0.21
  SINCE DEC 1      0.85                      1.11  -0.26     0.75
  SINCE JAN 1      0.11                      0.26  -0.15     0.21

SNOWFALL (IN)
  TODAY           MM             5.3  1960   0.2   MM        0.0
  MONTH TO DATE    1.3                       2.9   -1.6      2.0
  SINCE JAN 1      1.3                       2.9   -1.6      2.0
  SINCE JUL 1      7.4                       9.4   -2.0      8.3
  SNOW DEPTH      MM

DEGREE DAYS
 HEATING
  TODAY           18                        36    -18       36
  MONTH TO DATE  691                       626     65      654
  SINCE DEC 1   1666                      1711    -45     1825
  SINCE JUL 1   2829                      2803     26     2881

 COOLING
  TODAY            0                         0      0        0
  MONTH TO DATE    0                         0      0        0
  SINCE DEC 1      0                         0      0        0
  SINCE JAN 1      0                         0      0        0
..................................................................


WIND (MPH)
  HIGHEST WIND SPEED    33   HIGHEST WIND DIRECTION    NW (310)
  HIGHEST GUST SPEED    45   HIGHEST GUST DIRECTION    NW (310)
  AVERAGE WIND SPEED    15.8



WEATHER CONDITIONS
 THE FOLLOWING WEATHER WAS RECORDED TODAY.
  NO SIGNIFICANT WEATHER WAS OBSERVED.


RELATIVE HUMIDITY (PERCENT)
 HIGHEST    64           300 AM
 LOWEST     24           100 PM
 AVERAGE    44

..........................................................


THE CONCORDIA KS CLIMATE NORMALS FOR TOMORROW
                         NORMAL    RECORD    YEAR
 MAXIMUM TEMPERATURE (F)   39        68      1951
 MINIMUM TEMPERATURE (F)   19       -13      1940


SUNRISE AND SUNSET
JANUARY 17 2015.......SUNRISE   749 AM CST   SUNSET   533 PM CST
JANUARY 18 2015.......SUNRISE   748 AM CST   SUNSET   534 PM CST


-  INDICATES NEGATIVE NUMBERS.
R  INDICATES RECORD WAS SET OR TIED.
MM INDICATES DATA IS MISSING.
T  INDICATES TRACE AMOUNT.




$$
