000
CDUS43 KTOP 050632
CLICNK


CLIMATE REPORT
NATIONAL WEATHER SERVICE TOPEKA KS
131 AM CDT FRI SEP 5 2014


...................................

...THE CONCORDIA KS CLIMATE SUMMARY FOR SEPTEMBER 4 2014...

CLIMATE NORMAL PERIOD 1981 TO 2010
CLIMATE RECORD PERIOD 1885 TO 2014


WEATHER ITEM   OBSERVED TIME   RECORD YEAR NORMAL DEPARTURE LAST
                VALUE   (LST)  VALUE       VALUE  FROM      YEAR
                                                  NORMAL
..................................................................
TEMPERATURE (F)
 YESTERDAY
  MAXIMUM         94    340 PM 102    1945  85      9       87
                                      1914
  MINIMUM         72   1159 PM  44    1902  61     11       58
  AVERAGE         83                        73     10       73

PRECIPITATION (IN)
  YESTERDAY        0.00          4.11 1958   0.09  -0.09     0.00
  MONTH TO DATE    T                         0.38  -0.38     0.01
  SINCE SEP 1      T                         0.38  -0.38     0.01
  SINCE JAN 1     20.66                     21.48  -0.82    23.58

SNOWFALL (IN)
  YESTERDAY        0.0           0.0    MM   0.0    0.0      0.0
  MONTH TO DATE    0.0                       0.0    0.0      0.0
  SINCE JAN 1     16.9                      13.7    3.2     20.3
  SINCE JUL 1      0.0                       0.0    0.0      0.0
  SNOW DEPTH       0

DEGREE DAYS
 HEATING
  YESTERDAY        0                         1     -1        0
  MONTH TO DATE    0                         2     -2        0
  SINCE SEP 1      0                         2     -2        0
  SINCE JUL 1      2                         5     -3        7

 COOLING
  YESTERDAY       18                         8     10        8
  MONTH TO DATE   45                        35     10       32
  SINCE SEP 1     45                        35     10       32
  SINCE JAN 1   1254                      1201     53     1117
..................................................................


WIND (MPH)
  HIGHEST WIND SPEED    28   HIGHEST WIND DIRECTION     S (190)
  HIGHEST GUST SPEED    37   HIGHEST GUST DIRECTION     S (200)
  AVERAGE WIND SPEED    16.8


SKY COVER
  AVERAGE SKY COVER 0.1


WEATHER CONDITIONS
 THE FOLLOWING WEATHER WAS RECORDED YESTERDAY.
  NO SIGNIFICANT WEATHER WAS OBSERVED.


RELATIVE HUMIDITY (PERCENT)
 HIGHEST    90          1100 PM
 LOWEST     39           400 PM
 AVERAGE    65

..........................................................


THE CONCORDIA KS CLIMATE NORMALS FOR TODAY
                         NORMAL    RECORD    YEAR
 MAXIMUM TEMPERATURE (F)   84       107      1931
 MINIMUM TEMPERATURE (F)   61        43      2011
                                             1962


SUNRISE AND SUNSET
SEPTEMBER  5 2014.....SUNRISE   703 AM CDT   SUNSET   755 PM CDT
SEPTEMBER  6 2014.....SUNRISE   703 AM CDT   SUNSET   754 PM CDT


-  INDICATES NEGATIVE NUMBERS.
R  INDICATES RECORD WAS SET OR TIED.
MM INDICATES DATA IS MISSING.
T  INDICATES TRACE AMOUNT.




$$
