000
CDUS43 KTOP 010638
CLICNK


CLIMATE REPORT
NATIONAL WEATHER SERVICE TOPEKA KS
137 AM CDT SAT APR 1 2017


...................................

...THE CONCORDIA KS CLIMATE SUMMARY FOR MARCH 31 2017...

CLIMATE NORMAL PERIOD 1981 TO 2010
CLIMATE RECORD PERIOD 1885 TO 2017


WEATHER ITEM   OBSERVED TIME   RECORD YEAR NORMAL DEPARTURE LAST
                VALUE   (LST)  VALUE       VALUE  FROM      YEAR
                                                  NORMAL
..................................................................
TEMPERATURE (F)
 YESTERDAY
  MAXIMUM         48    752 PM  92    1946  60    -12       58
  MINIMUM         42    820 AM  10    1886  36      6       37
  AVERAGE         45                        48     -3       48

PRECIPITATION (IN)
  YESTERDAY        0.00          1.33 1927   0.09  -0.09      T
  MONTH TO DATE    3.19                      2.01   1.18     0.45
  SINCE MAR 1      3.19                      2.01   1.18     0.45
  SINCE JAN 1      5.04                      3.38   1.66     2.01

SNOWFALL (IN)
  YESTERDAY        0.0           3.0  1970   0.1   -0.1      0.0
  MONTH TO DATE    0.8                       2.8   -2.0       T
  SINCE JAN 1      2.1                      13.2  -11.1     12.3
  SINCE JUL 1      4.3                      19.7  -15.4     13.6
  SNOW DEPTH       0

DEGREE DAYS
 HEATING
  YESTERDAY       20                        17      3       17
  MONTH TO DATE  569                       684   -115      488
  SINCE MAR 1    569                       684   -115      488
  SINCE JUL 1   4070                      4891   -821     3959

 COOLING
  YESTERDAY        0                         0      0        0
  MONTH TO DATE    4                         1      3        3
  SINCE MAR 1      4                         1      3        3
  SINCE JAN 1      4                         1      3        3
..................................................................


WIND (MPH)
  HIGHEST WIND SPEED    16   HIGHEST WIND DIRECTION    NE (30)
  HIGHEST GUST SPEED    19   HIGHEST GUST DIRECTION    NE (30)
  AVERAGE WIND SPEED     7.5


SKY COVER
  AVERAGE SKY COVER 1.0


WEATHER CONDITIONS
 THE FOLLOWING WEATHER WAS RECORDED YESTERDAY.
  FOG


RELATIVE HUMIDITY (PERCENT)
 HIGHEST    96          1200 AM
 LOWEST     77           100 PM
 AVERAGE    87

..........................................................


THE CONCORDIA KS CLIMATE NORMALS FOR TODAY
                         NORMAL    RECORD    YEAR
 MAXIMUM TEMPERATURE (F)   61        90      1940
 MINIMUM TEMPERATURE (F)   36        19      1972
                                             1936


SUNRISE AND SUNSET
APRIL  1 2017.........SUNRISE   714 AM CDT   SUNSET   755 PM CDT
APRIL  2 2017.........SUNRISE   713 AM CDT   SUNSET   756 PM CDT


-  INDICATES NEGATIVE NUMBERS.
R  INDICATES RECORD WAS SET OR TIED.
MM INDICATES DATA IS MISSING.
T  INDICATES TRACE AMOUNT.




$$
