778
CDUS43 KTOP 022232
CLICNK


CLIMATE REPORT
NATIONAL WEATHER SERVICE TOPEKA KS
432 PM CST SAT DEC 2 2017


...................................

...THE CONCORDIA KS CLIMATE SUMMARY FOR DECEMBER 2 2017...
VALID TODAY AS OF 0400 PM LOCAL TIME.

CLIMATE NORMAL PERIOD 1981 TO 2010
CLIMATE RECORD PERIOD 1885 TO 2017


WEATHER ITEM   OBSERVED TIME   RECORD YEAR NORMAL DEPARTURE LAST
                VALUE   (LST)  VALUE       VALUE  FROM      YEAR
                                                  NORMAL
..................................................................
TEMPERATURE (F)
 TODAY
  MAXIMUM         61    332 PM  72    1889  43     18       46
  MINIMUM         28    744 AM   0    1985  24      4       18
                                      1919
  AVERAGE         45                        33     12       32

PRECIPITATION (IN)
  TODAY            0.00          0.94 1953   0.04  -0.04     0.00
  MONTH TO DATE    0.00                      0.07  -0.07     0.00
  SINCE DEC 1      0.00                      0.07  -0.07     0.00
  SINCE JAN 1     36.34                     27.11   9.23    29.09

SNOWFALL (IN)
  TODAY            0.0           1.1  1990   0.1   -0.1      0.0
  MONTH TO DATE    0.0                       0.2   -0.2      0.0
  SINCE JAN 1      2.1                      16.6  -14.5     12.3
  SINCE JUL 1      T                         2.9   -2.9      0.0
  SNOW DEPTH       0

DEGREE DAYS
 HEATING
  TODAY           20                        32    -12       33
  MONTH TO DATE   39                        63    -24       65
  SINCE DEC 1     39                        63    -24       65
  SINCE JUL 1    976                      1155   -179      762

 COOLING
  TODAY            0                         0      0        0
  MONTH TO DATE    0                         0      0        0
  SINCE DEC 1      0                         0      0        0
  SINCE JAN 1   1370                      1349     21     1540
..................................................................


WIND (MPH)
  HIGHEST WIND SPEED     9   HIGHEST WIND DIRECTION    NE (40)
  HIGHEST GUST SPEED    12   HIGHEST GUST DIRECTION    NE (40)
  AVERAGE WIND SPEED     4.6



WEATHER CONDITIONS
 THE FOLLOWING WEATHER WAS RECORDED TODAY.
  NO SIGNIFICANT WEATHER WAS OBSERVED.


RELATIVE HUMIDITY (PERCENT)
 HIGHEST    85           400 AM
 LOWEST     27           200 PM
 AVERAGE    56

..........................................................


THE CONCORDIA KS CLIMATE NORMALS FOR TOMORROW
                         NORMAL    RECORD    YEAR
 MAXIMUM TEMPERATURE (F)   43        67      1998
                                             1959
                                             1956
 MINIMUM TEMPERATURE (F)   23        -4      1919


SUNRISE AND SUNSET
DECEMBER  2 2017......SUNRISE   733 AM CST   SUNSET   507 PM CST
DECEMBER  3 2017......SUNRISE   734 AM CST   SUNSET   507 PM CST


-  INDICATES NEGATIVE NUMBERS.
R  INDICATES RECORD WAS SET OR TIED.
MM INDICATES DATA IS MISSING.
T  INDICATES TRACE AMOUNT.




$$
