000
CDUS43 KTOP 250633
CLICNK


CLIMATE REPORT
NATIONAL WEATHER SERVICE TOPEKA KS
132 AM CDT TUE MAR 25 2014


...................................

...THE CONCORDIA KS CLIMATE SUMMARY FOR MARCH 24 2014...

CLIMATE NORMAL PERIOD 1981 TO 2010
CLIMATE RECORD PERIOD 1885 TO 2014


WEATHER ITEM   OBSERVED TIME   RECORD YEAR NORMAL DEPARTURE LAST
                VALUE   (LST)  VALUE       VALUE  FROM      YEAR
                                                  NORMAL
..................................................................
TEMPERATURE (F)
 YESTERDAY
  MAXIMUM         48    414 PM  83    1907  58    -10       35
  MINIMUM         24    156 AM   8    1965  34    -10       22
  AVERAGE         36                        46    -10       29

PRECIPITATION (IN)
  YESTERDAY        0.10          1.03 1962   0.07   0.03     0.06
  MONTH TO DATE    0.22                      1.44  -1.22     0.61
  SINCE MAR 1      0.22                      1.44  -1.22     0.61
  SINCE JAN 1      1.41                      2.81  -1.40     2.09

SNOWFALL (IN)
  YESTERDAY        0.8           4.5  1971   0.2    0.6      0.4
  MONTH TO DATE    2.2                       2.1    0.1      4.3
  SINCE JAN 1     16.9                      12.5    4.4     17.9
  SINCE JUL 1     23.2                      19.0    4.2     26.4
  SNOW DEPTH       T

DEGREE DAYS
 HEATING
  YESTERDAY       29                        19     10       36
  MONTH TO DATE  663                       558    105      674
  SINCE MAR 1    663                       558    105      674
  SINCE JUL 1   5145                      4765    380     4693

 COOLING
  YESTERDAY        0                         0      0        0
  MONTH TO DATE    0                         0      0        0
  SINCE MAR 1      0                         0      0        0
  SINCE JAN 1      0                         0      0        0
..................................................................


WIND (MPH)
  HIGHEST WIND SPEED    25   HIGHEST WIND DIRECTION    NW (330)
  HIGHEST GUST SPEED    32   HIGHEST GUST DIRECTION    NW (330)
  AVERAGE WIND SPEED     9.6


SKY COVER
  AVERAGE SKY COVER 0.5


WEATHER CONDITIONS
 THE FOLLOWING WEATHER WAS RECORDED YESTERDAY.
  SNOW
  LIGHT SNOW
  FOG
  FOG W/VISIBILITY <= 1/4 MILE


RELATIVE HUMIDITY (PERCENT)
 HIGHEST    92           800 AM
 LOWEST     31           500 PM
 AVERAGE    62

..........................................................


THE CONCORDIA KS CLIMATE NORMALS FOR TODAY
                         NORMAL    RECORD    YEAR
 MAXIMUM TEMPERATURE (F)   58        92      1907
 MINIMUM TEMPERATURE (F)   34         8      1996
                                             1955


SUNRISE AND SUNSET
MARCH 25 2014.........SUNRISE   726 AM CDT   SUNSET   748 PM CDT
MARCH 26 2014.........SUNRISE   724 AM CDT   SUNSET   749 PM CDT


-  INDICATES NEGATIVE NUMBERS.
R  INDICATES RECORD WAS SET OR TIED.
MM INDICATES DATA IS MISSING.
T  INDICATES TRACE AMOUNT.




$$
