000
CDUS43 KTOP 100643
CLICNK


CLIMATE REPORT
NATIONAL WEATHER SERVICE TOPEKA KS
142 AM CDT FRI OCT 10 2014


...................................

...THE CONCORDIA KS CLIMATE SUMMARY FOR OCTOBER 9 2014...

CLIMATE NORMAL PERIOD 1981 TO 2010
CLIMATE RECORD PERIOD 1885 TO 2014


WEATHER ITEM   OBSERVED TIME   RECORD YEAR NORMAL DEPARTURE LAST
                VALUE   (LST)  VALUE       VALUE  FROM      YEAR
                                                  NORMAL
..................................................................
TEMPERATURE (F)
 YESTERDAY
  MAXIMUM         60   1200 AM  91    1921  70    -10       82
  MINIMUM         53   1159 PM  27    1964  46      7       54
  AVERAGE         57                        58     -1       68

PRECIPITATION (IN)
  YESTERDAY        0.79          1.86 1914   0.06   0.73     0.00
  MONTH TO DATE    1.89                      0.65   1.24     0.05
  SINCE SEP 1      5.14                      3.56   1.58     1.18
  SINCE JAN 1     25.80                     24.66   1.14    24.75

SNOWFALL (IN)
  YESTERDAY        0.0           4.6  1970   0.0    0.0      0.0
  MONTH TO DATE    0.0                       0.0    0.0      0.0
  SINCE JAN 1     16.9                      13.7    3.2     20.3
  SINCE JUL 1      0.0                       0.0    0.0      0.0
  SNOW DEPTH       0

DEGREE DAYS
 HEATING
  YESTERDAY        8                         8      0        0
  MONTH TO DATE   59                        62     -3       29
  SINCE SEP 1    141                       132      9       43
  SINCE JUL 1    143                       135      8       50

 COOLING
  YESTERDAY        0                         1     -1        3
  MONTH TO DATE    8                        13     -5       26
  SINCE SEP 1    143                       173    -30      268
  SINCE JAN 1   1352                      1339     13     1353
..................................................................


WIND (MPH)
  HIGHEST WIND SPEED    17   HIGHEST WIND DIRECTION     E (70)
  HIGHEST GUST SPEED    24   HIGHEST GUST DIRECTION     E (70)
  AVERAGE WIND SPEED    11.1


SKY COVER
  AVERAGE SKY COVER 0.8


WEATHER CONDITIONS
 THE FOLLOWING WEATHER WAS RECORDED YESTERDAY.
  HEAVY RAIN
  RAIN
  LIGHT RAIN
  FOG


RELATIVE HUMIDITY (PERCENT)
 HIGHEST   100           900 AM
 LOWEST     69          1200 AM
 AVERAGE    85

..........................................................


THE CONCORDIA KS CLIMATE NORMALS FOR TODAY
                         NORMAL    RECORD    YEAR
 MAXIMUM TEMPERATURE (F)   70        95      1963
 MINIMUM TEMPERATURE (F)   46        25      1906


SUNRISE AND SUNSET
OCTOBER 10 2014.......SUNRISE   736 AM CDT   SUNSET   659 PM CDT
OCTOBER 11 2014.......SUNRISE   737 AM CDT   SUNSET   657 PM CDT


-  INDICATES NEGATIVE NUMBERS.
R  INDICATES RECORD WAS SET OR TIED.
MM INDICATES DATA IS MISSING.
T  INDICATES TRACE AMOUNT.




$$
