000
CDUS43 KTOP 042233
CLICNK


CLIMATE REPORT
NATIONAL WEATHER SERVICE TOPEKA KS
432 PM CST TUE NOV 4 2014


...................................

...THE CONCORDIA KS CLIMATE SUMMARY FOR NOVEMBER 4 2014...
VALID TODAY AS OF 0400 PM LOCAL TIME.

CLIMATE NORMAL PERIOD 1981 TO 2010
CLIMATE RECORD PERIOD 1885 TO 2014


WEATHER ITEM   OBSERVED TIME   RECORD YEAR NORMAL DEPARTURE LAST
                VALUE   (LST)  VALUE       VALUE  FROM      YEAR
                                                  NORMAL
..................................................................
TEMPERATURE (F)
 TODAY
  MAXIMUM         63    241 PM  82    1909  59      4       61
  MINIMUM         36    806 AM   4    1991  37     -1       39
  AVERAGE         50                        48      2       50

PRECIPITATION (IN)
  TODAY            0.00          1.10 1905   0.05  -0.05     0.00
  MONTH TO DATE    T                         0.19  -0.19     0.00
  SINCE SEP 1      5.69                      5.02   0.67     1.93
  SINCE JAN 1     26.35                     26.12   0.23    25.50

SNOWFALL (IN)
  TODAY            0.0           0.2  1967   0.0    0.0      0.0
  MONTH TO DATE    0.0                       0.1   -0.1      0.0
  SINCE JAN 1     16.9                      14.0    2.9     20.3
  SINCE JUL 1      0.0                       0.3   -0.3      0.0
  SNOW DEPTH       0

DEGREE DAYS
 HEATING
  TODAY           15                        17     -2       15
  MONTH TO DATE   57                        66     -9       59
  SINCE SEP 1    386                       454    -68      396
  SINCE JUL 1    388                       457    -69      403

 COOLING
  TODAY            0                         0      0        0
  MONTH TO DATE    0                         0      0        0
  SINCE SEP 1    159                       182    -23      274
  SINCE JAN 1   1368                      1348     20     1359
..................................................................


WIND (MPH)
  HIGHEST WIND SPEED    16   HIGHEST WIND DIRECTION     W (280)
  HIGHEST GUST SPEED    19   HIGHEST GUST DIRECTION     W (290)
  AVERAGE WIND SPEED     8.6



WEATHER CONDITIONS
 THE FOLLOWING WEATHER WAS RECORDED TODAY.
  HAZE


RELATIVE HUMIDITY (PERCENT)
 HIGHEST    92           700 AM
 LOWEST     27           300 PM
 AVERAGE    60

..........................................................


THE CONCORDIA KS CLIMATE NORMALS FOR TOMORROW
                         NORMAL    RECORD    YEAR
 MAXIMUM TEMPERATURE (F)   58        81      1914
 MINIMUM TEMPERATURE (F)   36        15      1982


SUNRISE AND SUNSET
NOVEMBER  4 2014......SUNRISE   702 AM CST   SUNSET   526 PM CST
NOVEMBER  5 2014......SUNRISE   703 AM CST   SUNSET   524 PM CST


-  INDICATES NEGATIVE NUMBERS.
R  INDICATES RECORD WAS SET OR TIED.
MM INDICATES DATA IS MISSING.
T  INDICATES TRACE AMOUNT.




$$
