000
CDUS43 KTOP 072234
CLICNK


CLIMATE REPORT
NATIONAL WEATHER SERVICE TOPEKA KS
433 PM CST SAT JAN 7 2017


...................................

...THE CONCORDIA KS CLIMATE SUMMARY FOR JANUARY 7 2017...
VALID TODAY AS OF 430 PM LOCAL TIME.

CLIMATE NORMAL PERIOD 1981 TO 2010
CLIMATE RECORD PERIOD 1885 TO 2017


WEATHER ITEM   OBSERVED TIME   RECORD YEAR NORMAL DEPARTURE LAST
                VALUE   (LST)  VALUE       VALUE  FROM      YEAR
                                                  NORMAL
..................................................................
TEMPERATURE (F)
 TODAY
  MAXIMUM         24    334 PM  63    2006  38    -14       38
  MINIMUM          4    707 AM -17    1886  19    -15       33
  AVERAGE         14                        28    -14       36

PRECIPITATION (IN)
  TODAY            0.00          1.05 1937   0.02  -0.02     0.27
  MONTH TO DATE    0.10                      0.11  -0.01     0.36
  SINCE DEC 1      1.03                      0.96   0.07     3.00
  SINCE JAN 1      0.10                      0.11  -0.01     0.36

SNOWFALL (IN)
  TODAY            0.0           0.6  1973   0.1   -0.1      0.0
  MONTH TO DATE    1.0                       1.1   -0.1       T
  SINCE JAN 1      1.0                       1.1   -0.1       T
  SINCE JUL 1      3.2                       7.6   -4.4      1.3
  SNOW DEPTH       0

DEGREE DAYS
 HEATING
  TODAY           51                        37     14       29
  MONTH TO DATE  321                       259     62      238
  SINCE DEC 1   1425                      1344     81     1113
  SINCE JUL 1   2122                      2436   -314     1881

 COOLING
  TODAY            0                         0      0        0
  MONTH TO DATE    0                         0      0        0
  SINCE DEC 1      0                         0      0        0
  SINCE JAN 1      0                         0      0        0
..................................................................


WIND (MPH)
  HIGHEST WIND SPEED    15   HIGHEST WIND DIRECTION     N (360)
  HIGHEST GUST SPEED    18   HIGHEST GUST DIRECTION     N (350)
  AVERAGE WIND SPEED     8.0



WEATHER CONDITIONS
 THE FOLLOWING WEATHER WAS RECORDED TODAY.
  NO SIGNIFICANT WEATHER WAS OBSERVED.


RELATIVE HUMIDITY (PERCENT)
 HIGHEST    86           500 AM
 LOWEST     57           100 PM
 AVERAGE    72

..........................................................


THE CONCORDIA KS CLIMATE NORMALS FOR TOMORROW
                         NORMAL    RECORD    YEAR
 MAXIMUM TEMPERATURE (F)   38        72      2003
 MINIMUM TEMPERATURE (F)   19       -33      1886


SUNRISE AND SUNSET
JANUARY  7 2017.......SUNRISE   751 AM CST   SUNSET   523 PM CST
JANUARY  8 2017.......SUNRISE   751 AM CST   SUNSET   524 PM CST


-  INDICATES NEGATIVE NUMBERS.
R  INDICATES RECORD WAS SET OR TIED.
MM INDICATES DATA IS MISSING.
T  INDICATES TRACE AMOUNT.




$$
