000
CDUS43 KTOP 220637
CLICNK


CLIMATE REPORT
NATIONAL WEATHER SERVICE TOPEKA KS
1237 AM CST SUN FEB 22 2015


...................................

...THE CONCORDIA KS CLIMATE SUMMARY FOR FEBRUARY 21 2015...

CLIMATE NORMAL PERIOD 1981 TO 2010
CLIMATE RECORD PERIOD 1885 TO 2015


WEATHER ITEM   OBSERVED TIME   RECORD YEAR NORMAL DEPARTURE LAST
                VALUE   (LST)  VALUE       VALUE  FROM      YEAR
                                                  NORMAL
..................................................................
TEMPERATURE (F)
 YESTERDAY
  MAXIMUM         50    119 PM  74    1977  45      5       55
  MINIMUM         24   1159 PM  -3    1918  24      0       26
  AVERAGE         37                        34      3       41

PRECIPITATION (IN)
  YESTERDAY        0.00          0.68 1913   0.03  -0.03     0.00
  MONTH TO DATE    0.27                      0.56  -0.29     0.69
  SINCE DEC 1      2.18                      1.99   0.19     1.66
  SINCE JAN 1      1.44                      1.14   0.30     1.12

SNOWFALL (IN)
  YESTERDAY        0.0           7.4  1971   0.1   -0.1      0.0
  MONTH TO DATE    1.7                       4.0   -2.3      7.2
  SINCE JAN 1      4.0                       9.7   -5.7     12.8
  SINCE JUL 1     10.1                      16.2   -6.1     19.1
  SNOW DEPTH       0

DEGREE DAYS
 HEATING
  YESTERDAY       28                        30     -2       24
  MONTH TO DATE  727                       698     29      823
  SINCE DEC 1   2729                      2910   -181     3172
  SINCE JUL 1   3892                      4002   -110     4228

 COOLING
  YESTERDAY        0                         0      0        0
  MONTH TO DATE    0                         0      0        0
  SINCE DEC 1      0                         0      0        0
  SINCE JAN 1      0                         0      0        0
..................................................................


WIND (MPH)
  HIGHEST WIND SPEED    28   HIGHEST WIND DIRECTION    NE (30)
  HIGHEST GUST SPEED    36   HIGHEST GUST DIRECTION    NE (40)
  AVERAGE WIND SPEED    11.9


SKY COVER
  AVERAGE SKY COVER 0.6


WEATHER CONDITIONS
 THE FOLLOWING WEATHER WAS RECORDED YESTERDAY.
  NO SIGNIFICANT WEATHER WAS OBSERVED.


RELATIVE HUMIDITY (PERCENT)
 HIGHEST    92           800 AM
 LOWEST     50           100 PM
 AVERAGE    71

..........................................................


THE CONCORDIA KS CLIMATE NORMALS FOR TODAY
                         NORMAL    RECORD    YEAR
 MAXIMUM TEMPERATURE (F)   46        76      1982
 MINIMUM TEMPERATURE (F)   24        -3      1889


SUNRISE AND SUNSET
FEBRUARY 22 2015......SUNRISE   714 AM CST   SUNSET   615 PM CST
FEBRUARY 23 2015......SUNRISE   712 AM CST   SUNSET   616 PM CST


-  INDICATES NEGATIVE NUMBERS.
R  INDICATES RECORD WAS SET OR TIED.
MM INDICATES DATA IS MISSING.
T  INDICATES TRACE AMOUNT.




$$
