348
CDUS43 KTOP 170645
CLICNK


CLIMATE REPORT
NATIONAL WEATHER SERVICE TOPEKA KS
145 AM CDT SAT SEP 17 2016


...................................

...THE CONCORDIA KS CLIMATE SUMMARY FOR SEPTEMBER 16 2016...

CLIMATE NORMAL PERIOD 1981 TO 2010
CLIMATE RECORD PERIOD 1885 TO 2016


WEATHER ITEM   OBSERVED TIME   RECORD YEAR NORMAL DEPARTURE LAST
                VALUE   (LST)  VALUE       VALUE  FROM      YEAR
                                                  NORMAL
..................................................................
TEMPERATURE (F)
 YESTERDAY
  MAXIMUM         77    507 PM 104    1895  80     -3       92
  MINIMUM         61    717 AM  36    1903  56      5       72
  AVERAGE         69                        68      1       82

PRECIPITATION (IN)
  YESTERDAY        0.54          1.44 1968   0.10   0.44     0.04
  MONTH TO DATE    1.72                      1.56   0.16     0.97
  SINCE SEP 1      1.72                      1.56   0.16     0.97
  SINCE JAN 1     27.24                     22.66   4.58    22.93

SNOWFALL (IN)
  YESTERDAY        0.0           0.0    MM   0.0    0.0      0.0
  MONTH TO DATE    0.0                       0.0    0.0      0.0
  SINCE JAN 1     12.3                      13.7   -1.4      5.6
  SINCE JUL 1      0.0                       0.0    0.0      0.0
  SNOW DEPTH       0

DEGREE DAYS
 HEATING
  YESTERDAY        0                         2     -2        0
  MONTH TO DATE   13                        18     -5        3
  SINCE SEP 1     13                        18     -5        3
  SINCE JUL 1     14                        21     -7        5

 COOLING
  YESTERDAY        4                         5     -1       17
  MONTH TO DATE  118                       114      4      210
  SINCE SEP 1    118                       114      4      210
  SINCE JAN 1   1400                      1280    120     1249
..................................................................


WIND (MPH)
  HIGHEST WIND SPEED    28   HIGHEST WIND DIRECTION    SE (130)
  HIGHEST GUST SPEED    35   HIGHEST GUST DIRECTION    SE (130)
  AVERAGE WIND SPEED     7.6


SKY COVER
  AVERAGE SKY COVER 0.5


WEATHER CONDITIONS
 THE FOLLOWING WEATHER WAS RECORDED YESTERDAY.
  THUNDERSTORM
  RAIN
  LIGHT RAIN
  FOG


RELATIVE HUMIDITY (PERCENT)
 HIGHEST   100           700 AM
 LOWEST     60           400 PM
 AVERAGE    80

..........................................................


THE CONCORDIA KS CLIMATE NORMALS FOR TODAY
                         NORMAL    RECORD    YEAR
 MAXIMUM TEMPERATURE (F)   80       102      1953
 MINIMUM TEMPERATURE (F)   55        37      1981


SUNRISE AND SUNSET
SEPTEMBER 17 2016.....SUNRISE   714 AM CDT   SUNSET   735 PM CDT
SEPTEMBER 18 2016.....SUNRISE   715 AM CDT   SUNSET   733 PM CDT


-  INDICATES NEGATIVE NUMBERS.
R  INDICATES RECORD WAS SET OR TIED.
MM INDICATES DATA IS MISSING.
T  INDICATES TRACE AMOUNT.




$$
