000
CDUS43 KTOP 290636
CLICNK


CLIMATE REPORT
NATIONAL WEATHER SERVICE TOPEKA KS
1236 AM CST MON JAN 29 2018


...................................

...THE CONCORDIA KS CLIMATE SUMMARY FOR JANUARY 28 2018...

CLIMATE NORMAL PERIOD 1981 TO 2010
CLIMATE RECORD PERIOD 1885 TO 2018


WEATHER ITEM   OBSERVED TIME   RECORD YEAR NORMAL DEPARTURE LAST
                VALUE   (LST)  VALUE       VALUE  FROM      YEAR
                                                  NORMAL
..................................................................
TEMPERATURE (F)
 YESTERDAY
  MAXIMUM         35    258 PM  71    2015  39     -4       48
                                      2008
  MINIMUM         15   1159 PM  -9    1915  19     -4       26
  AVERAGE         25                        29     -4       37

PRECIPITATION (IN)
  YESTERDAY        0.00          1.06 1891   0.02  -0.02     0.00
  MONTH TO DATE    0.42                      0.50  -0.08     1.75
  SINCE DEC 1      0.55                      1.35  -0.80     2.68
  SINCE JAN 1      0.42                      0.50  -0.08     1.75

SNOWFALL (IN)
  YESTERDAY        0.0           1.5  2001   0.2   -0.2      0.0
  MONTH TO DATE    3.6                       5.1   -1.5      1.0
  SINCE JAN 1      3.6                       5.1   -1.5      1.0
  SINCE JUL 1      5.4                      11.6   -6.2      3.2
  SNOW DEPTH       0

DEGREE DAYS
 HEATING
  YESTERDAY       40                        36      4       28
  MONTH TO DATE 1028                      1022      6      980
  SINCE DEC 1   2064                      2107    -43     2084
  SINCE JUL 1   3001                      3199   -198     2781

 COOLING
  YESTERDAY        0                         0      0        0
  MONTH TO DATE    0                         0      0        0
  SINCE DEC 1      0                         0      0        0
  SINCE JAN 1      0                         0      0        0
..................................................................


WIND (MPH)
  HIGHEST WIND SPEED    18   HIGHEST WIND DIRECTION     N (350)
  HIGHEST GUST SPEED    23   HIGHEST GUST DIRECTION     N (350)
  AVERAGE WIND SPEED     9.1


SKY COVER
  AVERAGE SKY COVER 0.1


WEATHER CONDITIONS
 THE FOLLOWING WEATHER WAS RECORDED YESTERDAY.
  NO SIGNIFICANT WEATHER WAS OBSERVED.


RELATIVE HUMIDITY (PERCENT)
 HIGHEST   100           800 AM
 LOWEST     47           300 PM
 AVERAGE    74

..........................................................


THE CONCORDIA KS CLIMATE NORMALS FOR TODAY
                         NORMAL    RECORD    YEAR
 MAXIMUM TEMPERATURE (F)   40        70      1911
 MINIMUM TEMPERATURE (F)   19       -11      1966


SUNRISE AND SUNSET
JANUARY 29 2018.......SUNRISE   741 AM CST   SUNSET   547 PM CST
JANUARY 30 2018.......SUNRISE   740 AM CST   SUNSET   548 PM CST


-  INDICATES NEGATIVE NUMBERS.
R  INDICATES RECORD WAS SET OR TIED.
MM INDICATES DATA IS MISSING.
T  INDICATES TRACE AMOUNT.




$$
