000
CDUS43 KTOP 170634
CLICNK


CLIMATE REPORT
NATIONAL WEATHER SERVICE TOPEKA KS
132 AM CDT MON AUG 17 2015


...................................

...THE CONCORDIA KS CLIMATE SUMMARY FOR AUGUST 16 2015...

CLIMATE NORMAL PERIOD 1981 TO 2010
CLIMATE RECORD PERIOD 1885 TO 2015


WEATHER ITEM   OBSERVED TIME   RECORD YEAR NORMAL DEPARTURE LAST
                VALUE   (LST)  VALUE       VALUE  FROM      YEAR
                                                  NORMAL
..................................................................
TEMPERATURE (F)
 YESTERDAY
  MAXIMUM         89    153 PM 108    1983  89      0       88
                                      1956
  MINIMUM         68    620 AM  51    1897  66      2       66
  AVERAGE         79                        77      2       77

PRECIPITATION (IN)
  YESTERDAY        0.00          3.14 1977   0.10  -0.10     0.00
  MONTH TO DATE    3.72                      1.70   2.02     2.05
  SINCE JUN 1     13.40                      9.67   3.73     9.89
  SINCE JAN 1     21.48                     19.66   1.82    15.72

SNOWFALL (IN)
  YESTERDAY        0.0           T    1945   0.0    0.0      0.0
  MONTH TO DATE    0.0                       0.0    0.0      0.0
  SINCE JAN 1      5.6                      13.7   -8.1     16.9
  SINCE JUL 1      0.0                       0.0    0.0      0.0
  SNOW DEPTH       0

DEGREE DAYS
 HEATING
  YESTERDAY        0                         0      0        0
  MONTH TO DATE    0                         0      0        0
  SINCE JUN 1      2                        13    -11        3
  SINCE JUL 1      0                         0      0        2

 COOLING
  YESTERDAY       14                        12      2       12
  MONTH TO DATE  190                       212    -22      183
  SINCE JUN 1    895                       913    -18      832
  SINCE JAN 1    950                      1002    -52     1007
..................................................................


WIND (MPH)
  HIGHEST WIND SPEED    20   HIGHEST WIND DIRECTION     S (160)
  HIGHEST GUST SPEED    25   HIGHEST GUST DIRECTION     S (200)
  AVERAGE WIND SPEED    12.7


SKY COVER
  AVERAGE SKY COVER 0.1


WEATHER CONDITIONS
 THE FOLLOWING WEATHER WAS RECORDED YESTERDAY.
  NO SIGNIFICANT WEATHER WAS OBSERVED.


RELATIVE HUMIDITY (PERCENT)
 HIGHEST    76           300 AM
 LOWEST     40           500 PM
 AVERAGE    58

..........................................................


THE CONCORDIA KS CLIMATE NORMALS FOR TODAY
                         NORMAL    RECORD    YEAR
 MAXIMUM TEMPERATURE (F)   89       107      1983
 MINIMUM TEMPERATURE (F)   66        49      2012


SUNRISE AND SUNSET
AUGUST 17 2015........SUNRISE   645 AM CDT   SUNSET   824 PM CDT
AUGUST 18 2015........SUNRISE   646 AM CDT   SUNSET   823 PM CDT


-  INDICATES NEGATIVE NUMBERS.
R  INDICATES RECORD WAS SET OR TIED.
MM INDICATES DATA IS MISSING.
T  INDICATES TRACE AMOUNT.




$$
