000
CDUS43 KTOP 180636
CLICNK


CLIMATE REPORT
NATIONAL WEATHER SERVICE TOPEKA KS
136 AM CDT FRI JUL 18 2014


...................................

...THE CONCORDIA KS CLIMATE SUMMARY FOR JULY 17 2014...

CLIMATE NORMAL PERIOD 1981 TO 2010
CLIMATE RECORD PERIOD 1885 TO 2014


WEATHER ITEM   OBSERVED TIME   RECORD YEAR NORMAL DEPARTURE LAST
                VALUE   (LST)  VALUE       VALUE  FROM      YEAR
                                                  NORMAL
..................................................................
TEMPERATURE (F)
 YESTERDAY
  MAXIMUM         76    257 PM 111    1936  91    -15       91
  MINIMUM         57    325 AM  54    1900  68    -11       65
  AVERAGE         67                        79    -12       78

PRECIPITATION (IN)
  YESTERDAY        0.00          3.57 1972   0.13  -0.13     0.00
  MONTH TO DATE    0.91                      2.35  -1.44     0.54
  SINCE JUN 1      7.61                      6.40   1.21     1.82
  SINCE JAN 1     13.44                     16.39  -2.95    13.21

SNOWFALL (IN)
  YESTERDAY        0.0           T    1972   0.0    0.0      0.0
  MONTH TO DATE    0.0                       0.0    0.0      0.0
  SINCE JAN 1     16.9                      13.7    3.2     20.3
  SINCE JUL 1      0.0                       0.0    0.0      0.0
  SNOW DEPTH       0

DEGREE DAYS
 HEATING
  YESTERDAY        0                         0      0        0
  MONTH TO DATE    2                         0      2        0
  SINCE JUN 1      3                        13    -10       15
  SINCE JUL 1      2                         0      2        0

 COOLING
  YESTERDAY        2                        14    -12       13
  MONTH TO DATE  176                       234    -58      238
  SINCE JUN 1    463                       499    -36      534
  SINCE JAN 1    638                       588     50      637
..................................................................


WIND (MPH)
  HIGHEST WIND SPEED    15   HIGHEST WIND DIRECTION     S (200)
  HIGHEST GUST SPEED    22   HIGHEST GUST DIRECTION     S (170)
  AVERAGE WIND SPEED     6.1


SKY COVER
  AVERAGE SKY COVER 0.6


WEATHER CONDITIONS
 THE FOLLOWING WEATHER WAS RECORDED YESTERDAY.
  FOG


RELATIVE HUMIDITY (PERCENT)
 HIGHEST   100           400 AM
 LOWEST     53           400 PM
 AVERAGE    77

..........................................................


THE CONCORDIA KS CLIMATE NORMALS FOR TODAY
                         NORMAL    RECORD    YEAR
 MAXIMUM TEMPERATURE (F)   91       110      1936
 MINIMUM TEMPERATURE (F)   68        57      1899


SUNRISE AND SUNSET
JULY 18 2014..........SUNRISE   618 AM CDT   SUNSET   855 PM CDT
JULY 19 2014..........SUNRISE   619 AM CDT   SUNSET   855 PM CDT


-  INDICATES NEGATIVE NUMBERS.
R  INDICATES RECORD WAS SET OR TIED.
MM INDICATES DATA IS MISSING.
T  INDICATES TRACE AMOUNT.




$$
