000
CDUS43 KTOP 050635
CLICNK


CLIMATE REPORT
NATIONAL WEATHER SERVICE TOPEKA KS
134 AM CDT FRI AUG 5 2016


...................................

...THE CONCORDIA KS CLIMATE SUMMARY FOR AUGUST 4 2016...

CLIMATE NORMAL PERIOD 1981 TO 2010
CLIMATE RECORD PERIOD 1885 TO 2016


WEATHER ITEM   OBSERVED TIME   RECORD YEAR NORMAL DEPARTURE LAST
                VALUE   (LST)  VALUE       VALUE  FROM      YEAR
                                                  NORMAL
..................................................................
TEMPERATURE (F)
 YESTERDAY
  MAXIMUM         96    404 PM 108    1918  90      6       84
  MINIMUM         73   1159 PM  49    1894  67      6       66
  AVERAGE         85                        79      6       75

PRECIPITATION (IN)
  YESTERDAY        0.00          1.44 1977   0.10  -0.10     0.15
  MONTH TO DATE    0.04                      0.43  -0.39     0.15
  SINCE JUN 1      7.38                      8.40  -1.02     9.83
  SINCE JAN 1     19.55                     18.39   1.16    17.91

SNOWFALL (IN)
  YESTERDAY        0.0           0.0    MM   0.0    0.0      0.0
  MONTH TO DATE    0.0                       0.0    0.0      0.0
  SINCE JAN 1     12.3                      13.7   -1.4      5.6
  SINCE JUL 1      0.0                       0.0    0.0      0.0
  SNOW DEPTH       0

DEGREE DAYS
 HEATING
  YESTERDAY        0                         0      0        0
  MONTH TO DATE    0                         0      0        0
  SINCE JUN 1      1                        13    -12        2
  SINCE JUL 1      1                         0      1        0

 COOLING
  YESTERDAY       20                        14      6       10
  MONTH TO DATE   70                        56     14       60
  SINCE JUN 1    937                       757    180      765
  SINCE JAN 1    997                       846    151      820
..................................................................


WIND (MPH)
  HIGHEST WIND SPEED    20   HIGHEST WIND DIRECTION     S (180)
  HIGHEST GUST SPEED    25   HIGHEST GUST DIRECTION     S (190)
  AVERAGE WIND SPEED    10.9


SKY COVER
  AVERAGE SKY COVER 0.2


WEATHER CONDITIONS
 THE FOLLOWING WEATHER WAS RECORDED YESTERDAY.
  THUNDERSTORM


RELATIVE HUMIDITY (PERCENT)
 HIGHEST    79          1000 PM
 LOWEST     42           400 PM
 AVERAGE    61

..........................................................


THE CONCORDIA KS CLIMATE NORMALS FOR TODAY
                         NORMAL    RECORD    YEAR
 MAXIMUM TEMPERATURE (F)   90       107      1913
 MINIMUM TEMPERATURE (F)   67        55      1994
                                             1948
                                             1890


SUNRISE AND SUNSET
AUGUST  5 2016........SUNRISE   634 AM CDT   SUNSET   838 PM CDT
AUGUST  6 2016........SUNRISE   635 AM CDT   SUNSET   837 PM CDT


-  INDICATES NEGATIVE NUMBERS.
R  INDICATES RECORD WAS SET OR TIED.
MM INDICATES DATA IS MISSING.
T  INDICATES TRACE AMOUNT.




$$
