000
CDUS43 KTOP 220711
CLICNK


CLIMATE REPORT
NATIONAL WEATHER SERVICE TOPEKA KS
111 AM CST SUN JAN 22 2017


...................................

...THE CONCORDIA KS CLIMATE SUMMARY FOR JANUARY 21 2017...

CLIMATE NORMAL PERIOD 1981 TO 2010
CLIMATE RECORD PERIOD 1885 TO 2017


WEATHER ITEM   OBSERVED TIME   RECORD YEAR NORMAL DEPARTURE LAST
                VALUE   (LST)  VALUE       VALUE  FROM      YEAR
                                                  NORMAL
..................................................................
TEMPERATURE (F)
 YESTERDAY
  MAXIMUM         53    216 PM  63    1964  39     14       29
  MINIMUM         33    811 AM -17    1888  19     14       24
  AVERAGE         43                        29     14       27

PRECIPITATION (IN)
  YESTERDAY        0.00          0.26 1945   0.02  -0.02     0.21
  MONTH TO DATE    1.75                      0.34   1.41     1.05
  SINCE DEC 1      2.68                      1.19   1.49     3.69
  SINCE JAN 1      1.75                      0.34   1.41     1.05

SNOWFALL (IN)
  YESTERDAY        0.0           6.0  1959   0.2   -0.2      1.8
  MONTH TO DATE    1.0                       3.7   -2.7      7.6
  SINCE JAN 1      1.0                       3.7   -2.7      7.6
  SINCE JUL 1      3.2                      10.2   -7.0      8.9
  SNOW DEPTH       0

DEGREE DAYS
 HEATING
  YESTERDAY       22                        36    -14       38
  MONTH TO DATE  770                       770      0      779
  SINCE DEC 1   1874                      1855     19     1654
  SINCE JUL 1   2571                      2947   -376     2422

 COOLING
  YESTERDAY        0                         0      0        0
  MONTH TO DATE    0                         0      0        0
  SINCE DEC 1      0                         0      0        0
  SINCE JAN 1      0                         0      0        0
..................................................................


WIND (MPH)
  HIGHEST WIND SPEED    12   HIGHEST WIND DIRECTION     W (290)
  HIGHEST GUST SPEED    16   HIGHEST GUST DIRECTION    SW (230)
  AVERAGE WIND SPEED     5.8


SKY COVER
  AVERAGE SKY COVER 0.3


WEATHER CONDITIONS
 THE FOLLOWING WEATHER WAS RECORDED YESTERDAY.
  FOG


RELATIVE HUMIDITY (PERCENT)
 HIGHEST   100          1200 AM
 LOWEST     59           300 PM
 AVERAGE    80

..........................................................


THE CONCORDIA KS CLIMATE NORMALS FOR TODAY
                         NORMAL    RECORD    YEAR
 MAXIMUM TEMPERATURE (F)   39        64      2002
 MINIMUM TEMPERATURE (F)   19       -12      1888
                                             1886


SUNRISE AND SUNSET
JANUARY 22 2017.......SUNRISE   746 AM CST   SUNSET   539 PM CST
JANUARY 23 2017.......SUNRISE   745 AM CST   SUNSET   540 PM CST


-  INDICATES NEGATIVE NUMBERS.
R  INDICATES RECORD WAS SET OR TIED.
MM INDICATES DATA IS MISSING.
T  INDICATES TRACE AMOUNT.




$$
