000
CDUS43 KTOP 170634
CLICNK


CLIMATE REPORT
NATIONAL WEATHER SERVICE TOPEKA KS
133 AM CDT THU APR 17 2014


...................................

...THE CONCORDIA KS CLIMATE SUMMARY FOR APRIL 16 2014...

CLIMATE NORMAL PERIOD 1981 TO 2010
CLIMATE RECORD PERIOD 1885 TO 2014


WEATHER ITEM   OBSERVED TIME   RECORD YEAR NORMAL DEPARTURE LAST
                VALUE   (LST)  VALUE       VALUE  FROM      YEAR
                                                  NORMAL
..................................................................
TEMPERATURE (F)
 YESTERDAY
  MAXIMUM         71    138 PM  91    1964  65      6       47
  MINIMUM         37   1159 PM  25    1953  41     -4       37
  AVERAGE         54                        53      1       42

PRECIPITATION (IN)
  YESTERDAY        0.00          0.98 1969   0.08  -0.08     0.00
  MONTH TO DATE    0.56                      1.21  -0.65     0.63
  SINCE MAR 1      0.79                      3.22  -2.43     1.52
  SINCE JAN 1      1.98                      4.59  -2.61     3.00

SNOWFALL (IN)
  YESTERDAY        0.0           T    1973   0.0    0.0      0.0
  MONTH TO DATE    T                         0.4   -0.4       T
  SINCE JAN 1     16.9                      13.6    3.3     17.9
  SINCE JUL 1     23.2                      20.1    3.1     26.4
  SNOW DEPTH       0

DEGREE DAYS
 HEATING
  YESTERDAY       11                        12     -1       23
  MONTH TO DATE  244                       232     12      291
  SINCE MAR 1   1040                       916    124     1108
  SINCE JUL 1   5522                      5123    399     5127

 COOLING
  YESTERDAY        0                         1     -1        0
  MONTH TO DATE    8                         1      7        0
  SINCE MAR 1      8                         2      6        0
  SINCE JAN 1      8                         2      6        0
..................................................................


WIND (MPH)
  HIGHEST WIND SPEED    37   HIGHEST WIND DIRECTION     S (190)
  HIGHEST GUST SPEED    49   HIGHEST GUST DIRECTION     S (180)
  AVERAGE WIND SPEED    21.2


SKY COVER
  AVERAGE SKY COVER 0.0


WEATHER CONDITIONS
 THE FOLLOWING WEATHER WAS RECORDED YESTERDAY.
  NO SIGNIFICANT WEATHER WAS OBSERVED.


RELATIVE HUMIDITY (PERCENT)
 HIGHEST    70          1000 PM
 LOWEST     23          1100 AM
 AVERAGE    47

..........................................................


THE CONCORDIA KS CLIMATE NORMALS FOR TODAY
                         NORMAL    RECORD    YEAR
 MAXIMUM TEMPERATURE (F)   66        90      1926
 MINIMUM TEMPERATURE (F)   42        21      1907


SUNRISE AND SUNSET
APRIL 17 2014.........SUNRISE   650 AM CDT   SUNSET   811 PM CDT
APRIL 18 2014.........SUNRISE   649 AM CDT   SUNSET   812 PM CDT


-  INDICATES NEGATIVE NUMBERS.
R  INDICATES RECORD WAS SET OR TIED.
MM INDICATES DATA IS MISSING.
T  INDICATES TRACE AMOUNT.




$$
