000
CDUS43 KTOP 180633
CLICNK


CLIMATE REPORT
NATIONAL WEATHER SERVICE TOPEKA KS
1232 AM CST THU DEC 18 2014


...................................

...THE CONCORDIA KS CLIMATE SUMMARY FOR DECEMBER 17 2014...

CLIMATE NORMAL PERIOD 1981 TO 2010
CLIMATE RECORD PERIOD 1885 TO 2014


WEATHER ITEM   OBSERVED TIME   RECORD YEAR NORMAL DEPARTURE LAST
                VALUE   (LST)  VALUE       VALUE  FROM      YEAR
                                                  NORMAL
..................................................................
TEMPERATURE (F)
 YESTERDAY
  MAXIMUM         28    438 PM  69    1939  39    -11       49
  MINIMUM         22    505 AM  -5    1964  20      2       26
  AVERAGE         25                        29     -4       38

PRECIPITATION (IN)
  YESTERDAY        0.02          0.34 1907   0.02   0.00     0.00
  MONTH TO DATE    0.21                      0.53  -0.32     0.19
  SINCE DEC 1      0.21                      0.53  -0.32     0.19
  SINCE JAN 1     26.67                     27.57  -0.90    26.84

SNOWFALL (IN)
  YESTERDAY        0.5           4.5  2005   0.1    0.4      0.0
  MONTH TO DATE    0.5                       2.0   -1.5      2.6
  SINCE JAN 1     18.5                      18.4    0.1     22.9
  SINCE JUL 1      1.6                       4.7   -3.1      2.6
  SNOW DEPTH       0

DEGREE DAYS
 HEATING
  YESTERDAY       40                        36      4       27
  MONTH TO DATE  483                       575    -92      661
  SINCE DEC 1    483                       575    -92      661
  SINCE JUL 1   1646                      1667    -21     1717

 COOLING
  YESTERDAY        0                         0      0        0
  MONTH TO DATE    0                         0      0        0
  SINCE DEC 1      0                         0      0        0
  SINCE JAN 1   1368                      1349     19     1359
..................................................................


WIND (MPH)
  HIGHEST WIND SPEED    12   HIGHEST WIND DIRECTION    SE (130)
  HIGHEST GUST SPEED    14   HIGHEST GUST DIRECTION     E (100)
  AVERAGE WIND SPEED     7.8


SKY COVER
  AVERAGE SKY COVER 1.0


WEATHER CONDITIONS
 THE FOLLOWING WEATHER WAS RECORDED YESTERDAY.
  LIGHT SNOW
  FOG


RELATIVE HUMIDITY (PERCENT)
 HIGHEST    92           500 AM
 LOWEST     69           400 PM
 AVERAGE    81

..........................................................


THE CONCORDIA KS CLIMATE NORMALS FOR TODAY
                         NORMAL    RECORD    YEAR
 MAXIMUM TEMPERATURE (F)   39        67      1979
 MINIMUM TEMPERATURE (F)   20        -9      1983


SUNRISE AND SUNSET
DECEMBER 18 2014......SUNRISE   746 AM CST   SUNSET   509 PM CST
DECEMBER 19 2014......SUNRISE   746 AM CST   SUNSET   509 PM CST


-  INDICATES NEGATIVE NUMBERS.
R  INDICATES RECORD WAS SET OR TIED.
MM INDICATES DATA IS MISSING.
T  INDICATES TRACE AMOUNT.




$$
