000
CDUS43 KTOP 260633
CLICNK


CLIMATE REPORT
NATIONAL WEATHER SERVICE TOPEKA KS
132 AM CDT TUE JUL 26 2016


...................................

...THE CONCORDIA KS CLIMATE SUMMARY FOR JULY 25 2016...

CLIMATE NORMAL PERIOD 1981 TO 2010
CLIMATE RECORD PERIOD 1885 TO 2016


WEATHER ITEM   OBSERVED TIME   RECORD YEAR NORMAL DEPARTURE LAST
                VALUE   (LST)  VALUE       VALUE  FROM      YEAR
                                                  NORMAL
..................................................................
TEMPERATURE (F)
 YESTERDAY
  MAXIMUM         85    510 PM 110    1940  91     -6       79
                                      1936
  MINIMUM         67   1159 PM  51    1911  68     -1       72
  AVERAGE         76                        79     -3       76

PRECIPITATION (IN)
  YESTERDAY        0.58          1.60 1950   0.10   0.48     0.13
  MONTH TO DATE    4.43                      3.26   1.17     3.57
  SINCE JUN 1      5.60                      7.31  -1.71     9.68
  SINCE JAN 1     17.77                     17.30   0.47    17.76

SNOWFALL (IN)
  YESTERDAY        0.0           T    1997   0.0    0.0      0.0
  MONTH TO DATE    0.0                       0.0    0.0      0.0
  SINCE JAN 1     12.3                      13.7   -1.4      5.6
  SINCE JUL 1      0.0                       0.0    0.0      0.0
  SNOW DEPTH       0

DEGREE DAYS
 HEATING
  YESTERDAY        0                         0      0        0
  MONTH TO DATE    1                         0      1        0
  SINCE JUN 1      1                        13    -12        2
  SINCE JUL 1      1                         0      1        0

 COOLING
  YESTERDAY       11                        14     -3       11
  MONTH TO DATE  378                       346     32      312
  SINCE JUN 1    799                       611    188      621
  SINCE JAN 1    859                       700    159      676
..................................................................


WIND (MPH)
  HIGHEST WIND SPEED    20   HIGHEST WIND DIRECTION     E (90)
  HIGHEST GUST SPEED    27   HIGHEST GUST DIRECTION     E (80)
  AVERAGE WIND SPEED     5.1


SKY COVER
  AVERAGE SKY COVER 0.3


WEATHER CONDITIONS
 THE FOLLOWING WEATHER WAS RECORDED YESTERDAY.
  THUNDERSTORM
  HEAVY RAIN
  RAIN
  LIGHT RAIN
  FOG


RELATIVE HUMIDITY (PERCENT)
 HIGHEST   100           700 AM
 LOWEST     44           500 PM
 AVERAGE    72

..........................................................


THE CONCORDIA KS CLIMATE NORMALS FOR TODAY
                         NORMAL    RECORD    YEAR
 MAXIMUM TEMPERATURE (F)   91       108      2002
 MINIMUM TEMPERATURE (F)   68        51      2004


SUNRISE AND SUNSET
JULY 26 2016..........SUNRISE   625 AM CDT   SUNSET   849 PM CDT
JULY 27 2016..........SUNRISE   626 AM CDT   SUNSET   848 PM CDT


-  INDICATES NEGATIVE NUMBERS.
R  INDICATES RECORD WAS SET OR TIED.
MM INDICATES DATA IS MISSING.
T  INDICATES TRACE AMOUNT.




$$
